{"id":2628,"date":"2021-10-05T15:21:27","date_gmt":"2021-10-05T13:21:27","guid":{"rendered":"https:\/\/fr.twiza.org\/portail\/?page_id=2628"},"modified":"2022-05-18T15:57:56","modified_gmt":"2022-05-18T13:57:56","slug":"equipements-de-protection-individuelle","status":"publish","type":"page","link":"https:\/\/fr.twiza.org\/portail\/equipements-de-protection-individuelle\/","title":{"rendered":"Equipements de protection individuelle"},"content":{"rendered":"\n<figure class=\"wp-block-image size-large\"><img fetchpriority=\"high\" decoding=\"async\" width=\"1776\" height=\"999\" src=\"https:\/\/fr.twiza.org\/portail\/wp-content\/uploads\/2021\/08\/Photo-pour-e\u0301quip.protect.individuelle-1-edited.jpeg\" alt=\"\" class=\"wp-image-2648\" srcset=\"https:\/\/fr.twiza.org\/portail\/wp-content\/uploads\/2021\/08\/Photo-pour-e\u0301quip.protect.individuelle-1-edited.jpeg 1776w, https:\/\/fr.twiza.org\/portail\/wp-content\/uploads\/2021\/08\/Photo-pour-e\u0301quip.protect.individuelle-1-edited-600x338.jpeg 600w, https:\/\/fr.twiza.org\/portail\/wp-content\/uploads\/2021\/08\/Photo-pour-e\u0301quip.protect.individuelle-1-edited-300x169.jpeg 300w, https:\/\/fr.twiza.org\/portail\/wp-content\/uploads\/2021\/08\/Photo-pour-e\u0301quip.protect.individuelle-1-edited-1024x576.jpeg 1024w, https:\/\/fr.twiza.org\/portail\/wp-content\/uploads\/2021\/08\/Photo-pour-e\u0301quip.protect.individuelle-1-edited-768x432.jpeg 768w, https:\/\/fr.twiza.org\/portail\/wp-content\/uploads\/2021\/08\/Photo-pour-e\u0301quip.protect.individuelle-1-edited-1536x864.jpeg 1536w\" sizes=\"(max-width: 1776px) 100vw, 1776px\" \/><\/figure>\n\n\n\n<h2 class=\"wp-block-heading\">Equipements de protection individuelle : d\u00e9finition<\/h2>\n\n\n\n<p>Les <strong>EPI, \u00e9quipements de protection individuelle<\/strong>, sont l\u00e0 pour assurer ta protection physique sur un chantier. Il est \u00e9vident que si un professionnel s\u2019\u00e9quipe pour \u00eatre en s\u00e9curit\u00e9 sur un chantier, alors dans ton cas, si tu as moins d\u2019exp\u00e9rience, tu dois d&rsquo;autant plus le faire !<\/p>\n\n\n\n<p>Selon le type d\u2019activit\u00e9, les professionnels ne s\u2019\u00e9quipent pas exactement de la m\u00eame mani\u00e8re. N\u2019h\u00e9site pas \u00e0 te renseigner aupr\u00e8s d\u2019eux, de mani\u00e8re \u00e0 acheter les protections les plus adapt\u00e9es \u00e0 tes types de travaux et \u00e0 en ajouter certains si tu en ressens le besoin.<\/p>\n\n\n\n<p>Voici une liste d\u2019\u00e9quipements de protection individuelle de base, indispensable dans la majorit\u00e9 des cas :<\/p>\n\n\n\n<ul class=\"wp-block-list\"><li>Une <strong>combinaison<\/strong> (cotte) <strong>de<\/strong> <strong>travail<\/strong> \u00e9paisse pour te prot\u00e9ger des coupures, br\u00fblures, griffures etc.<\/li><li>Des <strong>chaussures de s\u00e9curit\u00e9<\/strong> pour te prot\u00e9ger en cas de chutes d\u2019objets ou autre mat\u00e9riaux&nbsp;<\/li><li>Un <strong>casque<\/strong> pour \u00eatre prot\u00e9g\u00e9 en cas de chute ou si quelque chose te tombe dessus<\/li><li>Des <strong>lunettes<\/strong> et un <strong>masque de protection<\/strong>, notamment pour la poussi\u00e8re de bois et celle des mat\u00e9riaux d\u2019isolation<\/li><li>Des <strong>gants<\/strong> fins mais r\u00e9sistants pour te prot\u00e9ger des coupures, br\u00fblures, griffures etc.<\/li><li>Des <strong>protections auditives<\/strong> afin d\u2019\u00e9viter que les outils bruyants ne d\u00e9t\u00e9riorent ton ou\u00efe<\/li><\/ul>\n\n\n\n<h2 class=\"wp-block-heading\" id=\"h-les-bonnes-questions-a-se-poser\">Les bonnes questions \u00e0 se poser<\/h2>\n\n\n\n<ul class=\"wp-block-list\"><li>As-tu l\u2019<strong>\u00e9quipement n\u00e9cessaire<\/strong> pour r\u00e9aliser toutes les \u00e9tapes de ton chantier sans risques ? Si \u00e7a n\u2019est pas le cas, n\u2019h\u00e9site pas \u00e0 solliciter l\u2019aide de professionnels pour les parties de tes travaux (lots) les plus dangereuses.<\/li><\/ul>\n\n\n\n<h2 class=\"wp-block-heading\" id=\"h-les-points-de-vigilance\">Les points de vigilance<\/h2>\n\n\n\n<ul class=\"wp-block-list\"><li>Limite les risques en achetant des outils de <strong>bonne qualit\u00e9<\/strong><\/li><\/ul>\n\n\n\n<p><\/p>\n\n\n\n<ul class=\"wp-block-list\"><li>Munis-toi d\u2019un <strong>harnais<\/strong> et d\u2019un <strong>\u00e9chafaudage<\/strong> pour les travaux en hauteur<\/li><\/ul>\n\n\n\n<p><\/p>\n\n\n\n<ul class=\"wp-block-list\"><li>Aie toujours \u00e0 port\u00e9e de main une <strong>trousse de premier secours<\/strong> et un <strong>t\u00e9l\u00e9phone<\/strong><\/li><\/ul>\n\n\n\n<p><\/p>\n\n\n\n<div style=\"height:50px\" aria-hidden=\"true\" class=\"wp-block-spacer\"><\/div>\n","protected":false},"excerpt":{"rendered":"<p>Equipements de protection individuelle : d\u00e9finition Les EPI, \u00e9quipements de protection individuelle, sont l\u00e0 pour assurer ta protection physique sur un chantier. Il est \u00e9vident que si un professionnel s\u2019\u00e9quipe pour \u00eatre en s\u00e9curit\u00e9 sur un chantier, alors dans ton cas, si tu as moins d\u2019exp\u00e9rience, tu dois d&rsquo;autant plus [&hellip;]<\/p>\n","protected":false},"author":3,"featured_media":0,"parent":0,"menu_order":0,"comment_status":"closed","ping_status":"closed","template":"","meta":{"_eb_attr":"","_themeisle_gutenberg_block_has_review":false,"footnotes":""},"class_list":["post-2628","page","type-page","status-publish","hentry"],"yoast_head":"<!-- This site is optimized with the Yoast SEO Premium plugin v27.2 (Yoast SEO v27.4) - https:\/\/yoast.com\/product\/yoast-seo-premium-wordpress\/ -->\n<title>Equipements de protection individuelle<\/title>\n<meta name=\"description\" content=\"S\u00e9curit\u00e9 sur mon chantier, quels sont les \u00e9quipements de protection individuelle indispensables : chaussures de s\u00e9curit\u00e9, casque, lunettes...\" \/>\n<meta name=\"robots\" content=\"index, follow, max-snippet:-1, max-image-preview:large, max-video-preview:-1\" \/>\n<link rel=\"canonical\" href=\"https:\/\/fr.twiza.org\/portail\/equipements-de-protection-individuelle\/\" \/>\n<meta property=\"og:locale\" content=\"fr_FR\" \/>\n<meta property=\"og:type\" content=\"article\" \/>\n<meta property=\"og:title\" content=\"Equipements de protection individuelle\" \/>\n<meta property=\"og:description\" content=\"S\u00e9curit\u00e9 sur mon chantier, quels sont les \u00e9quipements de protection individuelle indispensables : chaussures de s\u00e9curit\u00e9, casque, lunettes...\" \/>\n<meta property=\"og:url\" content=\"https:\/\/fr.twiza.org\/portail\/equipements-de-protection-individuelle\/\" \/>\n<meta property=\"og:site_name\" content=\"R\u00e9seau Twiza\" \/>\n<meta property=\"article:publisher\" content=\"https:\/\/fr-fr.facebook.com\/Twiza.fr\/\" \/>\n<meta property=\"article:modified_time\" content=\"2022-05-18T13:57:56+00:00\" \/>\n<meta name=\"twitter:card\" content=\"summary_large_image\" \/>\n<script type=\"application\/ld+json\" class=\"yoast-schema-graph\">{\"@context\":\"https:\\\/\\\/schema.org\",\"@graph\":[{\"@type\":\"WebPage\",\"@id\":\"https:\\\/\\\/fr.twiza.org\\\/portail\\\/equipements-de-protection-individuelle\\\/\",\"url\":\"https:\\\/\\\/fr.twiza.org\\\/portail\\\/equipements-de-protection-individuelle\\\/\",\"name\":\"Equipements de protection individuelle\",\"isPartOf\":{\"@id\":\"https:\\\/\\\/fr.twiza.org\\\/portail\\\/#website\"},\"datePublished\":\"2021-10-05T13:21:27+00:00\",\"dateModified\":\"2022-05-18T13:57:56+00:00\",\"description\":\"S\u00e9curit\u00e9 sur mon chantier, quels sont les \u00e9quipements de protection individuelle indispensables : chaussures de s\u00e9curit\u00e9, casque, lunettes...\",\"breadcrumb\":{\"@id\":\"https:\\\/\\\/fr.twiza.org\\\/portail\\\/equipements-de-protection-individuelle\\\/#breadcrumb\"},\"inLanguage\":\"fr-FR\",\"potentialAction\":[{\"@type\":\"ReadAction\",\"target\":[\"https:\\\/\\\/fr.twiza.org\\\/portail\\\/equipements-de-protection-individuelle\\\/\"]}]},{\"@type\":\"BreadcrumbList\",\"@id\":\"https:\\\/\\\/fr.twiza.org\\\/portail\\\/equipements-de-protection-individuelle\\\/#breadcrumb\",\"itemListElement\":[{\"@type\":\"ListItem\",\"position\":1,\"name\":\"Accueil\",\"item\":\"https:\\\/\\\/fr.twiza.org\\\/portail\\\/\"},{\"@type\":\"ListItem\",\"position\":2,\"name\":\"Equipements de protection individuelle\"}]},{\"@type\":\"WebSite\",\"@id\":\"https:\\\/\\\/fr.twiza.org\\\/portail\\\/#website\",\"url\":\"https:\\\/\\\/fr.twiza.org\\\/portail\\\/\",\"name\":\"R\u00e9seau Twiza\",\"description\":\"Entraide pour un habitat \u00e9cologique, convivial et r\u00e9silient\",\"publisher\":{\"@id\":\"https:\\\/\\\/fr.twiza.org\\\/portail\\\/#organization\"},\"potentialAction\":[{\"@type\":\"SearchAction\",\"target\":{\"@type\":\"EntryPoint\",\"urlTemplate\":\"https:\\\/\\\/fr.twiza.org\\\/portail\\\/?s={search_term_string}\"},\"query-input\":{\"@type\":\"PropertyValueSpecification\",\"valueRequired\":true,\"valueName\":\"search_term_string\"}}],\"inLanguage\":\"fr-FR\"},{\"@type\":\"Organization\",\"@id\":\"https:\\\/\\\/fr.twiza.org\\\/portail\\\/#organization\",\"name\":\"R\u00e9seau Twiza\",\"url\":\"https:\\\/\\\/fr.twiza.org\\\/portail\\\/\",\"logo\":{\"@type\":\"ImageObject\",\"inLanguage\":\"fr-FR\",\"@id\":\"https:\\\/\\\/fr.twiza.org\\\/portail\\\/#\\\/schema\\\/logo\\\/image\\\/\",\"url\":\"https:\\\/\\\/fr.twiza.org\\\/portail\\\/wp-content\\\/uploads\\\/2021\\\/05\\\/cropped-logo-reseau-twiza.jpg\",\"contentUrl\":\"https:\\\/\\\/fr.twiza.org\\\/portail\\\/wp-content\\\/uploads\\\/2021\\\/05\\\/cropped-logo-reseau-twiza.jpg\",\"width\":400,\"height\":102,\"caption\":\"R\u00e9seau Twiza\"},\"image\":{\"@id\":\"https:\\\/\\\/fr.twiza.org\\\/portail\\\/#\\\/schema\\\/logo\\\/image\\\/\"},\"sameAs\":[\"https:\\\/\\\/fr-fr.facebook.com\\\/Twiza.fr\\\/\",\"https:\\\/\\\/www.instagram.com\\\/twiza_fr\\\/\",\"https:\\\/\\\/www.linkedin.com\\\/company\\\/reseautwiza\\\/\"]}]}<\/script>\n<!-- \/ Yoast SEO Premium plugin. -->","yoast_head_json":{"title":"Equipements de protection individuelle","description":"S\u00e9curit\u00e9 sur mon chantier, quels sont les \u00e9quipements de protection individuelle indispensables : chaussures de s\u00e9curit\u00e9, casque, lunettes...","robots":{"index":"index","follow":"follow","max-snippet":"max-snippet:-1","max-image-preview":"max-image-preview:large","max-video-preview":"max-video-preview:-1"},"canonical":"https:\/\/fr.twiza.org\/portail\/equipements-de-protection-individuelle\/","og_locale":"fr_FR","og_type":"article","og_title":"Equipements de protection individuelle","og_description":"S\u00e9curit\u00e9 sur mon chantier, quels sont les \u00e9quipements de protection individuelle indispensables : chaussures de s\u00e9curit\u00e9, casque, lunettes...","og_url":"https:\/\/fr.twiza.org\/portail\/equipements-de-protection-individuelle\/","og_site_name":"R\u00e9seau Twiza","article_publisher":"https:\/\/fr-fr.facebook.com\/Twiza.fr\/","article_modified_time":"2022-05-18T13:57:56+00:00","twitter_card":"summary_large_image","schema":{"@context":"https:\/\/schema.org","@graph":[{"@type":"WebPage","@id":"https:\/\/fr.twiza.org\/portail\/equipements-de-protection-individuelle\/","url":"https:\/\/fr.twiza.org\/portail\/equipements-de-protection-individuelle\/","name":"Equipements de protection individuelle","isPartOf":{"@id":"https:\/\/fr.twiza.org\/portail\/#website"},"datePublished":"2021-10-05T13:21:27+00:00","dateModified":"2022-05-18T13:57:56+00:00","description":"S\u00e9curit\u00e9 sur mon chantier, quels sont les \u00e9quipements de protection individuelle indispensables : chaussures de s\u00e9curit\u00e9, casque, lunettes...","breadcrumb":{"@id":"https:\/\/fr.twiza.org\/portail\/equipements-de-protection-individuelle\/#breadcrumb"},"inLanguage":"fr-FR","potentialAction":[{"@type":"ReadAction","target":["https:\/\/fr.twiza.org\/portail\/equipements-de-protection-individuelle\/"]}]},{"@type":"BreadcrumbList","@id":"https:\/\/fr.twiza.org\/portail\/equipements-de-protection-individuelle\/#breadcrumb","itemListElement":[{"@type":"ListItem","position":1,"name":"Accueil","item":"https:\/\/fr.twiza.org\/portail\/"},{"@type":"ListItem","position":2,"name":"Equipements de protection individuelle"}]},{"@type":"WebSite","@id":"https:\/\/fr.twiza.org\/portail\/#website","url":"https:\/\/fr.twiza.org\/portail\/","name":"R\u00e9seau Twiza","description":"Entraide pour un habitat \u00e9cologique, convivial et r\u00e9silient","publisher":{"@id":"https:\/\/fr.twiza.org\/portail\/#organization"},"potentialAction":[{"@type":"SearchAction","target":{"@type":"EntryPoint","urlTemplate":"https:\/\/fr.twiza.org\/portail\/?s={search_term_string}"},"query-input":{"@type":"PropertyValueSpecification","valueRequired":true,"valueName":"search_term_string"}}],"inLanguage":"fr-FR"},{"@type":"Organization","@id":"https:\/\/fr.twiza.org\/portail\/#organization","name":"R\u00e9seau Twiza","url":"https:\/\/fr.twiza.org\/portail\/","logo":{"@type":"ImageObject","inLanguage":"fr-FR","@id":"https:\/\/fr.twiza.org\/portail\/#\/schema\/logo\/image\/","url":"https:\/\/fr.twiza.org\/portail\/wp-content\/uploads\/2021\/05\/cropped-logo-reseau-twiza.jpg","contentUrl":"https:\/\/fr.twiza.org\/portail\/wp-content\/uploads\/2021\/05\/cropped-logo-reseau-twiza.jpg","width":400,"height":102,"caption":"R\u00e9seau Twiza"},"image":{"@id":"https:\/\/fr.twiza.org\/portail\/#\/schema\/logo\/image\/"},"sameAs":["https:\/\/fr-fr.facebook.com\/Twiza.fr\/","https:\/\/www.instagram.com\/twiza_fr\/","https:\/\/www.linkedin.com\/company\/reseautwiza\/"]}]}},"jetpack_sharing_enabled":true,"_links":{"self":[{"href":"https:\/\/fr.twiza.org\/portail\/wp-json\/wp\/v2\/pages\/2628","targetHints":{"allow":["GET"]}}],"collection":[{"href":"https:\/\/fr.twiza.org\/portail\/wp-json\/wp\/v2\/pages"}],"about":[{"href":"https:\/\/fr.twiza.org\/portail\/wp-json\/wp\/v2\/types\/page"}],"author":[{"embeddable":true,"href":"https:\/\/fr.twiza.org\/portail\/wp-json\/wp\/v2\/users\/3"}],"replies":[{"embeddable":true,"href":"https:\/\/fr.twiza.org\/portail\/wp-json\/wp\/v2\/comments?post=2628"}],"version-history":[{"count":13,"href":"https:\/\/fr.twiza.org\/portail\/wp-json\/wp\/v2\/pages\/2628\/revisions"}],"predecessor-version":[{"id":5085,"href":"https:\/\/fr.twiza.org\/portail\/wp-json\/wp\/v2\/pages\/2628\/revisions\/5085"}],"wp:attachment":[{"href":"https:\/\/fr.twiza.org\/portail\/wp-json\/wp\/v2\/media?parent=2628"}],"curies":[{"name":"wp","href":"https:\/\/api.w.org\/{rel}","templated":true}]}}