{"id":2669,"date":"2021-10-05T14:39:49","date_gmt":"2021-10-05T12:39:49","guid":{"rendered":"https:\/\/fr.twiza.org\/portail\/?page_id=2669"},"modified":"2022-05-18T17:13:50","modified_gmt":"2022-05-18T15:13:50","slug":"fondations","status":"publish","type":"page","link":"https:\/\/fr.twiza.org\/portail\/fondations\/","title":{"rendered":"Fondations"},"content":{"rendered":"\n<figure class=\"wp-block-image size-large\"><img fetchpriority=\"high\" decoding=\"async\" width=\"1200\" height=\"675\" src=\"https:\/\/fr.twiza.org\/portail\/wp-content\/uploads\/2021\/08\/DEF-Fondations-3-O-1200pxjpeg-1-edited.jpeg\" alt=\"\" class=\"wp-image-2686\" srcset=\"https:\/\/fr.twiza.org\/portail\/wp-content\/uploads\/2021\/08\/DEF-Fondations-3-O-1200pxjpeg-1-edited.jpeg 1200w, https:\/\/fr.twiza.org\/portail\/wp-content\/uploads\/2021\/08\/DEF-Fondations-3-O-1200pxjpeg-1-edited-600x338.jpeg 600w, https:\/\/fr.twiza.org\/portail\/wp-content\/uploads\/2021\/08\/DEF-Fondations-3-O-1200pxjpeg-1-edited-300x169.jpeg 300w, https:\/\/fr.twiza.org\/portail\/wp-content\/uploads\/2021\/08\/DEF-Fondations-3-O-1200pxjpeg-1-edited-1024x576.jpeg 1024w, https:\/\/fr.twiza.org\/portail\/wp-content\/uploads\/2021\/08\/DEF-Fondations-3-O-1200pxjpeg-1-edited-768x432.jpeg 768w\" sizes=\"(max-width: 1200px) 100vw, 1200px\" \/><\/figure>\n\n\n\n<h2 class=\"wp-block-heading\">Fondations : d\u00e9finition<\/h2>\n\n\n\n<p>Les <strong>fondations<\/strong> repr\u00e9sentent l&rsquo;\u00e9tape interm\u00e9diaire entre le <a href=\"https:\/\/fr.twiza.org\/portail\/terrassement\/\" target=\"_blank\" rel=\"noreferrer noopener\">terrassement<\/a> et la <a href=\"https:\/\/fr.twiza.org\/portail\/dalle\/\" target=\"_blank\" rel=\"noreferrer noopener\">dalle<\/a>. Elles viennent supporter le <strong>poids <\/strong>de ton b\u00e2timent et l&rsquo;ancrent<strong> <\/strong>dans <strong>le sol<\/strong>.<\/p>\n\n\n\n<p>Ton choix de type de fondations va principalement d\u00e9pendre de la nature<strong> <\/strong>de ton <strong>sol<\/strong> et de la topographie de ton <strong>terrain<\/strong>. Cependant le b\u00e9ton reste majoritairement utilis\u00e9 dans la plupart des techniques reconnues et r\u00e9glement\u00e9es.<\/p>\n\n\n\n<p>En premier lieu il te faudra choisir entre un <strong>terre-plein<\/strong> ou un <strong>vide sanitaire<\/strong>. Ce dernier pr\u00e9voit un vide d&rsquo;environ 60cm entre la surface du sol et le bas de ton b\u00e2timent. Le <strong>vide-sanitaire<\/strong> permet d&rsquo;\u00e9viter les <strong>remont\u00e9es capillaires<\/strong> et de faciliter le passage des <strong>r\u00e9seaux<\/strong>. Quant au <strong>terre-plein<\/strong>, il permet de profiter de la grande <strong>inertie<\/strong> du sol.<\/p>\n\n\n\n<h2 class=\"wp-block-heading\">Quel type de fondation choisir ?<\/h2>\n\n\n\n<h3 class=\"wp-block-heading\" id=\"h-fondations-superficielles\">Fondations superficielles<\/h3>\n\n\n\n<p>Recommand\u00e9es pour les sols <strong>stables<\/strong> et <strong>portants<\/strong>, elles se pr\u00e9sentent sous la forme de :<\/p>\n\n\n\n<ul class=\"wp-block-list\"><li><strong>semelles isol\u00e9es<\/strong> (fondations de type poteaux)<\/li><li>ou <strong>semelles filantes<\/strong> (semelles sous chaque mur porteur)<\/li><\/ul>\n\n\n\n<hr class=\"wp-block-separator\"\/>\n\n\n\n<h3 class=\"wp-block-heading\">Fondations profondes<\/h3>\n\n\n\n<p>Elles sont utilis\u00e9es principalement lorsque le <strong>sol r\u00e9sistant<\/strong> se situe \u00e0 une <strong>grande profondeur<\/strong>.<\/p>\n\n\n\n<p>Elles sont compos\u00e9es d&rsquo;un syst\u00e8me de <strong>pieux<\/strong> (b\u00e9ton arm\u00e9, m\u00e9talliques, bois) enfonc\u00e9 dans le sol.<\/p>\n\n\n\n<p>L&rsquo;un des avantages de cette technique est sa rapidit\u00e9 de <strong>mise en \u0153uvre<\/strong>, par contre elle est assez <strong>co\u00fbteuse<\/strong>. En effet, elle n\u00e9cessite un plus gros volume d&rsquo;outillage et de main d&rsquo;\u0153uvre.<\/p>\n\n\n\n<hr class=\"wp-block-separator\"\/>\n\n\n\n<h3 class=\"wp-block-heading\">Fondations sp\u00e9ciales<\/h3>\n\n\n\n<p>Dans le cas de terrains <strong>peu stables<\/strong>, <strong>compressibles<\/strong> avec une tr\u00e8s faible r\u00e9sistance, il est possible de mettre en place un <strong>radier g\u00e9n\u00e9ral<\/strong> de 40 \u00e0 50 cm d&rsquo;\u00e9paisseur de b\u00e9ton. Pr\u00e9sent sous toute la surface construite, il permet d&rsquo;en r\u00e9partir les charges. Il repr\u00e9sente un <strong>co\u00fbt assez \u00e9lev\u00e9<\/strong> d\u00fb \u00e0 la grande quantit\u00e9 de ferraillage\/cha\u00eenage et b\u00e9ton utilis\u00e9e.<\/p>\n\n\n\n<hr class=\"wp-block-separator\"\/>\n\n\n\n<h3 class=\"wp-block-heading\">Fondations : alternatives \u00e9cologiques au b\u00e9ton<\/h3>\n\n\n\n<ul class=\"wp-block-list\"><li><strong>Les fondations traditionnelles sur pieux de bois<\/strong>, mises en \u0153uvre jusqu&rsquo;au milieu du si\u00e8cle dernier, ont notamment permis d&rsquo;\u00e9difier des maisons, des ponts, ainsi que des cath\u00e9drales !<\/li><\/ul>\n\n\n\n<p><\/p>\n\n\n\n<ul class=\"wp-block-list\"><li><strong>Les fondations cyclop\u00e9ennes<\/strong>, technique de b\u00e9ton romain, qui utilise des mat\u00e9riaux comme la chaux ou la roche. C&rsquo;est une m\u00e9thode peu co\u00fbteuse et appr\u00e9ci\u00e9e des auto-constructeurs.<\/li><\/ul>\n\n\n\n<p><\/p>\n\n\n\n<ul class=\"wp-block-list\"><li><strong>Les fondations avec des pneus remplis de gravier<\/strong> ont \u00e9t\u00e9 exp\u00e9riment\u00e9es par quelques pionniers, mais restent tr\u00e8s peu mises en \u0153uvre en France.<\/li><\/ul>\n\n\n\n<h2 class=\"wp-block-heading\" id=\"h-les-bonnes-questions-a-se-poser\">Les bonnes questions \u00e0 se poser<\/h2>\n\n\n\n<ul class=\"wp-block-list\"><li>Est-ce vraiment n\u00e9cessaire de construire ta maison de <strong>plain-pied<\/strong> ? A savoir qu&rsquo;en ajoutant <strong>un \u00e9tage<\/strong>, les <strong>surfaces<\/strong> de <strong>toiture <\/strong>(<a href=\"https:\/\/fr.twiza.org\/portail\/charpente\/\" target=\"_blank\" rel=\"noreferrer noopener\">charpente<\/a> et <a href=\"https:\/\/fr.twiza.org\/portail\/couverture\/\" target=\"_blank\" rel=\"noreferrer noopener\">couverture<\/a>) et de <strong>fondations<\/strong> sont divis\u00e9es par deux. Mais en <strong>auto-construction<\/strong>, il reste plus simple de construire de plain-pied, notamment en termes de manutention, de techniques de construction et d&rsquo;outillage (pas d&rsquo;engin de levage etc.)<\/li><\/ul>\n\n\n\n<h2 class=\"wp-block-heading\" id=\"h-les-points-de-vigilance\">Les points de vigilance<\/h2>\n\n\n\n<ul class=\"wp-block-list\"><li>Pense \u00e0 faire une <strong>\u00e9tude du sol<\/strong> le plus rapidement possible afin de d\u00e9terminer le type de <strong>fondations<\/strong> \u00e0 construire pour ton projet. Ainsi tu pourras int\u00e9grer au plus vite son co\u00fbt \u00e0 ton <strong>budget<\/strong>, sachant qu&rsquo;il peut \u00eatre tr\u00e8s \u00e9lev\u00e9 lorsque le terrain n&rsquo;est pas propice \u00e0 la construction. <\/li><\/ul>\n\n\n\n<p><\/p>\n\n\n\n<ul class=\"wp-block-list\"><li><strong>Pas de pr\u00e9cipitation<\/strong> pour le choix des <strong>fondations<\/strong>, car toute ta maison reposera dessus&#8230;!<\/li><\/ul>\n\n\n\n<p><\/p>\n\n\n\n<p><\/p>\n\n\n\n<div style=\"height:50px\" aria-hidden=\"true\" class=\"wp-block-spacer\"><\/div>\n\n\n\n<p> <\/p>\n\n\n\n<p> <\/p>\n","protected":false},"excerpt":{"rendered":"<p>Fondations : d\u00e9finition Les fondations repr\u00e9sentent l&rsquo;\u00e9tape interm\u00e9diaire entre le terrassement et la dalle. Elles viennent supporter le poids de ton b\u00e2timent et l&rsquo;ancrent dans le sol. Ton choix de type de fondations va principalement d\u00e9pendre de la nature de ton sol et de la topographie de ton terrain. Cependant [&hellip;]<\/p>\n","protected":false},"author":3,"featured_media":0,"parent":0,"menu_order":0,"comment_status":"closed","ping_status":"closed","template":"","meta":{"_eb_attr":"","_themeisle_gutenberg_block_has_review":false,"footnotes":""},"class_list":["post-2669","page","type-page","status-publish","hentry"],"yoast_head":"<!-- This site is optimized with the Yoast SEO Premium plugin v27.2 (Yoast SEO v27.3) - https:\/\/yoast.com\/product\/yoast-seo-premium-wordpress\/ -->\n<title>Fondations<\/title>\n<meta name=\"description\" content=\"Quelle type de fondations choisir pour ma maison ? Superficielles, profondes..Existe t-il des alternatives \u00e9cologiques? Pieux de bois, chaux.\" \/>\n<meta name=\"robots\" content=\"index, follow, max-snippet:-1, max-image-preview:large, max-video-preview:-1\" \/>\n<link rel=\"canonical\" href=\"https:\/\/fr.twiza.org\/portail\/fondations\/\" \/>\n<meta property=\"og:locale\" content=\"fr_FR\" \/>\n<meta property=\"og:type\" content=\"article\" \/>\n<meta property=\"og:title\" content=\"Fondations\" \/>\n<meta property=\"og:description\" content=\"Quelle type de fondations choisir pour ma maison ? Superficielles, profondes..Existe t-il des alternatives \u00e9cologiques? Pieux de bois, chaux.\" \/>\n<meta property=\"og:url\" content=\"https:\/\/fr.twiza.org\/portail\/fondations\/\" \/>\n<meta property=\"og:site_name\" content=\"R\u00e9seau Twiza\" \/>\n<meta property=\"article:publisher\" content=\"https:\/\/fr-fr.facebook.com\/Twiza.fr\/\" \/>\n<meta property=\"article:modified_time\" content=\"2022-05-18T15:13:50+00:00\" \/>\n<meta property=\"og:image\" content=\"https:\/\/fr.twiza.org\/portail\/wp-content\/uploads\/2021\/08\/DEF-Fondations-3-O-1200pxjpeg-1-edited.jpeg\" \/>\n<meta name=\"twitter:card\" content=\"summary_large_image\" \/>\n<script type=\"application\/ld+json\" class=\"yoast-schema-graph\">{\"@context\":\"https:\\\/\\\/schema.org\",\"@graph\":[{\"@type\":\"WebPage\",\"@id\":\"https:\\\/\\\/fr.twiza.org\\\/portail\\\/fondations\\\/\",\"url\":\"https:\\\/\\\/fr.twiza.org\\\/portail\\\/fondations\\\/\",\"name\":\"Fondations\",\"isPartOf\":{\"@id\":\"https:\\\/\\\/fr.twiza.org\\\/portail\\\/#website\"},\"primaryImageOfPage\":{\"@id\":\"https:\\\/\\\/fr.twiza.org\\\/portail\\\/fondations\\\/#primaryimage\"},\"image\":{\"@id\":\"https:\\\/\\\/fr.twiza.org\\\/portail\\\/fondations\\\/#primaryimage\"},\"thumbnailUrl\":\"https:\\\/\\\/fr.twiza.org\\\/portail\\\/wp-content\\\/uploads\\\/2021\\\/08\\\/DEF-Fondations-3-O-1200pxjpeg-1-edited.jpeg\",\"datePublished\":\"2021-10-05T12:39:49+00:00\",\"dateModified\":\"2022-05-18T15:13:50+00:00\",\"description\":\"Quelle type de fondations choisir pour ma maison ? Superficielles, profondes..Existe t-il des alternatives \u00e9cologiques? Pieux de bois, chaux.\",\"breadcrumb\":{\"@id\":\"https:\\\/\\\/fr.twiza.org\\\/portail\\\/fondations\\\/#breadcrumb\"},\"inLanguage\":\"fr-FR\",\"potentialAction\":[{\"@type\":\"ReadAction\",\"target\":[\"https:\\\/\\\/fr.twiza.org\\\/portail\\\/fondations\\\/\"]}]},{\"@type\":\"ImageObject\",\"inLanguage\":\"fr-FR\",\"@id\":\"https:\\\/\\\/fr.twiza.org\\\/portail\\\/fondations\\\/#primaryimage\",\"url\":\"https:\\\/\\\/fr.twiza.org\\\/portail\\\/wp-content\\\/uploads\\\/2021\\\/08\\\/DEF-Fondations-3-O-1200pxjpeg-1-edited.jpeg\",\"contentUrl\":\"https:\\\/\\\/fr.twiza.org\\\/portail\\\/wp-content\\\/uploads\\\/2021\\\/08\\\/DEF-Fondations-3-O-1200pxjpeg-1-edited.jpeg\",\"width\":1200,\"height\":675},{\"@type\":\"BreadcrumbList\",\"@id\":\"https:\\\/\\\/fr.twiza.org\\\/portail\\\/fondations\\\/#breadcrumb\",\"itemListElement\":[{\"@type\":\"ListItem\",\"position\":1,\"name\":\"Accueil\",\"item\":\"https:\\\/\\\/fr.twiza.org\\\/portail\\\/\"},{\"@type\":\"ListItem\",\"position\":2,\"name\":\"Fondations\"}]},{\"@type\":\"WebSite\",\"@id\":\"https:\\\/\\\/fr.twiza.org\\\/portail\\\/#website\",\"url\":\"https:\\\/\\\/fr.twiza.org\\\/portail\\\/\",\"name\":\"R\u00e9seau Twiza\",\"description\":\"Entraide pour un habitat \u00e9cologique, convivial et r\u00e9silient\",\"publisher\":{\"@id\":\"https:\\\/\\\/fr.twiza.org\\\/portail\\\/#organization\"},\"potentialAction\":[{\"@type\":\"SearchAction\",\"target\":{\"@type\":\"EntryPoint\",\"urlTemplate\":\"https:\\\/\\\/fr.twiza.org\\\/portail\\\/?s={search_term_string}\"},\"query-input\":{\"@type\":\"PropertyValueSpecification\",\"valueRequired\":true,\"valueName\":\"search_term_string\"}}],\"inLanguage\":\"fr-FR\"},{\"@type\":\"Organization\",\"@id\":\"https:\\\/\\\/fr.twiza.org\\\/portail\\\/#organization\",\"name\":\"R\u00e9seau Twiza\",\"url\":\"https:\\\/\\\/fr.twiza.org\\\/portail\\\/\",\"logo\":{\"@type\":\"ImageObject\",\"inLanguage\":\"fr-FR\",\"@id\":\"https:\\\/\\\/fr.twiza.org\\\/portail\\\/#\\\/schema\\\/logo\\\/image\\\/\",\"url\":\"https:\\\/\\\/fr.twiza.org\\\/portail\\\/wp-content\\\/uploads\\\/2021\\\/05\\\/cropped-logo-reseau-twiza.jpg\",\"contentUrl\":\"https:\\\/\\\/fr.twiza.org\\\/portail\\\/wp-content\\\/uploads\\\/2021\\\/05\\\/cropped-logo-reseau-twiza.jpg\",\"width\":400,\"height\":102,\"caption\":\"R\u00e9seau Twiza\"},\"image\":{\"@id\":\"https:\\\/\\\/fr.twiza.org\\\/portail\\\/#\\\/schema\\\/logo\\\/image\\\/\"},\"sameAs\":[\"https:\\\/\\\/fr-fr.facebook.com\\\/Twiza.fr\\\/\",\"https:\\\/\\\/www.instagram.com\\\/twiza_fr\\\/\",\"https:\\\/\\\/www.linkedin.com\\\/company\\\/reseautwiza\\\/\"]}]}<\/script>\n<!-- \/ Yoast SEO Premium plugin. -->","yoast_head_json":{"title":"Fondations","description":"Quelle type de fondations choisir pour ma maison ? Superficielles, profondes..Existe t-il des alternatives \u00e9cologiques? Pieux de bois, chaux.","robots":{"index":"index","follow":"follow","max-snippet":"max-snippet:-1","max-image-preview":"max-image-preview:large","max-video-preview":"max-video-preview:-1"},"canonical":"https:\/\/fr.twiza.org\/portail\/fondations\/","og_locale":"fr_FR","og_type":"article","og_title":"Fondations","og_description":"Quelle type de fondations choisir pour ma maison ? Superficielles, profondes..Existe t-il des alternatives \u00e9cologiques? Pieux de bois, chaux.","og_url":"https:\/\/fr.twiza.org\/portail\/fondations\/","og_site_name":"R\u00e9seau Twiza","article_publisher":"https:\/\/fr-fr.facebook.com\/Twiza.fr\/","article_modified_time":"2022-05-18T15:13:50+00:00","og_image":[{"url":"https:\/\/fr.twiza.org\/portail\/wp-content\/uploads\/2021\/08\/DEF-Fondations-3-O-1200pxjpeg-1-edited.jpeg","type":"","width":"","height":""}],"twitter_card":"summary_large_image","schema":{"@context":"https:\/\/schema.org","@graph":[{"@type":"WebPage","@id":"https:\/\/fr.twiza.org\/portail\/fondations\/","url":"https:\/\/fr.twiza.org\/portail\/fondations\/","name":"Fondations","isPartOf":{"@id":"https:\/\/fr.twiza.org\/portail\/#website"},"primaryImageOfPage":{"@id":"https:\/\/fr.twiza.org\/portail\/fondations\/#primaryimage"},"image":{"@id":"https:\/\/fr.twiza.org\/portail\/fondations\/#primaryimage"},"thumbnailUrl":"https:\/\/fr.twiza.org\/portail\/wp-content\/uploads\/2021\/08\/DEF-Fondations-3-O-1200pxjpeg-1-edited.jpeg","datePublished":"2021-10-05T12:39:49+00:00","dateModified":"2022-05-18T15:13:50+00:00","description":"Quelle type de fondations choisir pour ma maison ? Superficielles, profondes..Existe t-il des alternatives \u00e9cologiques? Pieux de bois, chaux.","breadcrumb":{"@id":"https:\/\/fr.twiza.org\/portail\/fondations\/#breadcrumb"},"inLanguage":"fr-FR","potentialAction":[{"@type":"ReadAction","target":["https:\/\/fr.twiza.org\/portail\/fondations\/"]}]},{"@type":"ImageObject","inLanguage":"fr-FR","@id":"https:\/\/fr.twiza.org\/portail\/fondations\/#primaryimage","url":"https:\/\/fr.twiza.org\/portail\/wp-content\/uploads\/2021\/08\/DEF-Fondations-3-O-1200pxjpeg-1-edited.jpeg","contentUrl":"https:\/\/fr.twiza.org\/portail\/wp-content\/uploads\/2021\/08\/DEF-Fondations-3-O-1200pxjpeg-1-edited.jpeg","width":1200,"height":675},{"@type":"BreadcrumbList","@id":"https:\/\/fr.twiza.org\/portail\/fondations\/#breadcrumb","itemListElement":[{"@type":"ListItem","position":1,"name":"Accueil","item":"https:\/\/fr.twiza.org\/portail\/"},{"@type":"ListItem","position":2,"name":"Fondations"}]},{"@type":"WebSite","@id":"https:\/\/fr.twiza.org\/portail\/#website","url":"https:\/\/fr.twiza.org\/portail\/","name":"R\u00e9seau Twiza","description":"Entraide pour un habitat \u00e9cologique, convivial et r\u00e9silient","publisher":{"@id":"https:\/\/fr.twiza.org\/portail\/#organization"},"potentialAction":[{"@type":"SearchAction","target":{"@type":"EntryPoint","urlTemplate":"https:\/\/fr.twiza.org\/portail\/?s={search_term_string}"},"query-input":{"@type":"PropertyValueSpecification","valueRequired":true,"valueName":"search_term_string"}}],"inLanguage":"fr-FR"},{"@type":"Organization","@id":"https:\/\/fr.twiza.org\/portail\/#organization","name":"R\u00e9seau Twiza","url":"https:\/\/fr.twiza.org\/portail\/","logo":{"@type":"ImageObject","inLanguage":"fr-FR","@id":"https:\/\/fr.twiza.org\/portail\/#\/schema\/logo\/image\/","url":"https:\/\/fr.twiza.org\/portail\/wp-content\/uploads\/2021\/05\/cropped-logo-reseau-twiza.jpg","contentUrl":"https:\/\/fr.twiza.org\/portail\/wp-content\/uploads\/2021\/05\/cropped-logo-reseau-twiza.jpg","width":400,"height":102,"caption":"R\u00e9seau Twiza"},"image":{"@id":"https:\/\/fr.twiza.org\/portail\/#\/schema\/logo\/image\/"},"sameAs":["https:\/\/fr-fr.facebook.com\/Twiza.fr\/","https:\/\/www.instagram.com\/twiza_fr\/","https:\/\/www.linkedin.com\/company\/reseautwiza\/"]}]}},"jetpack_sharing_enabled":true,"_links":{"self":[{"href":"https:\/\/fr.twiza.org\/portail\/wp-json\/wp\/v2\/pages\/2669","targetHints":{"allow":["GET"]}}],"collection":[{"href":"https:\/\/fr.twiza.org\/portail\/wp-json\/wp\/v2\/pages"}],"about":[{"href":"https:\/\/fr.twiza.org\/portail\/wp-json\/wp\/v2\/types\/page"}],"author":[{"embeddable":true,"href":"https:\/\/fr.twiza.org\/portail\/wp-json\/wp\/v2\/users\/3"}],"replies":[{"embeddable":true,"href":"https:\/\/fr.twiza.org\/portail\/wp-json\/wp\/v2\/comments?post=2669"}],"version-history":[{"count":25,"href":"https:\/\/fr.twiza.org\/portail\/wp-json\/wp\/v2\/pages\/2669\/revisions"}],"predecessor-version":[{"id":5116,"href":"https:\/\/fr.twiza.org\/portail\/wp-json\/wp\/v2\/pages\/2669\/revisions\/5116"}],"wp:attachment":[{"href":"https:\/\/fr.twiza.org\/portail\/wp-json\/wp\/v2\/media?parent=2669"}],"curies":[{"name":"wp","href":"https:\/\/api.w.org\/{rel}","templated":true}]}}