{"id":2693,"date":"2021-10-05T14:33:54","date_gmt":"2021-10-05T12:33:54","guid":{"rendered":"https:\/\/fr.twiza.org\/portail\/?page_id=2693"},"modified":"2022-05-20T17:40:29","modified_gmt":"2022-05-20T15:40:29","slug":"chape","status":"publish","type":"page","link":"https:\/\/fr.twiza.org\/portail\/chape\/","title":{"rendered":"Chape"},"content":{"rendered":"\n<figure class=\"wp-block-image size-large\"><img fetchpriority=\"high\" decoding=\"async\" width=\"1803\" height=\"1014\" src=\"https:\/\/fr.twiza.org\/portail\/wp-content\/uploads\/2021\/08\/DEF-chape-1-O-edited.jpeg\" alt=\"\" class=\"wp-image-2695\" srcset=\"https:\/\/fr.twiza.org\/portail\/wp-content\/uploads\/2021\/08\/DEF-chape-1-O-edited.jpeg 1803w, https:\/\/fr.twiza.org\/portail\/wp-content\/uploads\/2021\/08\/DEF-chape-1-O-edited-600x337.jpeg 600w, https:\/\/fr.twiza.org\/portail\/wp-content\/uploads\/2021\/08\/DEF-chape-1-O-edited-300x169.jpeg 300w, https:\/\/fr.twiza.org\/portail\/wp-content\/uploads\/2021\/08\/DEF-chape-1-O-edited-1024x576.jpeg 1024w, https:\/\/fr.twiza.org\/portail\/wp-content\/uploads\/2021\/08\/DEF-chape-1-O-edited-768x432.jpeg 768w, https:\/\/fr.twiza.org\/portail\/wp-content\/uploads\/2021\/08\/DEF-chape-1-O-edited-1536x864.jpeg 1536w\" sizes=\"(max-width: 1803px) 100vw, 1803px\" \/><\/figure>\n\n\n\n<h2 class=\"wp-block-heading\">Chape : d\u00e9finition<\/h2>\n\n\n\n<p>La <strong>chape<\/strong> est situ\u00e9e au dessus de ta <a href=\"https:\/\/fr.twiza.org\/portail\/dalle\/\" target=\"_blank\" rel=\"noreferrer noopener\">dalle<\/a> et de l&rsquo;<strong>isolan<\/strong>t (s&rsquo;il n&rsquo;est pas p\u00e9riph\u00e9rique)<strong>.<\/strong> Elle sert \u00e0 mettre \u00e0 niveau le sol et accueillir la couche de finition : le <a href=\"https:\/\/fr.twiza.org\/portail\/revetement-de-sol\/\" target=\"_blank\" rel=\"noreferrer noopener\">rev\u00eatement de sol<\/a>. Son r\u00f4le n&rsquo;est donc pas porteur comme ta dalle. Si la liaison dalle-mur est bien trait\u00e9e, la chape peut \u00e9galement servir d&rsquo;\u00e9tanch\u00e9it\u00e9 \u00e0 l&rsquo;air et \u00e0 l&rsquo;eau.<\/p>\n\n\n\n<p>Au cours de ton chantier, tu commences par couler ta <a href=\"https:\/\/fr.twiza.org\/portail\/dalle\/\" target=\"_blank\" rel=\"noreferrer noopener\">dalle<\/a>, puis monter les <strong>murs ext\u00e9rieurs<\/strong> et enfin couler ta <strong>chape<\/strong>.<\/p>\n\n\n\n<p>Il existe des alternatives \u00e0 la chape en b\u00e9ton, moins \u00e9nergivores, telles que la dalle en <strong>terre crue<\/strong> ou \u00e0 la <strong>chaux<\/strong>.<\/p>\n\n\n\n<p>Comme pour la dalle, il est possible de r\u00e9aliser ta <strong>chape<\/strong> toi-m\u00eame ou d&rsquo;opter pour une \u00ab\u00a0pr\u00eate \u00e0 l&#8217;emploi\u00a0\u00bb si tu as de bonnes comp\u00e9tences. Cependant \u00ab\u00a0couler une <strong>chape<\/strong>\u00a0\u00bb n\u00e9cessite un important <strong>savoir-faire<\/strong>, faire appel \u00e0 un professionnel est donc vivement conseill\u00e9. Enfin des <a href=\"https:\/\/fr.twiza.org\/portail\/outils\/\" target=\"_blank\" rel=\"noreferrer noopener\">outils<\/a> sp\u00e9cifiques de <strong>ma\u00e7onnerie<\/strong> sont n\u00e9cessaires : b\u00e9tonni\u00e8re, taloche, r\u00e8gle de ma\u00e7on etc.<\/p>\n\n\n\n<h2 class=\"wp-block-heading\" id=\"h-les-points-de-vigilance\">Les points de vigilance<\/h2>\n\n\n\n<ul class=\"wp-block-list\"><li>Anticipe bien le <strong>temps de s\u00e9chage<\/strong>, qui peut \u00eatre assez long, jusqu&rsquo;\u00e0 3 ou 4 mois, selon le type de <strong>chape<\/strong> que tu as coul\u00e9e, la temp\u00e9rature et l&rsquo;humidit\u00e9 ambiante.<\/li><\/ul>\n\n\n\n<p><\/p>\n\n\n\n<ul class=\"wp-block-list\"><li>Si tu r\u00e9alises ta <strong>chape<\/strong> en <strong>\u00e9t\u00e9<\/strong>, veille \u00e0 bien l&rsquo;<strong>humidifier<\/strong> r\u00e9guli\u00e8rement pour \u00e9viter qu&rsquo;elle ne s\u00e8che trop vite, ne prenne pas correctement et se fissure.<\/li><\/ul>\n\n\n\n<h2 class=\"wp-block-heading\">R\u00e9f\u00e9rences documentaires<\/h2>\n\n\n\n<ul class=\"wp-block-list\"><li>DTU 26.2<\/li><\/ul>\n\n\n\n<div style=\"height:50px\" aria-hidden=\"true\" class=\"wp-block-spacer\"><\/div>\n\n\n\n<p><\/p>\n","protected":false},"excerpt":{"rendered":"<p>Chape : d\u00e9finition La chape est situ\u00e9e au dessus de ta dalle et de l&rsquo;isolant (s&rsquo;il n&rsquo;est pas p\u00e9riph\u00e9rique). Elle sert \u00e0 mettre \u00e0 niveau le sol et accueillir la couche de finition : le rev\u00eatement de sol. Son r\u00f4le n&rsquo;est donc pas porteur comme ta dalle. Si la liaison [&hellip;]<\/p>\n","protected":false},"author":3,"featured_media":0,"parent":0,"menu_order":0,"comment_status":"closed","ping_status":"closed","template":"","meta":{"_eb_attr":"","_themeisle_gutenberg_block_has_review":false,"footnotes":""},"class_list":["post-2693","page","type-page","status-publish","hentry"],"yoast_head":"<!-- This site is optimized with the Yoast SEO Premium plugin v27.2 (Yoast SEO v27.3) - https:\/\/yoast.com\/product\/yoast-seo-premium-wordpress\/ -->\n<title>Chape<\/title>\n<meta name=\"description\" content=\"Qu&#039;est-ce qu&#039;une chape ? Existe-il des alternatives \u00e9cologiques \u00e0 la chape en b\u00e9ton : dalle en terre crue, \u00e0 la chaux...?\" \/>\n<meta name=\"robots\" content=\"index, follow, max-snippet:-1, max-image-preview:large, max-video-preview:-1\" \/>\n<link rel=\"canonical\" href=\"https:\/\/fr.twiza.org\/portail\/chape\/\" \/>\n<meta property=\"og:locale\" content=\"fr_FR\" \/>\n<meta property=\"og:type\" content=\"article\" \/>\n<meta property=\"og:title\" content=\"Chape\" \/>\n<meta property=\"og:description\" content=\"Qu&#039;est-ce qu&#039;une chape ? Existe-il des alternatives \u00e9cologiques \u00e0 la chape en b\u00e9ton : dalle en terre crue, \u00e0 la chaux...?\" \/>\n<meta property=\"og:url\" content=\"https:\/\/fr.twiza.org\/portail\/chape\/\" \/>\n<meta property=\"og:site_name\" content=\"R\u00e9seau Twiza\" \/>\n<meta property=\"article:publisher\" content=\"https:\/\/fr-fr.facebook.com\/Twiza.fr\/\" \/>\n<meta property=\"article:modified_time\" content=\"2022-05-20T15:40:29+00:00\" \/>\n<meta property=\"og:image\" content=\"https:\/\/fr.twiza.org\/portail\/wp-content\/uploads\/2021\/08\/DEF-chape-1-O-edited.jpeg\" \/>\n<meta name=\"twitter:card\" content=\"summary_large_image\" \/>\n<script type=\"application\/ld+json\" class=\"yoast-schema-graph\">{\"@context\":\"https:\\\/\\\/schema.org\",\"@graph\":[{\"@type\":\"WebPage\",\"@id\":\"https:\\\/\\\/fr.twiza.org\\\/portail\\\/chape\\\/\",\"url\":\"https:\\\/\\\/fr.twiza.org\\\/portail\\\/chape\\\/\",\"name\":\"Chape\",\"isPartOf\":{\"@id\":\"https:\\\/\\\/fr.twiza.org\\\/portail\\\/#website\"},\"primaryImageOfPage\":{\"@id\":\"https:\\\/\\\/fr.twiza.org\\\/portail\\\/chape\\\/#primaryimage\"},\"image\":{\"@id\":\"https:\\\/\\\/fr.twiza.org\\\/portail\\\/chape\\\/#primaryimage\"},\"thumbnailUrl\":\"https:\\\/\\\/fr.twiza.org\\\/portail\\\/wp-content\\\/uploads\\\/2021\\\/08\\\/DEF-chape-1-O-edited.jpeg\",\"datePublished\":\"2021-10-05T12:33:54+00:00\",\"dateModified\":\"2022-05-20T15:40:29+00:00\",\"description\":\"Qu'est-ce qu'une chape ? Existe-il des alternatives \u00e9cologiques \u00e0 la chape en b\u00e9ton : dalle en terre crue, \u00e0 la chaux...?\",\"breadcrumb\":{\"@id\":\"https:\\\/\\\/fr.twiza.org\\\/portail\\\/chape\\\/#breadcrumb\"},\"inLanguage\":\"fr-FR\",\"potentialAction\":[{\"@type\":\"ReadAction\",\"target\":[\"https:\\\/\\\/fr.twiza.org\\\/portail\\\/chape\\\/\"]}]},{\"@type\":\"ImageObject\",\"inLanguage\":\"fr-FR\",\"@id\":\"https:\\\/\\\/fr.twiza.org\\\/portail\\\/chape\\\/#primaryimage\",\"url\":\"https:\\\/\\\/fr.twiza.org\\\/portail\\\/wp-content\\\/uploads\\\/2021\\\/08\\\/DEF-chape-1-O-edited.jpeg\",\"contentUrl\":\"https:\\\/\\\/fr.twiza.org\\\/portail\\\/wp-content\\\/uploads\\\/2021\\\/08\\\/DEF-chape-1-O-edited.jpeg\",\"width\":1803,\"height\":1014},{\"@type\":\"BreadcrumbList\",\"@id\":\"https:\\\/\\\/fr.twiza.org\\\/portail\\\/chape\\\/#breadcrumb\",\"itemListElement\":[{\"@type\":\"ListItem\",\"position\":1,\"name\":\"Accueil\",\"item\":\"https:\\\/\\\/fr.twiza.org\\\/portail\\\/\"},{\"@type\":\"ListItem\",\"position\":2,\"name\":\"Chape\"}]},{\"@type\":\"WebSite\",\"@id\":\"https:\\\/\\\/fr.twiza.org\\\/portail\\\/#website\",\"url\":\"https:\\\/\\\/fr.twiza.org\\\/portail\\\/\",\"name\":\"R\u00e9seau Twiza\",\"description\":\"Entraide pour un habitat \u00e9cologique, convivial et r\u00e9silient\",\"publisher\":{\"@id\":\"https:\\\/\\\/fr.twiza.org\\\/portail\\\/#organization\"},\"potentialAction\":[{\"@type\":\"SearchAction\",\"target\":{\"@type\":\"EntryPoint\",\"urlTemplate\":\"https:\\\/\\\/fr.twiza.org\\\/portail\\\/?s={search_term_string}\"},\"query-input\":{\"@type\":\"PropertyValueSpecification\",\"valueRequired\":true,\"valueName\":\"search_term_string\"}}],\"inLanguage\":\"fr-FR\"},{\"@type\":\"Organization\",\"@id\":\"https:\\\/\\\/fr.twiza.org\\\/portail\\\/#organization\",\"name\":\"R\u00e9seau Twiza\",\"url\":\"https:\\\/\\\/fr.twiza.org\\\/portail\\\/\",\"logo\":{\"@type\":\"ImageObject\",\"inLanguage\":\"fr-FR\",\"@id\":\"https:\\\/\\\/fr.twiza.org\\\/portail\\\/#\\\/schema\\\/logo\\\/image\\\/\",\"url\":\"https:\\\/\\\/fr.twiza.org\\\/portail\\\/wp-content\\\/uploads\\\/2021\\\/05\\\/cropped-logo-reseau-twiza.jpg\",\"contentUrl\":\"https:\\\/\\\/fr.twiza.org\\\/portail\\\/wp-content\\\/uploads\\\/2021\\\/05\\\/cropped-logo-reseau-twiza.jpg\",\"width\":400,\"height\":102,\"caption\":\"R\u00e9seau Twiza\"},\"image\":{\"@id\":\"https:\\\/\\\/fr.twiza.org\\\/portail\\\/#\\\/schema\\\/logo\\\/image\\\/\"},\"sameAs\":[\"https:\\\/\\\/fr-fr.facebook.com\\\/Twiza.fr\\\/\",\"https:\\\/\\\/www.instagram.com\\\/twiza_fr\\\/\",\"https:\\\/\\\/www.linkedin.com\\\/company\\\/reseautwiza\\\/\"]}]}<\/script>\n<!-- \/ Yoast SEO Premium plugin. -->","yoast_head_json":{"title":"Chape","description":"Qu'est-ce qu'une chape ? Existe-il des alternatives \u00e9cologiques \u00e0 la chape en b\u00e9ton : dalle en terre crue, \u00e0 la chaux...?","robots":{"index":"index","follow":"follow","max-snippet":"max-snippet:-1","max-image-preview":"max-image-preview:large","max-video-preview":"max-video-preview:-1"},"canonical":"https:\/\/fr.twiza.org\/portail\/chape\/","og_locale":"fr_FR","og_type":"article","og_title":"Chape","og_description":"Qu'est-ce qu'une chape ? Existe-il des alternatives \u00e9cologiques \u00e0 la chape en b\u00e9ton : dalle en terre crue, \u00e0 la chaux...?","og_url":"https:\/\/fr.twiza.org\/portail\/chape\/","og_site_name":"R\u00e9seau Twiza","article_publisher":"https:\/\/fr-fr.facebook.com\/Twiza.fr\/","article_modified_time":"2022-05-20T15:40:29+00:00","og_image":[{"url":"https:\/\/fr.twiza.org\/portail\/wp-content\/uploads\/2021\/08\/DEF-chape-1-O-edited.jpeg","type":"","width":"","height":""}],"twitter_card":"summary_large_image","schema":{"@context":"https:\/\/schema.org","@graph":[{"@type":"WebPage","@id":"https:\/\/fr.twiza.org\/portail\/chape\/","url":"https:\/\/fr.twiza.org\/portail\/chape\/","name":"Chape","isPartOf":{"@id":"https:\/\/fr.twiza.org\/portail\/#website"},"primaryImageOfPage":{"@id":"https:\/\/fr.twiza.org\/portail\/chape\/#primaryimage"},"image":{"@id":"https:\/\/fr.twiza.org\/portail\/chape\/#primaryimage"},"thumbnailUrl":"https:\/\/fr.twiza.org\/portail\/wp-content\/uploads\/2021\/08\/DEF-chape-1-O-edited.jpeg","datePublished":"2021-10-05T12:33:54+00:00","dateModified":"2022-05-20T15:40:29+00:00","description":"Qu'est-ce qu'une chape ? Existe-il des alternatives \u00e9cologiques \u00e0 la chape en b\u00e9ton : dalle en terre crue, \u00e0 la chaux...?","breadcrumb":{"@id":"https:\/\/fr.twiza.org\/portail\/chape\/#breadcrumb"},"inLanguage":"fr-FR","potentialAction":[{"@type":"ReadAction","target":["https:\/\/fr.twiza.org\/portail\/chape\/"]}]},{"@type":"ImageObject","inLanguage":"fr-FR","@id":"https:\/\/fr.twiza.org\/portail\/chape\/#primaryimage","url":"https:\/\/fr.twiza.org\/portail\/wp-content\/uploads\/2021\/08\/DEF-chape-1-O-edited.jpeg","contentUrl":"https:\/\/fr.twiza.org\/portail\/wp-content\/uploads\/2021\/08\/DEF-chape-1-O-edited.jpeg","width":1803,"height":1014},{"@type":"BreadcrumbList","@id":"https:\/\/fr.twiza.org\/portail\/chape\/#breadcrumb","itemListElement":[{"@type":"ListItem","position":1,"name":"Accueil","item":"https:\/\/fr.twiza.org\/portail\/"},{"@type":"ListItem","position":2,"name":"Chape"}]},{"@type":"WebSite","@id":"https:\/\/fr.twiza.org\/portail\/#website","url":"https:\/\/fr.twiza.org\/portail\/","name":"R\u00e9seau Twiza","description":"Entraide pour un habitat \u00e9cologique, convivial et r\u00e9silient","publisher":{"@id":"https:\/\/fr.twiza.org\/portail\/#organization"},"potentialAction":[{"@type":"SearchAction","target":{"@type":"EntryPoint","urlTemplate":"https:\/\/fr.twiza.org\/portail\/?s={search_term_string}"},"query-input":{"@type":"PropertyValueSpecification","valueRequired":true,"valueName":"search_term_string"}}],"inLanguage":"fr-FR"},{"@type":"Organization","@id":"https:\/\/fr.twiza.org\/portail\/#organization","name":"R\u00e9seau Twiza","url":"https:\/\/fr.twiza.org\/portail\/","logo":{"@type":"ImageObject","inLanguage":"fr-FR","@id":"https:\/\/fr.twiza.org\/portail\/#\/schema\/logo\/image\/","url":"https:\/\/fr.twiza.org\/portail\/wp-content\/uploads\/2021\/05\/cropped-logo-reseau-twiza.jpg","contentUrl":"https:\/\/fr.twiza.org\/portail\/wp-content\/uploads\/2021\/05\/cropped-logo-reseau-twiza.jpg","width":400,"height":102,"caption":"R\u00e9seau Twiza"},"image":{"@id":"https:\/\/fr.twiza.org\/portail\/#\/schema\/logo\/image\/"},"sameAs":["https:\/\/fr-fr.facebook.com\/Twiza.fr\/","https:\/\/www.instagram.com\/twiza_fr\/","https:\/\/www.linkedin.com\/company\/reseautwiza\/"]}]}},"jetpack_sharing_enabled":true,"_links":{"self":[{"href":"https:\/\/fr.twiza.org\/portail\/wp-json\/wp\/v2\/pages\/2693","targetHints":{"allow":["GET"]}}],"collection":[{"href":"https:\/\/fr.twiza.org\/portail\/wp-json\/wp\/v2\/pages"}],"about":[{"href":"https:\/\/fr.twiza.org\/portail\/wp-json\/wp\/v2\/types\/page"}],"author":[{"embeddable":true,"href":"https:\/\/fr.twiza.org\/portail\/wp-json\/wp\/v2\/users\/3"}],"replies":[{"embeddable":true,"href":"https:\/\/fr.twiza.org\/portail\/wp-json\/wp\/v2\/comments?post=2693"}],"version-history":[{"count":9,"href":"https:\/\/fr.twiza.org\/portail\/wp-json\/wp\/v2\/pages\/2693\/revisions"}],"predecessor-version":[{"id":5319,"href":"https:\/\/fr.twiza.org\/portail\/wp-json\/wp\/v2\/pages\/2693\/revisions\/5319"}],"wp:attachment":[{"href":"https:\/\/fr.twiza.org\/portail\/wp-json\/wp\/v2\/media?parent=2693"}],"curies":[{"name":"wp","href":"https:\/\/api.w.org\/{rel}","templated":true}]}}