{"id":2708,"date":"2021-10-07T12:49:37","date_gmt":"2021-10-07T10:49:37","guid":{"rendered":"https:\/\/fr.twiza.org\/portail\/?page_id=2708"},"modified":"2025-02-07T16:00:04","modified_gmt":"2025-02-07T15:00:04","slug":"menuiseries-exterieures","status":"publish","type":"page","link":"https:\/\/fr.twiza.org\/portail\/menuiseries-exterieures\/","title":{"rendered":"Menuiseries ext\u00e9rieures"},"content":{"rendered":"\n<figure class=\"wp-block-image size-full\"><img fetchpriority=\"high\" decoding=\"async\" width=\"750\" height=\"422\" src=\"https:\/\/fr.twiza.org\/portail\/wp-content\/uploads\/2021\/08\/DEF-Men.Ext-2-O-edited.jpeg\" alt=\"\" class=\"wp-image-2712\" srcset=\"https:\/\/fr.twiza.org\/portail\/wp-content\/uploads\/2021\/08\/DEF-Men.Ext-2-O-edited.jpeg 750w, https:\/\/fr.twiza.org\/portail\/wp-content\/uploads\/2021\/08\/DEF-Men.Ext-2-O-edited-600x338.jpeg 600w, https:\/\/fr.twiza.org\/portail\/wp-content\/uploads\/2021\/08\/DEF-Men.Ext-2-O-edited-300x169.jpeg 300w\" sizes=\"(max-width: 750px) 100vw, 750px\" \/><\/figure>\n\n\n\n<div style=\"height:26px\" aria-hidden=\"true\" class=\"wp-block-spacer\"><\/div>\n\n\n\n<h5 class=\"wp-block-heading\"><strong>Info<\/strong> <\/h5>\n\n\n\n<p>Si les menuiseries t&rsquo;int\u00e9ressent pour ton projet, on a une solution pour toi :<\/p>\n\n\n\n<div class=\"wp-block-buttons is-content-justification-center is-layout-flex wp-container-core-buttons-is-layout-a89b3969 wp-block-buttons-is-layout-flex\">\n<div class=\"wp-block-button\"><a class=\"wp-block-button__link wp-element-button\" href=\"https:\/\/forum.twiza.org\/t\/menuiseries-fournies-et-posees-par-une-entreprise-rge-locale-ouvert\/5978\" target=\"_blank\" rel=\"noreferrer noopener\">Tes menuiseries ext\u00e9rieures avec Twiza<\/a><\/div>\n<\/div>\n\n\n\n<h2 class=\"wp-block-heading\" id=\"menuiseries-exterieures-definition\">Menuiseries ext\u00e9rieures : d\u00e9finition<\/h2>\n\n\n\n<p>Les <strong>menuiseries ext\u00e9rieures<\/strong> sont tr\u00e8s importantes dans ta maison, car elles ont un impact direct sur : <\/p>\n\n\n\n<ul class=\"wp-block-list\">\n<li>le <strong>confort<\/strong><\/li>\n\n\n\n<li>la <strong>protection thermique<\/strong><\/li>\n\n\n\n<li>la <strong>luminosit\u00e9<\/strong><\/li>\n\n\n\n<li>l&rsquo;<strong>esth\u00e9tique<\/strong> etc&#8230;.<\/li>\n<\/ul>\n\n\n\n<h2 class=\"wp-block-heading\"><strong>Menuiseries ext\u00e9rieures : les crit\u00e8res de choix<\/strong><\/h2>\n\n\n\n<h3 class=\"wp-block-heading\" id=\"les-materiaux\">Les mat\u00e9riaux<\/h3>\n\n\n\n<p><strong>PVC<\/strong> : mat\u00e9riau couramment utilis\u00e9 pour des raisons de co\u00fbt, c&rsquo;est le plus abordable en g\u00e9n\u00e9ral. Il est cependant contestable en termes de durabilit\u00e9, d&rsquo;impact \u00e9cologique et de recyclage.<\/p>\n\n\n\n<p><strong>Aluminium<\/strong> : mat\u00e9riau recyclable bien que couteux, associ\u00e9 \u00e0 un bilan \u00e9nerg\u00e9tique assez lourd. Il offre une bonne tenue m\u00e9canique sur de grandes dimensions, cependant il n&rsquo;a g\u00e9n\u00e9ralement pas la meilleure performance thermique. <\/p>\n\n\n\n<p><strong>Bois<\/strong> :  de fabrication locale de pr\u00e9f\u00e9rence, \u00e7a reste le mat\u00e9riau le plus \u00e9cologique. A noter qu&rsquo;il existe des traitements naturels du bois contre les intemp\u00e9ries, permettant d&rsquo;am\u00e9liorer la long\u00e9vit\u00e9 de tes menuiseries. Il faut pr\u00e9voir un entretien r\u00e9gulier en moyenne tous les 2 \u00e0 5 ans, selon le produit \u00e0 appliquer.<\/p>\n\n\n\n<p><strong>Bois\/aluminium<\/strong> : mod\u00e8le de menuiseries <strong>hybride<\/strong>, qui repr\u00e9sente un bon compromis entre tous les mod\u00e8les cit\u00e9s plus haut. C&rsquo;est d&rsquo;ailleurs celui que l&rsquo;on a choisi de proposer au sein du <a href=\"https:\/\/forum.twiza.org\/t\/menuiseries-fournies-et-posees-par-une-entreprise-rge-locale-ouvert\/5978\" target=\"_blank\" rel=\"noreferrer noopener\">Groupement d&rsquo;Achats Twiza<\/a>, en raison de ses hautes performances techniques et environnementales. Le bois apporte une performance thermique int\u00e9ressante, tandis que l&rsquo;aluminium permet de prot\u00e9ger durablement les menuiseries contre les intemp\u00e9ries, sans entretien particulier.<\/p>\n\n\n\n<div class=\"wp-block-buttons is-content-justification-center is-layout-flex wp-container-core-buttons-is-layout-a89b3969 wp-block-buttons-is-layout-flex\">\n<div class=\"wp-block-button\"><a class=\"wp-block-button__link wp-element-button\" href=\"https:\/\/forum.twiza.org\/t\/menuiseries-fournies-et-posees-par-une-entreprise-rge-locale-ouvert\/5978\" target=\"_blank\" rel=\"noreferrer noopener\">Menuiseries bois\/alu &#8211; Groupement d&rsquo;achats Twiza<\/a><\/div>\n<\/div>\n\n\n\n<p><\/p>\n\n\n\n<h3 class=\"wp-block-heading\" id=\"les-coefficients\">Les coefficients<\/h3>\n\n\n\n<p><strong>Le coefficient de transmission thermique  Uw<\/strong>  (exprim\u00e9 en W\/m2.K ) : plus il est faible plus tes menuiseries sont performantes. Il est recommand\u00e9 d&rsquo;avoir un Uw inf\u00e9rieur \u00e0 1,4. Sachant qu&rsquo;en triple vitrage il peut m\u00eame atteindre 0,9 !<\/p>\n\n\n\n<p><strong>Le coefficient facteur solaire Sw<\/strong> (exprim\u00e9 de 0 \u00e0 1) : plus il est proche de 1, plus la chaleur du soleil rentre dans ta maison. Par exemple, le Sw d&rsquo;un double vitrage est d&rsquo;environ 0,50. Il chute \u00e0 0,40 pour un tripe vitrage.<\/p>\n\n\n\n<p><strong>Le coefficient de transmission lumineuse TLw<\/strong> (exprim\u00e9 de 0 \u00e0 1) : plus il est proche de 1, plus la lumi\u00e8re naturelle du soleil p\u00e9n\u00e8tre dans ta maison. Pour illustrer ce propos, le <strong>TLw<\/strong> d&rsquo;un double vitrage est d&rsquo;environ 0,60 et celui d&rsquo;un triple \u00e0 0,50.<\/p>\n\n\n\n<p><\/p>\n\n\n\n<h3 class=\"wp-block-heading\" id=\"le-nombre-de-vitrage\">Le nombre de vitrage<\/h3>\n\n\n\n<p>On retrouve principalement du <strong>double<\/strong> ou du <strong>triple vitrage<\/strong> aujourd&rsquo;hui, le simple vitrage n&rsquo;existant plus que sur des b\u00e2timents anciens.<\/p>\n\n\n\n<p>L&rsquo;avantage du <strong>triple vitrage<\/strong> est principalement son isolation thermique. Cependant il est moins performant en apports solaires. On le pr\u00e9f\u00e9rera en r\u00e9gion froide (en r\u00e9gion montagneuse par exemple) ou sur la fa\u00e7ade nord de la maison, puisqu&rsquo;on ne recherche pas les apports solaires dans cette direction.<\/p>\n\n\n\n<h2 class=\"wp-block-heading\" id=\"h-les-bonnes-questions-a-se-poser\">Les bonnes questions \u00e0 se poser<\/h2>\n\n\n\n<ul class=\"wp-block-list\">\n<li>La surface de vitrage et le nombre de menuiseries \u00e9tant souvent d\u00e9finis par l\u2019\u00e9tude, tu peux cependant penser au <strong>type d\u2019ouverture<\/strong> afin d\u2019am\u00e9liorer le <strong>confort<\/strong> quotidien. Baies coulissantes ou ouvertes \u00e0 frappes, il existe de nombreuses autres possibilit\u00e9s.<\/li>\n<\/ul>\n\n\n\n<p><\/p>\n\n\n\n<ul class=\"wp-block-list\">\n<li>Serait-ce pertinent pour ton projet d&rsquo;installer des <strong>vitrages diff\u00e9rents<\/strong> en fonction de leur <strong>orientation<\/strong> : double vitrage \u00e0 l&rsquo;Est, triple au Nord etc.?<\/li>\n<\/ul>\n\n\n\n<p><\/p>\n\n\n\n<ul class=\"wp-block-list\">\n<li>Le <strong>sens d\u2019ouverture<\/strong> de tes menuiseries est \u00e9galement un axe majeur de ton futur <strong>confort.<\/strong> Prends le temps de t&rsquo;attarder un moment sur le choix d&rsquo;am\u00e9nagement de tes pi\u00e8ces et le sens d\u2019ouverture de tes menuiseries, afin d&rsquo;\u00e9viter de cr\u00e9er des inconforts quotidiens (exemple classique : avoir une fen\u00eatre de salle de bain qui s\u2019ouvre du c\u00f4t\u00e9 de la paroi de douche et qui risque de la casser etc\u2026)<\/li>\n<\/ul>\n\n\n\n<h2 class=\"wp-block-heading\" id=\"les-points-de-vigilance\">Les points de vigilance<\/h2>\n\n\n\n<ul class=\"wp-block-list\">\n<li>Pense \u00e0 dessiner un <strong>sch\u00e9ma d&rsquo;int\u00e9gration<\/strong> de tes menuiseries afin d&rsquo;\u00e9viter des erreurs de dimensionnement.<\/li>\n<\/ul>\n\n\n\n<p><\/p>\n\n\n\n<ul class=\"wp-block-list\">\n<li>Si tu n&rsquo;as pas de comp\u00e9tences en la mati\u00e8re, on te conseilIe fortement de faire installer tes menuiseries par un <strong>professionnel<\/strong>, afin de garantir leur <strong>\u00e9tanch\u00e9it\u00e9 <\/strong>\u00e0 l&rsquo;eau et \u00e0 l&rsquo;air<strong>.<\/strong> En effet il est indispensable de ma\u00eetriser certaines techniques pour mener \u00e0 bien cette \u00e9tape. D\u2019autre part, la <strong>garantie<\/strong> des fabricants de menuiserie int\u00e8gre g\u00e9n\u00e9ralement dans ses conditions g\u00e9n\u00e9rales de vente le fait qu\u2019une r\u00e9clamation en SAV ne sera pas prise en charge si la pose n\u2019a pas \u00e9t\u00e9 effectu\u00e9e dans les r\u00e8gles de l\u2019art, ne respectant pas le DTU de pose.<\/li>\n<\/ul>\n\n\n\n<p><\/p>\n\n\n\n<ul class=\"wp-block-list\">\n<li>Anticipe les rentr\u00e9es de <strong>chaleur<\/strong> issues des vitrages fortement expos\u00e9s au soleil en \u00e9t\u00e9 (orient\u00e9s \u00e0 l&rsquo;Ouest, ou sur le toit par exemple).<\/li>\n<\/ul>\n\n\n\n<p><\/p>\n\n\n\n<ul class=\"wp-block-list\">\n<li>Pour am\u00e9liorer ton confort aussi bien d&rsquo;\u00e9t\u00e9 que d&rsquo;hiver, tu peux envisager d&rsquo;installer des <strong>brise-soleil <\/strong>et\/ou des <strong>volets<\/strong>.<\/li>\n<\/ul>\n\n\n\n<div style=\"height:50px\" aria-hidden=\"true\" class=\"wp-block-spacer\"><\/div>\n\n\n\n<p><\/p>\n","protected":false},"excerpt":{"rendered":"<p>Info Si les menuiseries t&rsquo;int\u00e9ressent pour ton projet, on a une solution pour toi : Menuiseries ext\u00e9rieures : d\u00e9finition Les menuiseries ext\u00e9rieures sont tr\u00e8s importantes dans ta maison, car elles ont un impact direct sur : Menuiseries ext\u00e9rieures : les crit\u00e8res de choix Les mat\u00e9riaux PVC : mat\u00e9riau couramment utilis\u00e9 [&hellip;]<\/p>\n","protected":false},"author":3,"featured_media":0,"parent":0,"menu_order":0,"comment_status":"closed","ping_status":"closed","template":"","meta":{"_eb_attr":"","_themeisle_gutenberg_block_has_review":false,"footnotes":""},"class_list":["post-2708","page","type-page","status-publish","hentry"],"yoast_head":"<!-- This site is optimized with the Yoast SEO Premium plugin v27.2 (Yoast SEO v27.4) - https:\/\/yoast.com\/product\/yoast-seo-premium-wordpress\/ -->\n<title>Quelles menuiseries ext\u00e9rieures choisir pour mon projet d&#039;habitat ?<\/title>\n<meta name=\"description\" content=\"Comment bien choisir mes menuiseries ext\u00e9rieures ? Quels mat\u00e9riaux choisir : PVC, bois, aluminium..? Double vitrage, triple vitrage...?\" \/>\n<meta name=\"robots\" content=\"index, follow, max-snippet:-1, max-image-preview:large, max-video-preview:-1\" \/>\n<link rel=\"canonical\" href=\"https:\/\/fr.twiza.org\/portail\/menuiseries-exterieures\/\" \/>\n<meta property=\"og:locale\" content=\"fr_FR\" \/>\n<meta property=\"og:type\" content=\"article\" \/>\n<meta property=\"og:title\" content=\"Menuiseries ext\u00e9rieures\" \/>\n<meta property=\"og:description\" content=\"Comment bien choisir mes menuiseries ext\u00e9rieures ? Quels mat\u00e9riaux choisir : PVC, bois, aluminium..? Double vitrage, triple vitrage...?\" \/>\n<meta property=\"og:url\" content=\"https:\/\/fr.twiza.org\/portail\/menuiseries-exterieures\/\" \/>\n<meta property=\"og:site_name\" content=\"R\u00e9seau Twiza\" \/>\n<meta property=\"article:publisher\" content=\"https:\/\/fr-fr.facebook.com\/Twiza.fr\/\" \/>\n<meta property=\"article:modified_time\" content=\"2025-02-07T15:00:04+00:00\" \/>\n<meta property=\"og:image\" content=\"https:\/\/fr.twiza.org\/portail\/wp-content\/uploads\/2021\/08\/DEF-Men.Ext-2-O-edited.jpeg\" \/>\n\t<meta property=\"og:image:width\" content=\"750\" \/>\n\t<meta property=\"og:image:height\" content=\"422\" \/>\n\t<meta property=\"og:image:type\" content=\"image\/jpeg\" \/>\n<meta name=\"twitter:card\" content=\"summary_large_image\" \/>\n<script type=\"application\/ld+json\" class=\"yoast-schema-graph\">{\"@context\":\"https:\\\/\\\/schema.org\",\"@graph\":[{\"@type\":\"WebPage\",\"@id\":\"https:\\\/\\\/fr.twiza.org\\\/portail\\\/menuiseries-exterieures\\\/\",\"url\":\"https:\\\/\\\/fr.twiza.org\\\/portail\\\/menuiseries-exterieures\\\/\",\"name\":\"Quelles menuiseries ext\u00e9rieures choisir pour mon projet d'habitat ?\",\"isPartOf\":{\"@id\":\"https:\\\/\\\/fr.twiza.org\\\/portail\\\/#website\"},\"primaryImageOfPage\":{\"@id\":\"https:\\\/\\\/fr.twiza.org\\\/portail\\\/menuiseries-exterieures\\\/#primaryimage\"},\"image\":{\"@id\":\"https:\\\/\\\/fr.twiza.org\\\/portail\\\/menuiseries-exterieures\\\/#primaryimage\"},\"thumbnailUrl\":\"https:\\\/\\\/fr.twiza.org\\\/portail\\\/wp-content\\\/uploads\\\/2021\\\/08\\\/DEF-Men.Ext-2-O-edited.jpeg\",\"datePublished\":\"2021-10-07T10:49:37+00:00\",\"dateModified\":\"2025-02-07T15:00:04+00:00\",\"description\":\"Comment bien choisir mes menuiseries ext\u00e9rieures ? Quels mat\u00e9riaux choisir : PVC, bois, aluminium..? Double vitrage, triple vitrage...?\",\"breadcrumb\":{\"@id\":\"https:\\\/\\\/fr.twiza.org\\\/portail\\\/menuiseries-exterieures\\\/#breadcrumb\"},\"inLanguage\":\"fr-FR\",\"potentialAction\":[{\"@type\":\"ReadAction\",\"target\":[\"https:\\\/\\\/fr.twiza.org\\\/portail\\\/menuiseries-exterieures\\\/\"]}]},{\"@type\":\"ImageObject\",\"inLanguage\":\"fr-FR\",\"@id\":\"https:\\\/\\\/fr.twiza.org\\\/portail\\\/menuiseries-exterieures\\\/#primaryimage\",\"url\":\"https:\\\/\\\/fr.twiza.org\\\/portail\\\/wp-content\\\/uploads\\\/2021\\\/08\\\/DEF-Men.Ext-2-O-edited.jpeg\",\"contentUrl\":\"https:\\\/\\\/fr.twiza.org\\\/portail\\\/wp-content\\\/uploads\\\/2021\\\/08\\\/DEF-Men.Ext-2-O-edited.jpeg\",\"width\":750,\"height\":422},{\"@type\":\"BreadcrumbList\",\"@id\":\"https:\\\/\\\/fr.twiza.org\\\/portail\\\/menuiseries-exterieures\\\/#breadcrumb\",\"itemListElement\":[{\"@type\":\"ListItem\",\"position\":1,\"name\":\"Accueil\",\"item\":\"https:\\\/\\\/fr.twiza.org\\\/portail\\\/\"},{\"@type\":\"ListItem\",\"position\":2,\"name\":\"Menuiseries ext\u00e9rieures\"}]},{\"@type\":\"WebSite\",\"@id\":\"https:\\\/\\\/fr.twiza.org\\\/portail\\\/#website\",\"url\":\"https:\\\/\\\/fr.twiza.org\\\/portail\\\/\",\"name\":\"R\u00e9seau Twiza\",\"description\":\"Entraide pour un habitat \u00e9cologique, convivial et r\u00e9silient\",\"publisher\":{\"@id\":\"https:\\\/\\\/fr.twiza.org\\\/portail\\\/#organization\"},\"potentialAction\":[{\"@type\":\"SearchAction\",\"target\":{\"@type\":\"EntryPoint\",\"urlTemplate\":\"https:\\\/\\\/fr.twiza.org\\\/portail\\\/?s={search_term_string}\"},\"query-input\":{\"@type\":\"PropertyValueSpecification\",\"valueRequired\":true,\"valueName\":\"search_term_string\"}}],\"inLanguage\":\"fr-FR\"},{\"@type\":\"Organization\",\"@id\":\"https:\\\/\\\/fr.twiza.org\\\/portail\\\/#organization\",\"name\":\"R\u00e9seau Twiza\",\"url\":\"https:\\\/\\\/fr.twiza.org\\\/portail\\\/\",\"logo\":{\"@type\":\"ImageObject\",\"inLanguage\":\"fr-FR\",\"@id\":\"https:\\\/\\\/fr.twiza.org\\\/portail\\\/#\\\/schema\\\/logo\\\/image\\\/\",\"url\":\"https:\\\/\\\/fr.twiza.org\\\/portail\\\/wp-content\\\/uploads\\\/2021\\\/05\\\/cropped-logo-reseau-twiza.jpg\",\"contentUrl\":\"https:\\\/\\\/fr.twiza.org\\\/portail\\\/wp-content\\\/uploads\\\/2021\\\/05\\\/cropped-logo-reseau-twiza.jpg\",\"width\":400,\"height\":102,\"caption\":\"R\u00e9seau Twiza\"},\"image\":{\"@id\":\"https:\\\/\\\/fr.twiza.org\\\/portail\\\/#\\\/schema\\\/logo\\\/image\\\/\"},\"sameAs\":[\"https:\\\/\\\/fr-fr.facebook.com\\\/Twiza.fr\\\/\",\"https:\\\/\\\/www.instagram.com\\\/twiza_fr\\\/\",\"https:\\\/\\\/www.linkedin.com\\\/company\\\/reseautwiza\\\/\"]}]}<\/script>\n<!-- \/ Yoast SEO Premium plugin. -->","yoast_head_json":{"title":"Quelles menuiseries ext\u00e9rieures choisir pour mon projet d'habitat ?","description":"Comment bien choisir mes menuiseries ext\u00e9rieures ? Quels mat\u00e9riaux choisir : PVC, bois, aluminium..? Double vitrage, triple vitrage...?","robots":{"index":"index","follow":"follow","max-snippet":"max-snippet:-1","max-image-preview":"max-image-preview:large","max-video-preview":"max-video-preview:-1"},"canonical":"https:\/\/fr.twiza.org\/portail\/menuiseries-exterieures\/","og_locale":"fr_FR","og_type":"article","og_title":"Menuiseries ext\u00e9rieures","og_description":"Comment bien choisir mes menuiseries ext\u00e9rieures ? Quels mat\u00e9riaux choisir : PVC, bois, aluminium..? Double vitrage, triple vitrage...?","og_url":"https:\/\/fr.twiza.org\/portail\/menuiseries-exterieures\/","og_site_name":"R\u00e9seau Twiza","article_publisher":"https:\/\/fr-fr.facebook.com\/Twiza.fr\/","article_modified_time":"2025-02-07T15:00:04+00:00","og_image":[{"width":750,"height":422,"url":"https:\/\/fr.twiza.org\/portail\/wp-content\/uploads\/2021\/08\/DEF-Men.Ext-2-O-edited.jpeg","type":"image\/jpeg"}],"twitter_card":"summary_large_image","schema":{"@context":"https:\/\/schema.org","@graph":[{"@type":"WebPage","@id":"https:\/\/fr.twiza.org\/portail\/menuiseries-exterieures\/","url":"https:\/\/fr.twiza.org\/portail\/menuiseries-exterieures\/","name":"Quelles menuiseries ext\u00e9rieures choisir pour mon projet d'habitat ?","isPartOf":{"@id":"https:\/\/fr.twiza.org\/portail\/#website"},"primaryImageOfPage":{"@id":"https:\/\/fr.twiza.org\/portail\/menuiseries-exterieures\/#primaryimage"},"image":{"@id":"https:\/\/fr.twiza.org\/portail\/menuiseries-exterieures\/#primaryimage"},"thumbnailUrl":"https:\/\/fr.twiza.org\/portail\/wp-content\/uploads\/2021\/08\/DEF-Men.Ext-2-O-edited.jpeg","datePublished":"2021-10-07T10:49:37+00:00","dateModified":"2025-02-07T15:00:04+00:00","description":"Comment bien choisir mes menuiseries ext\u00e9rieures ? Quels mat\u00e9riaux choisir : PVC, bois, aluminium..? Double vitrage, triple vitrage...?","breadcrumb":{"@id":"https:\/\/fr.twiza.org\/portail\/menuiseries-exterieures\/#breadcrumb"},"inLanguage":"fr-FR","potentialAction":[{"@type":"ReadAction","target":["https:\/\/fr.twiza.org\/portail\/menuiseries-exterieures\/"]}]},{"@type":"ImageObject","inLanguage":"fr-FR","@id":"https:\/\/fr.twiza.org\/portail\/menuiseries-exterieures\/#primaryimage","url":"https:\/\/fr.twiza.org\/portail\/wp-content\/uploads\/2021\/08\/DEF-Men.Ext-2-O-edited.jpeg","contentUrl":"https:\/\/fr.twiza.org\/portail\/wp-content\/uploads\/2021\/08\/DEF-Men.Ext-2-O-edited.jpeg","width":750,"height":422},{"@type":"BreadcrumbList","@id":"https:\/\/fr.twiza.org\/portail\/menuiseries-exterieures\/#breadcrumb","itemListElement":[{"@type":"ListItem","position":1,"name":"Accueil","item":"https:\/\/fr.twiza.org\/portail\/"},{"@type":"ListItem","position":2,"name":"Menuiseries ext\u00e9rieures"}]},{"@type":"WebSite","@id":"https:\/\/fr.twiza.org\/portail\/#website","url":"https:\/\/fr.twiza.org\/portail\/","name":"R\u00e9seau Twiza","description":"Entraide pour un habitat \u00e9cologique, convivial et r\u00e9silient","publisher":{"@id":"https:\/\/fr.twiza.org\/portail\/#organization"},"potentialAction":[{"@type":"SearchAction","target":{"@type":"EntryPoint","urlTemplate":"https:\/\/fr.twiza.org\/portail\/?s={search_term_string}"},"query-input":{"@type":"PropertyValueSpecification","valueRequired":true,"valueName":"search_term_string"}}],"inLanguage":"fr-FR"},{"@type":"Organization","@id":"https:\/\/fr.twiza.org\/portail\/#organization","name":"R\u00e9seau Twiza","url":"https:\/\/fr.twiza.org\/portail\/","logo":{"@type":"ImageObject","inLanguage":"fr-FR","@id":"https:\/\/fr.twiza.org\/portail\/#\/schema\/logo\/image\/","url":"https:\/\/fr.twiza.org\/portail\/wp-content\/uploads\/2021\/05\/cropped-logo-reseau-twiza.jpg","contentUrl":"https:\/\/fr.twiza.org\/portail\/wp-content\/uploads\/2021\/05\/cropped-logo-reseau-twiza.jpg","width":400,"height":102,"caption":"R\u00e9seau Twiza"},"image":{"@id":"https:\/\/fr.twiza.org\/portail\/#\/schema\/logo\/image\/"},"sameAs":["https:\/\/fr-fr.facebook.com\/Twiza.fr\/","https:\/\/www.instagram.com\/twiza_fr\/","https:\/\/www.linkedin.com\/company\/reseautwiza\/"]}]}},"jetpack_sharing_enabled":true,"_links":{"self":[{"href":"https:\/\/fr.twiza.org\/portail\/wp-json\/wp\/v2\/pages\/2708","targetHints":{"allow":["GET"]}}],"collection":[{"href":"https:\/\/fr.twiza.org\/portail\/wp-json\/wp\/v2\/pages"}],"about":[{"href":"https:\/\/fr.twiza.org\/portail\/wp-json\/wp\/v2\/types\/page"}],"author":[{"embeddable":true,"href":"https:\/\/fr.twiza.org\/portail\/wp-json\/wp\/v2\/users\/3"}],"replies":[{"embeddable":true,"href":"https:\/\/fr.twiza.org\/portail\/wp-json\/wp\/v2\/comments?post=2708"}],"version-history":[{"count":32,"href":"https:\/\/fr.twiza.org\/portail\/wp-json\/wp\/v2\/pages\/2708\/revisions"}],"predecessor-version":[{"id":12147,"href":"https:\/\/fr.twiza.org\/portail\/wp-json\/wp\/v2\/pages\/2708\/revisions\/12147"}],"wp:attachment":[{"href":"https:\/\/fr.twiza.org\/portail\/wp-json\/wp\/v2\/media?parent=2708"}],"curies":[{"name":"wp","href":"https:\/\/api.w.org\/{rel}","templated":true}]}}