{"id":2754,"date":"2021-10-05T14:30:37","date_gmt":"2021-10-05T12:30:37","guid":{"rendered":"https:\/\/fr.twiza.org\/portail\/?page_id=2754"},"modified":"2022-05-20T17:38:10","modified_gmt":"2022-05-20T15:38:10","slug":"charpente","status":"publish","type":"page","link":"https:\/\/fr.twiza.org\/portail\/charpente\/","title":{"rendered":"Charpente"},"content":{"rendered":"\n<figure class=\"wp-block-image size-full\"><img fetchpriority=\"high\" decoding=\"async\" width=\"1000\" height=\"563\" src=\"https:\/\/fr.twiza.org\/portail\/wp-content\/uploads\/2021\/08\/DEF-charpente-7-O-edited.jpeg\" alt=\"\" class=\"wp-image-2758\" srcset=\"https:\/\/fr.twiza.org\/portail\/wp-content\/uploads\/2021\/08\/DEF-charpente-7-O-edited.jpeg 1000w, https:\/\/fr.twiza.org\/portail\/wp-content\/uploads\/2021\/08\/DEF-charpente-7-O-edited-600x338.jpeg 600w, https:\/\/fr.twiza.org\/portail\/wp-content\/uploads\/2021\/08\/DEF-charpente-7-O-edited-300x169.jpeg 300w, https:\/\/fr.twiza.org\/portail\/wp-content\/uploads\/2021\/08\/DEF-charpente-7-O-edited-768x432.jpeg 768w\" sizes=\"(max-width: 1000px) 100vw, 1000px\" \/><\/figure>\n\n\n\n<h2 class=\"wp-block-heading\">Charpente : d\u00e9finition<\/h2>\n\n\n\n<p>La <strong>charpente<\/strong> est une ossature compos\u00e9e de pi\u00e8ces de bois, de m\u00e9tal ou de b\u00e9ton, sur laquelle va reposer ta <a href=\"https:\/\/fr.twiza.org\/portail\/couverture\/\" target=\"_blank\" rel=\"noreferrer noopener\">couverture<\/a> (formant ensemble la toiture). Elle est constitu\u00e9e de poteaux et de poutres.<\/p>\n\n\n\n<p>Les pi\u00e8ces ma\u00eetresses les plus courantes sont : la <strong>ferme<\/strong>, les <strong>pannes<\/strong>, les <strong>chevrons<\/strong> et les <strong>liteaux<\/strong>.<\/p>\n\n\n\n<p>Bien qu&rsquo;elle soit situ\u00e9e en haut de ton b\u00e2timent, elle a un <strong>r\u00f4le structurel<\/strong> important pour l&rsquo;ensemble de la tenue de ton b\u00e2ti. La plupart des constructions individuelles sont construites en <strong>bois<\/strong>.<\/p>\n\n\n\n<h2 class=\"wp-block-heading\">Principaux mod\u00e8les de charpente actuels<\/h2>\n\n\n\n<h3 class=\"wp-block-heading\"><strong>La charpente traditionnelle<\/strong><\/h3>\n\n\n\n<p>Inspir\u00e9e de savoir-faire s\u00e9culaires, elle est la plus belle aux yeux des connaisseurs. La <strong>charpente traditionnelle<\/strong> se pr\u00e9sente sous la forme de fermes, supportant des pannes et des chevrons.<\/p>\n\n\n\n<h3 class=\"wp-block-heading\"><strong>La charpente \u00e0 fermette (ou industrielle)<\/strong><\/h3>\n\n\n\n<p>Elle est compos\u00e9e de <strong>treillis bois<\/strong> de faible section li\u00e9 par des plaques m\u00e9talliques munies de pointes (des connecteurs d&rsquo;acier). Elle est pr\u00e9fabriqu\u00e9e en atelier et son co\u00fbt est moins \u00e9lev\u00e9 que la <strong>charpente traditionnelle<\/strong>. Cependant ses combles ne sont pas utilisables. La <strong>charpente fermette<\/strong> existe \u00e9galement en acier, dans le milieu agricole notamment.<\/p>\n\n\n\n<h3 class=\"wp-block-heading\"><strong>La charpente avec chevrons porteurs<\/strong><\/h3>\n\n\n\n<p>Elle se pr\u00e9sente sous la forme de larges supports de couverture, tenant \u00e0 la fois le r\u00f4le de pannes et de chevrons, reposant sur la pane fa\u00eeti\u00e8re et l&rsquo;ossature bois. Ce type de structure repr\u00e9sente une <strong>alternative \u00e9conomique<\/strong> et plus l\u00e9g\u00e8re \u00e0 la <strong>charpente traditionnelle<\/strong>. Elle permet de combiner : charpente de qualit\u00e9, bonne <strong>isolation<\/strong> et utilisation de l&rsquo;espace disponible.<\/p>\n\n\n\n<h3 class=\"wp-block-heading\"><strong>La charpente en lamell\u00e9-coll\u00e9<\/strong><\/h3>\n\n\n\n<p>Elle est constitu\u00e9e de lames de bois coll\u00e9es les unes aux autres et serr\u00e9es avec des presses hydrauliques. La <strong>charpente en lamell\u00e9-coll\u00e9<\/strong> permet de r\u00e9aliser des prouesses architecturales en cas de grandes port\u00e9es. Elle reste cependant tr\u00e8s peu utilis\u00e9e du fait de son prix \u00e9lev\u00e9 (environ 1,5 sup\u00e9rieur \u00e0 celui d&rsquo;une charpente en bois massif).<\/p>\n\n\n\n<h2 class=\"wp-block-heading\" id=\"h-les-bonnes-questions-a-se-poser\">Les bonnes questions \u00e0 se poser<\/h2>\n\n\n\n<ul class=\"wp-block-list\"><li>Quels sont tes <strong>crit\u00e8res<\/strong> de choix les plus importants : ton budget, l&rsquo;optimisation ton l&rsquo;espace ou bien encore la rapidit\u00e9 d&rsquo;ex\u00e9cution ? Quoi qu&rsquo;il en soit, ne fais pas l&rsquo;impasse sur la <strong>qualit\u00e9<\/strong> et la <strong>solidit\u00e9<\/strong> de ta <strong>charpente<\/strong>.<\/li><\/ul>\n\n\n\n<h2 class=\"wp-block-heading\">Les points de vigilance<\/h2>\n\n\n\n<ul class=\"wp-block-list\"><li>Selon la <strong>charpente<\/strong> que tu choisis la technique d&rsquo;<strong>isolation<\/strong> ne sera pas syst\u00e9matiquement la m\u00eame. Veille donc \u00e0 bien anticiper la question de l&rsquo;<a href=\"https:\/\/fr.twiza.org\/portail\/isolation\/\" target=\"_blank\" rel=\"noreferrer noopener\">isolation<\/a> avant de choisir ton mod\u00e8le de charpente.<\/li><\/ul>\n\n\n\n<p><\/p>\n\n\n\n<ul class=\"wp-block-list\"><li>Si ton projet comprend une chemin\u00e9e, n&rsquo;oublie pas de prendre en compte la <strong>tr\u00e9mie<\/strong> (sortie de chemin\u00e9e) lors de la <a href=\"https:\/\/fr.twiza.org\/portail\/conception\/\" target=\"_blank\" rel=\"noreferrer noopener\">conception<\/a> de ta <strong>charpente<\/strong>.<\/li><\/ul>\n\n\n\n<h2 class=\"wp-block-heading\">R\u00e9f\u00e9rences documentaires<\/h2>\n\n\n\n<ul class=\"wp-block-list\"><li>DTU 31.1<\/li><\/ul>\n\n\n\n<div style=\"height:50px\" aria-hidden=\"true\" class=\"wp-block-spacer\"><\/div>\n","protected":false},"excerpt":{"rendered":"<p>Charpente : d\u00e9finition La charpente est une ossature compos\u00e9e de pi\u00e8ces de bois, de m\u00e9tal ou de b\u00e9ton, sur laquelle va reposer ta couverture (formant ensemble la toiture). Elle est constitu\u00e9e de poteaux et de poutres. Les pi\u00e8ces ma\u00eetresses les plus courantes sont : la ferme, les pannes, les chevrons [&hellip;]<\/p>\n","protected":false},"author":3,"featured_media":0,"parent":0,"menu_order":0,"comment_status":"closed","ping_status":"closed","template":"","meta":{"_eb_attr":"","_themeisle_gutenberg_block_has_review":false,"footnotes":""},"class_list":["post-2754","page","type-page","status-publish","hentry"],"yoast_head":"<!-- This site is optimized with the Yoast SEO Premium plugin v27.2 (Yoast SEO v27.4) - https:\/\/yoast.com\/product\/yoast-seo-premium-wordpress\/ -->\n<title>Quelle type de charpente choisir pour ma maison ?<\/title>\n<meta name=\"description\" content=\"Quelle charpente choisir pour ma maison ? Charpente traditionnelle, fermette, avec chevrons porteurs, en lamell\u00e9-coll\u00e9...\" \/>\n<meta name=\"robots\" content=\"index, follow, max-snippet:-1, max-image-preview:large, max-video-preview:-1\" \/>\n<link rel=\"canonical\" href=\"https:\/\/fr.twiza.org\/portail\/charpente\/\" \/>\n<meta property=\"og:locale\" content=\"fr_FR\" \/>\n<meta property=\"og:type\" content=\"article\" \/>\n<meta property=\"og:title\" content=\"Charpente\" \/>\n<meta property=\"og:description\" content=\"Quelle charpente choisir pour ma maison ? Charpente traditionnelle, fermette, avec chevrons porteurs, en lamell\u00e9-coll\u00e9...\" \/>\n<meta property=\"og:url\" content=\"https:\/\/fr.twiza.org\/portail\/charpente\/\" \/>\n<meta property=\"og:site_name\" content=\"R\u00e9seau Twiza\" \/>\n<meta property=\"article:publisher\" content=\"https:\/\/fr-fr.facebook.com\/Twiza.fr\/\" \/>\n<meta property=\"article:modified_time\" content=\"2022-05-20T15:38:10+00:00\" \/>\n<meta property=\"og:image\" content=\"https:\/\/fr.twiza.org\/portail\/wp-content\/uploads\/2021\/08\/DEF-charpente-7-O-edited.jpeg\" \/>\n<meta name=\"twitter:card\" content=\"summary_large_image\" \/>\n<script type=\"application\/ld+json\" class=\"yoast-schema-graph\">{\"@context\":\"https:\\\/\\\/schema.org\",\"@graph\":[{\"@type\":\"WebPage\",\"@id\":\"https:\\\/\\\/fr.twiza.org\\\/portail\\\/charpente\\\/\",\"url\":\"https:\\\/\\\/fr.twiza.org\\\/portail\\\/charpente\\\/\",\"name\":\"Quelle type de charpente choisir pour ma maison ?\",\"isPartOf\":{\"@id\":\"https:\\\/\\\/fr.twiza.org\\\/portail\\\/#website\"},\"primaryImageOfPage\":{\"@id\":\"https:\\\/\\\/fr.twiza.org\\\/portail\\\/charpente\\\/#primaryimage\"},\"image\":{\"@id\":\"https:\\\/\\\/fr.twiza.org\\\/portail\\\/charpente\\\/#primaryimage\"},\"thumbnailUrl\":\"https:\\\/\\\/fr.twiza.org\\\/portail\\\/wp-content\\\/uploads\\\/2021\\\/08\\\/DEF-charpente-7-O-edited.jpeg\",\"datePublished\":\"2021-10-05T12:30:37+00:00\",\"dateModified\":\"2022-05-20T15:38:10+00:00\",\"description\":\"Quelle charpente choisir pour ma maison ? Charpente traditionnelle, fermette, avec chevrons porteurs, en lamell\u00e9-coll\u00e9...\",\"breadcrumb\":{\"@id\":\"https:\\\/\\\/fr.twiza.org\\\/portail\\\/charpente\\\/#breadcrumb\"},\"inLanguage\":\"fr-FR\",\"potentialAction\":[{\"@type\":\"ReadAction\",\"target\":[\"https:\\\/\\\/fr.twiza.org\\\/portail\\\/charpente\\\/\"]}]},{\"@type\":\"ImageObject\",\"inLanguage\":\"fr-FR\",\"@id\":\"https:\\\/\\\/fr.twiza.org\\\/portail\\\/charpente\\\/#primaryimage\",\"url\":\"https:\\\/\\\/fr.twiza.org\\\/portail\\\/wp-content\\\/uploads\\\/2021\\\/08\\\/DEF-charpente-7-O-edited.jpeg\",\"contentUrl\":\"https:\\\/\\\/fr.twiza.org\\\/portail\\\/wp-content\\\/uploads\\\/2021\\\/08\\\/DEF-charpente-7-O-edited.jpeg\",\"width\":1000,\"height\":563},{\"@type\":\"BreadcrumbList\",\"@id\":\"https:\\\/\\\/fr.twiza.org\\\/portail\\\/charpente\\\/#breadcrumb\",\"itemListElement\":[{\"@type\":\"ListItem\",\"position\":1,\"name\":\"Accueil\",\"item\":\"https:\\\/\\\/fr.twiza.org\\\/portail\\\/\"},{\"@type\":\"ListItem\",\"position\":2,\"name\":\"Charpente\"}]},{\"@type\":\"WebSite\",\"@id\":\"https:\\\/\\\/fr.twiza.org\\\/portail\\\/#website\",\"url\":\"https:\\\/\\\/fr.twiza.org\\\/portail\\\/\",\"name\":\"R\u00e9seau Twiza\",\"description\":\"Entraide pour un habitat \u00e9cologique, convivial et r\u00e9silient\",\"publisher\":{\"@id\":\"https:\\\/\\\/fr.twiza.org\\\/portail\\\/#organization\"},\"potentialAction\":[{\"@type\":\"SearchAction\",\"target\":{\"@type\":\"EntryPoint\",\"urlTemplate\":\"https:\\\/\\\/fr.twiza.org\\\/portail\\\/?s={search_term_string}\"},\"query-input\":{\"@type\":\"PropertyValueSpecification\",\"valueRequired\":true,\"valueName\":\"search_term_string\"}}],\"inLanguage\":\"fr-FR\"},{\"@type\":\"Organization\",\"@id\":\"https:\\\/\\\/fr.twiza.org\\\/portail\\\/#organization\",\"name\":\"R\u00e9seau Twiza\",\"url\":\"https:\\\/\\\/fr.twiza.org\\\/portail\\\/\",\"logo\":{\"@type\":\"ImageObject\",\"inLanguage\":\"fr-FR\",\"@id\":\"https:\\\/\\\/fr.twiza.org\\\/portail\\\/#\\\/schema\\\/logo\\\/image\\\/\",\"url\":\"https:\\\/\\\/fr.twiza.org\\\/portail\\\/wp-content\\\/uploads\\\/2021\\\/05\\\/cropped-logo-reseau-twiza.jpg\",\"contentUrl\":\"https:\\\/\\\/fr.twiza.org\\\/portail\\\/wp-content\\\/uploads\\\/2021\\\/05\\\/cropped-logo-reseau-twiza.jpg\",\"width\":400,\"height\":102,\"caption\":\"R\u00e9seau Twiza\"},\"image\":{\"@id\":\"https:\\\/\\\/fr.twiza.org\\\/portail\\\/#\\\/schema\\\/logo\\\/image\\\/\"},\"sameAs\":[\"https:\\\/\\\/fr-fr.facebook.com\\\/Twiza.fr\\\/\",\"https:\\\/\\\/www.instagram.com\\\/twiza_fr\\\/\",\"https:\\\/\\\/www.linkedin.com\\\/company\\\/reseautwiza\\\/\"]}]}<\/script>\n<!-- \/ Yoast SEO Premium plugin. -->","yoast_head_json":{"title":"Quelle type de charpente choisir pour ma maison ?","description":"Quelle charpente choisir pour ma maison ? Charpente traditionnelle, fermette, avec chevrons porteurs, en lamell\u00e9-coll\u00e9...","robots":{"index":"index","follow":"follow","max-snippet":"max-snippet:-1","max-image-preview":"max-image-preview:large","max-video-preview":"max-video-preview:-1"},"canonical":"https:\/\/fr.twiza.org\/portail\/charpente\/","og_locale":"fr_FR","og_type":"article","og_title":"Charpente","og_description":"Quelle charpente choisir pour ma maison ? Charpente traditionnelle, fermette, avec chevrons porteurs, en lamell\u00e9-coll\u00e9...","og_url":"https:\/\/fr.twiza.org\/portail\/charpente\/","og_site_name":"R\u00e9seau Twiza","article_publisher":"https:\/\/fr-fr.facebook.com\/Twiza.fr\/","article_modified_time":"2022-05-20T15:38:10+00:00","og_image":[{"url":"https:\/\/fr.twiza.org\/portail\/wp-content\/uploads\/2021\/08\/DEF-charpente-7-O-edited.jpeg","type":"","width":"","height":""}],"twitter_card":"summary_large_image","schema":{"@context":"https:\/\/schema.org","@graph":[{"@type":"WebPage","@id":"https:\/\/fr.twiza.org\/portail\/charpente\/","url":"https:\/\/fr.twiza.org\/portail\/charpente\/","name":"Quelle type de charpente choisir pour ma maison ?","isPartOf":{"@id":"https:\/\/fr.twiza.org\/portail\/#website"},"primaryImageOfPage":{"@id":"https:\/\/fr.twiza.org\/portail\/charpente\/#primaryimage"},"image":{"@id":"https:\/\/fr.twiza.org\/portail\/charpente\/#primaryimage"},"thumbnailUrl":"https:\/\/fr.twiza.org\/portail\/wp-content\/uploads\/2021\/08\/DEF-charpente-7-O-edited.jpeg","datePublished":"2021-10-05T12:30:37+00:00","dateModified":"2022-05-20T15:38:10+00:00","description":"Quelle charpente choisir pour ma maison ? Charpente traditionnelle, fermette, avec chevrons porteurs, en lamell\u00e9-coll\u00e9...","breadcrumb":{"@id":"https:\/\/fr.twiza.org\/portail\/charpente\/#breadcrumb"},"inLanguage":"fr-FR","potentialAction":[{"@type":"ReadAction","target":["https:\/\/fr.twiza.org\/portail\/charpente\/"]}]},{"@type":"ImageObject","inLanguage":"fr-FR","@id":"https:\/\/fr.twiza.org\/portail\/charpente\/#primaryimage","url":"https:\/\/fr.twiza.org\/portail\/wp-content\/uploads\/2021\/08\/DEF-charpente-7-O-edited.jpeg","contentUrl":"https:\/\/fr.twiza.org\/portail\/wp-content\/uploads\/2021\/08\/DEF-charpente-7-O-edited.jpeg","width":1000,"height":563},{"@type":"BreadcrumbList","@id":"https:\/\/fr.twiza.org\/portail\/charpente\/#breadcrumb","itemListElement":[{"@type":"ListItem","position":1,"name":"Accueil","item":"https:\/\/fr.twiza.org\/portail\/"},{"@type":"ListItem","position":2,"name":"Charpente"}]},{"@type":"WebSite","@id":"https:\/\/fr.twiza.org\/portail\/#website","url":"https:\/\/fr.twiza.org\/portail\/","name":"R\u00e9seau Twiza","description":"Entraide pour un habitat \u00e9cologique, convivial et r\u00e9silient","publisher":{"@id":"https:\/\/fr.twiza.org\/portail\/#organization"},"potentialAction":[{"@type":"SearchAction","target":{"@type":"EntryPoint","urlTemplate":"https:\/\/fr.twiza.org\/portail\/?s={search_term_string}"},"query-input":{"@type":"PropertyValueSpecification","valueRequired":true,"valueName":"search_term_string"}}],"inLanguage":"fr-FR"},{"@type":"Organization","@id":"https:\/\/fr.twiza.org\/portail\/#organization","name":"R\u00e9seau Twiza","url":"https:\/\/fr.twiza.org\/portail\/","logo":{"@type":"ImageObject","inLanguage":"fr-FR","@id":"https:\/\/fr.twiza.org\/portail\/#\/schema\/logo\/image\/","url":"https:\/\/fr.twiza.org\/portail\/wp-content\/uploads\/2021\/05\/cropped-logo-reseau-twiza.jpg","contentUrl":"https:\/\/fr.twiza.org\/portail\/wp-content\/uploads\/2021\/05\/cropped-logo-reseau-twiza.jpg","width":400,"height":102,"caption":"R\u00e9seau Twiza"},"image":{"@id":"https:\/\/fr.twiza.org\/portail\/#\/schema\/logo\/image\/"},"sameAs":["https:\/\/fr-fr.facebook.com\/Twiza.fr\/","https:\/\/www.instagram.com\/twiza_fr\/","https:\/\/www.linkedin.com\/company\/reseautwiza\/"]}]}},"jetpack_sharing_enabled":true,"_links":{"self":[{"href":"https:\/\/fr.twiza.org\/portail\/wp-json\/wp\/v2\/pages\/2754","targetHints":{"allow":["GET"]}}],"collection":[{"href":"https:\/\/fr.twiza.org\/portail\/wp-json\/wp\/v2\/pages"}],"about":[{"href":"https:\/\/fr.twiza.org\/portail\/wp-json\/wp\/v2\/types\/page"}],"author":[{"embeddable":true,"href":"https:\/\/fr.twiza.org\/portail\/wp-json\/wp\/v2\/users\/3"}],"replies":[{"embeddable":true,"href":"https:\/\/fr.twiza.org\/portail\/wp-json\/wp\/v2\/comments?post=2754"}],"version-history":[{"count":19,"href":"https:\/\/fr.twiza.org\/portail\/wp-json\/wp\/v2\/pages\/2754\/revisions"}],"predecessor-version":[{"id":5316,"href":"https:\/\/fr.twiza.org\/portail\/wp-json\/wp\/v2\/pages\/2754\/revisions\/5316"}],"wp:attachment":[{"href":"https:\/\/fr.twiza.org\/portail\/wp-json\/wp\/v2\/media?parent=2754"}],"curies":[{"name":"wp","href":"https:\/\/api.w.org\/{rel}","templated":true}]}}