{"id":2769,"date":"2021-10-05T14:27:40","date_gmt":"2021-10-05T12:27:40","guid":{"rendered":"https:\/\/fr.twiza.org\/portail\/?page_id=2769"},"modified":"2022-05-20T17:37:32","modified_gmt":"2022-05-20T15:37:32","slug":"couverture","status":"publish","type":"page","link":"https:\/\/fr.twiza.org\/portail\/couverture\/","title":{"rendered":"Couverture"},"content":{"rendered":"\n<figure class=\"wp-block-image size-full\"><img fetchpriority=\"high\" decoding=\"async\" width=\"1000\" height=\"563\" src=\"https:\/\/fr.twiza.org\/portail\/wp-content\/uploads\/2021\/08\/Toiture-1-O-edited.jpeg\" alt=\"\" class=\"wp-image-2771\" srcset=\"https:\/\/fr.twiza.org\/portail\/wp-content\/uploads\/2021\/08\/Toiture-1-O-edited.jpeg 1000w, https:\/\/fr.twiza.org\/portail\/wp-content\/uploads\/2021\/08\/Toiture-1-O-edited-600x338.jpeg 600w, https:\/\/fr.twiza.org\/portail\/wp-content\/uploads\/2021\/08\/Toiture-1-O-edited-300x169.jpeg 300w, https:\/\/fr.twiza.org\/portail\/wp-content\/uploads\/2021\/08\/Toiture-1-O-edited-768x432.jpeg 768w\" sizes=\"(max-width: 1000px) 100vw, 1000px\" \/><\/figure>\n\n\n\n<h2 class=\"wp-block-heading\">Couverture : d\u00e9finition<\/h2>\n\n\n\n<p>La <strong>couverture<\/strong> de ta maison repr\u00e9sente le <strong>rev\u00eatement ext\u00e9rieur<\/strong> de ta <strong>toiture<\/strong>. Elle recouvre et prot\u00e8ge ta <a href=\"https:\/\/fr.twiza.org\/portail\/charpente\/\" target=\"_blank\" rel=\"noreferrer noopener\">charpente<\/a> et l&rsquo;<a href=\"https:\/\/fr.twiza.org\/portail\/isolation\/\" target=\"_blank\" rel=\"noreferrer noopener\">isolation<\/a> de ton toit.<\/p>\n\n\n\n<p>Elle doit \u00eatre \u00e0 la fois <strong>\u00e9tanche<\/strong> et <strong>r\u00e9sistante<\/strong> face aux al\u00e9as climatiques.<\/p>\n\n\n\n<p>La couverture canalise les <strong>eaux pluviales<\/strong> et participe \u00e0 l&rsquo;<strong>\u00e9tanch\u00e9it\u00e9<\/strong> d&rsquo;un b\u00e2timent.<\/p>\n\n\n\n<p>Et l&rsquo;<strong>esth\u00e9tique<\/strong> dans tout \u00e7a! C&rsquo;est un \u00e9l\u00e9ment important \u00e0 prendre en compte car ta couverture est la partie apparente de ta toiture.<\/p>\n\n\n\n<p>D&rsquo;ailleurs veille bien \u00e0 te renseigner sur les <strong>r\u00e8gles d&rsquo;urbanisme<\/strong> associ\u00e9es \u00e0 ta zone g\u00e9ographique. En fonction de ces derni\u00e8res, mais aussi de tes pr\u00e9f\u00e9rences et de ton budget, tu pourras choisir entre les nombreux mat\u00e9riaux de couverture possible : <\/p>\n\n\n\n<ul class=\"wp-block-list\"><li><strong>ardoises<\/strong><\/li><li><strong>zinc<\/strong><\/li><li><strong>tuile en terre cuite<\/strong><\/li><li><strong>chaume<\/strong> et bien d&rsquo;autres !<\/li><\/ul>\n\n\n\n<h2 class=\"wp-block-heading\">Les diff\u00e9rents types de couvertures <\/h2>\n\n\n\n<h3 class=\"wp-block-heading\" id=\"h-couverture-conventionnelle\">Couverture conventionnelle<\/h3>\n\n\n\n<p>Les m\u00e9thodes de <strong>couverture<\/strong> les plus couramment utilis\u00e9es, et bien connues des couvreurs, sont celles avec la <strong>tuile<\/strong> et l&rsquo;<strong>ardoise<\/strong>.<\/p>\n\n\n\n<p>Elles peuvent \u00eatre consid\u00e9r\u00e9es comme \u00e9cologiques si les tuiles d&rsquo;argile en terre cuite ou les ardoises naturelles sont exploit\u00e9es et fabriqu\u00e9es <strong>localement<\/strong>. C&rsquo;est encore possible en France pour les tuiles en terre cuite. Quant aux ardoises, \u00e0 l&rsquo;heure d&rsquo;aujourd&rsquo;hui, elles sont le plus g\u00e9n\u00e9ralement import\u00e9es d&rsquo;Espagne.<\/p>\n\n\n\n<h3 class=\"wp-block-heading\">Couverture en bardeaux de bois<\/h3>\n\n\n\n<p>Les <strong>bardeaux<\/strong> se pr\u00e9sentent sous la forme de <strong>planchettes<\/strong> de <strong>bois<\/strong> (tuiles de bois). Ils peuvent servir de couverture de toit ou de fa\u00e7ade et sont g\u00e9n\u00e9ralement clou\u00e9s ou charg\u00e9s de pierre. La long\u00e9vit\u00e9 d&rsquo;une couverture en bardeaux de bois de <strong>ch\u00eane<\/strong>, <strong>\u00e9pic\u00e9a<\/strong> ou <strong>m\u00e9l\u00e8ze<\/strong> se situe entre <strong>40<\/strong> et <strong>80 ans<\/strong>, et jusqu&rsquo;\u00e0 1 si\u00e8cle pour le bois de <strong>ch\u00e2taignier<\/strong>. <\/p>\n\n\n\n<p>Ce type de toiture doit \u00eatre constitu\u00e9e d&rsquo;une pente au minimum \u00e0 30\u00b0 et assure une excellente r\u00e9sistance aux intemp\u00e9ries. Il existe deux types de bardeaux de bois : <\/p>\n\n\n\n<ul class=\"wp-block-list\"><li><strong>Les bardeaux de bois fendus<\/strong> : traditionnels \u00e0 l&rsquo;aspect plus rustiques et irr\u00e9guliers, ils offrent une meilleur dur\u00e9e de vie que les second.<\/li><li><strong>Les bardeaux de bois sci\u00e9s<\/strong> : \u00e0 l&rsquo;aspect plus moderne, moins on\u00e9reux que les bardeaux de bois fendus, avec une plus faible long\u00e9vit\u00e9 en contre-partie.<\/li><\/ul>\n\n\n\n<h3 class=\"wp-block-heading\">Toit de chaume<\/h3>\n\n\n\n<p>La technique du toit de chaume \u00e9taient tr\u00e8s r\u00e9pandue jusqu&rsquo;au XVIII \u00e8me si\u00e8cle, en raison de ses bonnes capacit\u00e9s d&rsquo;<strong>isolation<\/strong> <strong>thermique<\/strong> et du <strong>faible co\u00fbt<\/strong> de ses mat\u00e9riaux. <\/p>\n\n\n\n<p>Les couvertures sont constitu\u00e9es de roseaux, de paille de bl\u00e9 ou de seigle, de gen\u00eats, de joncs etc. Cette technique est tr\u00e8s appr\u00e9ci\u00e9e pour ses qualit\u00e9s d&rsquo;<strong>isolant naturel<\/strong>, aussi bien <strong>thermique<\/strong> qu&rsquo;<strong>acoustique<\/strong>. <\/p>\n\n\n\n<p>Elle refait surface avec des nouveaux outils qui permettent d&rsquo;obtenir une meilleur <strong>r\u00e9sistance<\/strong> <strong>au feu<\/strong>. La pente du toit doit \u00eatre au minimum de 40\u00b0 . <\/p>\n\n\n\n<p>Actuellement, la dur\u00e9e de vie des couvertures en chaume peut atteindre <strong>50 ans<\/strong>, en prenant un compte un <strong>entretien<\/strong> tous les <strong>3 ans<\/strong> afin d&rsquo;\u00e9liminer les chaumes endommag\u00e9es.<\/p>\n\n\n\n<h3 class=\"wp-block-heading\">Toit v\u00e9g\u00e9talis\u00e9<\/h3>\n\n\n\n<p>Les techniques de <strong>toiture v\u00e9g\u00e9talis\u00e9e<\/strong> existent depuis l&rsquo;\u00e9poque n\u00e9olithique. Le principe est de recouvrir un toit plat ou \u00e0 faible pente (jusqu&rsquo;\u00e0 environ 30\u00b0) de v\u00e9g\u00e9tation. Les toits v\u00e9g\u00e9talis\u00e9s pr\u00e9sentent de nombreux avantages en terme de <strong>protection<\/strong> <strong>de la biodiversit\u00e9<\/strong> et <strong>de l&rsquo;environnement<\/strong> : cr\u00e9ation d&rsquo;\u00e9cosyst\u00e8me, optimisation de la photosynth\u00e8se, du cycle de l&rsquo;eau etc. Ils garantissent \u00e9galement un bon <strong>confort thermique<\/strong> d&rsquo;\u00e9t\u00e9 et permettent de lutter contre les \u00eelots de chaleur en milieu urbain. <\/p>\n\n\n\n<p>Contrairement \u00e0 ce que l&rsquo;on pourrait penser, les <strong>toits v\u00e9g\u00e9talis\u00e9s<\/strong> offrent bien souvent une meilleure <strong>stabilit\u00e9<\/strong> et <strong>\u00e9tanch\u00e9it\u00e9<\/strong> que les toitures classiques. En effet, le <strong>syst\u00e8me racinaire<\/strong> peut retenir jusqu&rsquo;\u00e0 <strong>50% des eaux pluviales<\/strong> et ainsi limiter le rejet d&rsquo;eau sur la parcelle et l&rsquo;engorgement des r\u00e9seaux d&rsquo;\u00e9vacuation en cas de fortes pluies.<\/p>\n\n\n\n<p>Voici une pr\u00e9sentation des 3 grands types de toits v\u00e9g\u00e9talis\u00e9s les plus courants :<\/p>\n\n\n\n<ul class=\"wp-block-list\"><li><strong>Extensif<\/strong> : constitu\u00e9 d&rsquo;un tapis v\u00e9g\u00e9tal n\u00e9cessitant peu d&rsquo;entretien, il repose sur un support en bois, acier ou b\u00e9ton. La diversit\u00e9 des esp\u00e8ces v\u00e9g\u00e9tales est limit\u00e9e, au profit principalement des plantes sauvages ou horticoles.<\/li><li><strong>Intensif<\/strong> : il est beaucoup plus fourni en v\u00e9g\u00e9tation de toutes sortes (fleurs, buissons, herbe, arbres etc.) tel un v\u00e9ritable jardin. Quant au support il sera forc\u00e9ment en b\u00e9ton en raison du poids plus important de la v\u00e9g\u00e9tation. Son entretien r\u00e9gulier est important.<\/li><li><strong>Semi-intensif<\/strong> : cette technique se situe \u00e0 \u00e0 mi-chemin des deux pr\u00e9c\u00e9dentes. Elle offre la possibilit\u00e9 d&rsquo;utiliser une plus grande vari\u00e9t\u00e9 de v\u00e9g\u00e9taux, tels que des plantes couvre-sol par exemple.<\/li><\/ul>\n\n\n\n<p><\/p>\n\n\n\n<h2 class=\"wp-block-heading\">R\u00e9f\u00e9rences documentaires<\/h2>\n\n\n\n<p>R\u00e8glementation professionnelle de la conception et r\u00e9alisation de terrasses et toitures v\u00e9g\u00e9talis\u00e9es :<\/p>\n\n\n\n<ul class=\"wp-block-list\"><li>DTU 40<\/li><li>DTU 43.1<\/li><\/ul>\n\n\n\n<div style=\"height:50px\" aria-hidden=\"true\" class=\"wp-block-spacer\"><\/div>\n","protected":false},"excerpt":{"rendered":"<p>Couverture : d\u00e9finition La couverture de ta maison repr\u00e9sente le rev\u00eatement ext\u00e9rieur de ta toiture. Elle recouvre et prot\u00e8ge ta charpente et l&rsquo;isolation de ton toit. Elle doit \u00eatre \u00e0 la fois \u00e9tanche et r\u00e9sistante face aux al\u00e9as climatiques. La couverture canalise les eaux pluviales et participe \u00e0 l&rsquo;\u00e9tanch\u00e9it\u00e9 d&rsquo;un [&hellip;]<\/p>\n","protected":false},"author":3,"featured_media":0,"parent":0,"menu_order":0,"comment_status":"closed","ping_status":"closed","template":"","meta":{"_eb_attr":"","_themeisle_gutenberg_block_has_review":false,"footnotes":""},"class_list":["post-2769","page","type-page","status-publish","hentry"],"yoast_head":"<!-- This site is optimized with the Yoast SEO Premium plugin v27.2 (Yoast SEO v27.3) - https:\/\/yoast.com\/product\/yoast-seo-premium-wordpress\/ -->\n<title>Couverture<\/title>\n<meta name=\"description\" content=\"Quelle alternative \u00e9cologique choisir pour la couverture de ma maison ? Tuiles, ardoises, bardeaux de bois, chaume, toit v\u00e9g\u00e9talis\u00e9...?\" \/>\n<meta name=\"robots\" content=\"index, follow, max-snippet:-1, max-image-preview:large, max-video-preview:-1\" \/>\n<link rel=\"canonical\" href=\"https:\/\/fr.twiza.org\/portail\/couverture\/\" \/>\n<meta property=\"og:locale\" content=\"fr_FR\" \/>\n<meta property=\"og:type\" content=\"article\" \/>\n<meta property=\"og:title\" content=\"Couverture\" \/>\n<meta property=\"og:description\" content=\"Quelle alternative \u00e9cologique choisir pour la couverture de ma maison ? Tuiles, ardoises, bardeaux de bois, chaume, toit v\u00e9g\u00e9talis\u00e9...?\" \/>\n<meta property=\"og:url\" content=\"https:\/\/fr.twiza.org\/portail\/couverture\/\" \/>\n<meta property=\"og:site_name\" content=\"R\u00e9seau Twiza\" \/>\n<meta property=\"article:publisher\" content=\"https:\/\/fr-fr.facebook.com\/Twiza.fr\/\" \/>\n<meta property=\"article:modified_time\" content=\"2022-05-20T15:37:32+00:00\" \/>\n<meta property=\"og:image\" content=\"https:\/\/fr.twiza.org\/portail\/wp-content\/uploads\/2021\/08\/Toiture-1-O-edited.jpeg\" \/>\n<meta name=\"twitter:card\" content=\"summary_large_image\" \/>\n<script type=\"application\/ld+json\" class=\"yoast-schema-graph\">{\"@context\":\"https:\\\/\\\/schema.org\",\"@graph\":[{\"@type\":\"WebPage\",\"@id\":\"https:\\\/\\\/fr.twiza.org\\\/portail\\\/couverture\\\/\",\"url\":\"https:\\\/\\\/fr.twiza.org\\\/portail\\\/couverture\\\/\",\"name\":\"Couverture\",\"isPartOf\":{\"@id\":\"https:\\\/\\\/fr.twiza.org\\\/portail\\\/#website\"},\"primaryImageOfPage\":{\"@id\":\"https:\\\/\\\/fr.twiza.org\\\/portail\\\/couverture\\\/#primaryimage\"},\"image\":{\"@id\":\"https:\\\/\\\/fr.twiza.org\\\/portail\\\/couverture\\\/#primaryimage\"},\"thumbnailUrl\":\"https:\\\/\\\/fr.twiza.org\\\/portail\\\/wp-content\\\/uploads\\\/2021\\\/08\\\/Toiture-1-O-edited.jpeg\",\"datePublished\":\"2021-10-05T12:27:40+00:00\",\"dateModified\":\"2022-05-20T15:37:32+00:00\",\"description\":\"Quelle alternative \u00e9cologique choisir pour la couverture de ma maison ? Tuiles, ardoises, bardeaux de bois, chaume, toit v\u00e9g\u00e9talis\u00e9...?\",\"breadcrumb\":{\"@id\":\"https:\\\/\\\/fr.twiza.org\\\/portail\\\/couverture\\\/#breadcrumb\"},\"inLanguage\":\"fr-FR\",\"potentialAction\":[{\"@type\":\"ReadAction\",\"target\":[\"https:\\\/\\\/fr.twiza.org\\\/portail\\\/couverture\\\/\"]}]},{\"@type\":\"ImageObject\",\"inLanguage\":\"fr-FR\",\"@id\":\"https:\\\/\\\/fr.twiza.org\\\/portail\\\/couverture\\\/#primaryimage\",\"url\":\"https:\\\/\\\/fr.twiza.org\\\/portail\\\/wp-content\\\/uploads\\\/2021\\\/08\\\/Toiture-1-O-edited.jpeg\",\"contentUrl\":\"https:\\\/\\\/fr.twiza.org\\\/portail\\\/wp-content\\\/uploads\\\/2021\\\/08\\\/Toiture-1-O-edited.jpeg\",\"width\":1000,\"height\":563},{\"@type\":\"BreadcrumbList\",\"@id\":\"https:\\\/\\\/fr.twiza.org\\\/portail\\\/couverture\\\/#breadcrumb\",\"itemListElement\":[{\"@type\":\"ListItem\",\"position\":1,\"name\":\"Accueil\",\"item\":\"https:\\\/\\\/fr.twiza.org\\\/portail\\\/\"},{\"@type\":\"ListItem\",\"position\":2,\"name\":\"Couverture\"}]},{\"@type\":\"WebSite\",\"@id\":\"https:\\\/\\\/fr.twiza.org\\\/portail\\\/#website\",\"url\":\"https:\\\/\\\/fr.twiza.org\\\/portail\\\/\",\"name\":\"R\u00e9seau Twiza\",\"description\":\"Entraide pour un habitat \u00e9cologique, convivial et r\u00e9silient\",\"publisher\":{\"@id\":\"https:\\\/\\\/fr.twiza.org\\\/portail\\\/#organization\"},\"potentialAction\":[{\"@type\":\"SearchAction\",\"target\":{\"@type\":\"EntryPoint\",\"urlTemplate\":\"https:\\\/\\\/fr.twiza.org\\\/portail\\\/?s={search_term_string}\"},\"query-input\":{\"@type\":\"PropertyValueSpecification\",\"valueRequired\":true,\"valueName\":\"search_term_string\"}}],\"inLanguage\":\"fr-FR\"},{\"@type\":\"Organization\",\"@id\":\"https:\\\/\\\/fr.twiza.org\\\/portail\\\/#organization\",\"name\":\"R\u00e9seau Twiza\",\"url\":\"https:\\\/\\\/fr.twiza.org\\\/portail\\\/\",\"logo\":{\"@type\":\"ImageObject\",\"inLanguage\":\"fr-FR\",\"@id\":\"https:\\\/\\\/fr.twiza.org\\\/portail\\\/#\\\/schema\\\/logo\\\/image\\\/\",\"url\":\"https:\\\/\\\/fr.twiza.org\\\/portail\\\/wp-content\\\/uploads\\\/2021\\\/05\\\/cropped-logo-reseau-twiza.jpg\",\"contentUrl\":\"https:\\\/\\\/fr.twiza.org\\\/portail\\\/wp-content\\\/uploads\\\/2021\\\/05\\\/cropped-logo-reseau-twiza.jpg\",\"width\":400,\"height\":102,\"caption\":\"R\u00e9seau Twiza\"},\"image\":{\"@id\":\"https:\\\/\\\/fr.twiza.org\\\/portail\\\/#\\\/schema\\\/logo\\\/image\\\/\"},\"sameAs\":[\"https:\\\/\\\/fr-fr.facebook.com\\\/Twiza.fr\\\/\",\"https:\\\/\\\/www.instagram.com\\\/twiza_fr\\\/\",\"https:\\\/\\\/www.linkedin.com\\\/company\\\/reseautwiza\\\/\"]}]}<\/script>\n<!-- \/ Yoast SEO Premium plugin. -->","yoast_head_json":{"title":"Couverture","description":"Quelle alternative \u00e9cologique choisir pour la couverture de ma maison ? Tuiles, ardoises, bardeaux de bois, chaume, toit v\u00e9g\u00e9talis\u00e9...?","robots":{"index":"index","follow":"follow","max-snippet":"max-snippet:-1","max-image-preview":"max-image-preview:large","max-video-preview":"max-video-preview:-1"},"canonical":"https:\/\/fr.twiza.org\/portail\/couverture\/","og_locale":"fr_FR","og_type":"article","og_title":"Couverture","og_description":"Quelle alternative \u00e9cologique choisir pour la couverture de ma maison ? Tuiles, ardoises, bardeaux de bois, chaume, toit v\u00e9g\u00e9talis\u00e9...?","og_url":"https:\/\/fr.twiza.org\/portail\/couverture\/","og_site_name":"R\u00e9seau Twiza","article_publisher":"https:\/\/fr-fr.facebook.com\/Twiza.fr\/","article_modified_time":"2022-05-20T15:37:32+00:00","og_image":[{"url":"https:\/\/fr.twiza.org\/portail\/wp-content\/uploads\/2021\/08\/Toiture-1-O-edited.jpeg","type":"","width":"","height":""}],"twitter_card":"summary_large_image","schema":{"@context":"https:\/\/schema.org","@graph":[{"@type":"WebPage","@id":"https:\/\/fr.twiza.org\/portail\/couverture\/","url":"https:\/\/fr.twiza.org\/portail\/couverture\/","name":"Couverture","isPartOf":{"@id":"https:\/\/fr.twiza.org\/portail\/#website"},"primaryImageOfPage":{"@id":"https:\/\/fr.twiza.org\/portail\/couverture\/#primaryimage"},"image":{"@id":"https:\/\/fr.twiza.org\/portail\/couverture\/#primaryimage"},"thumbnailUrl":"https:\/\/fr.twiza.org\/portail\/wp-content\/uploads\/2021\/08\/Toiture-1-O-edited.jpeg","datePublished":"2021-10-05T12:27:40+00:00","dateModified":"2022-05-20T15:37:32+00:00","description":"Quelle alternative \u00e9cologique choisir pour la couverture de ma maison ? Tuiles, ardoises, bardeaux de bois, chaume, toit v\u00e9g\u00e9talis\u00e9...?","breadcrumb":{"@id":"https:\/\/fr.twiza.org\/portail\/couverture\/#breadcrumb"},"inLanguage":"fr-FR","potentialAction":[{"@type":"ReadAction","target":["https:\/\/fr.twiza.org\/portail\/couverture\/"]}]},{"@type":"ImageObject","inLanguage":"fr-FR","@id":"https:\/\/fr.twiza.org\/portail\/couverture\/#primaryimage","url":"https:\/\/fr.twiza.org\/portail\/wp-content\/uploads\/2021\/08\/Toiture-1-O-edited.jpeg","contentUrl":"https:\/\/fr.twiza.org\/portail\/wp-content\/uploads\/2021\/08\/Toiture-1-O-edited.jpeg","width":1000,"height":563},{"@type":"BreadcrumbList","@id":"https:\/\/fr.twiza.org\/portail\/couverture\/#breadcrumb","itemListElement":[{"@type":"ListItem","position":1,"name":"Accueil","item":"https:\/\/fr.twiza.org\/portail\/"},{"@type":"ListItem","position":2,"name":"Couverture"}]},{"@type":"WebSite","@id":"https:\/\/fr.twiza.org\/portail\/#website","url":"https:\/\/fr.twiza.org\/portail\/","name":"R\u00e9seau Twiza","description":"Entraide pour un habitat \u00e9cologique, convivial et r\u00e9silient","publisher":{"@id":"https:\/\/fr.twiza.org\/portail\/#organization"},"potentialAction":[{"@type":"SearchAction","target":{"@type":"EntryPoint","urlTemplate":"https:\/\/fr.twiza.org\/portail\/?s={search_term_string}"},"query-input":{"@type":"PropertyValueSpecification","valueRequired":true,"valueName":"search_term_string"}}],"inLanguage":"fr-FR"},{"@type":"Organization","@id":"https:\/\/fr.twiza.org\/portail\/#organization","name":"R\u00e9seau Twiza","url":"https:\/\/fr.twiza.org\/portail\/","logo":{"@type":"ImageObject","inLanguage":"fr-FR","@id":"https:\/\/fr.twiza.org\/portail\/#\/schema\/logo\/image\/","url":"https:\/\/fr.twiza.org\/portail\/wp-content\/uploads\/2021\/05\/cropped-logo-reseau-twiza.jpg","contentUrl":"https:\/\/fr.twiza.org\/portail\/wp-content\/uploads\/2021\/05\/cropped-logo-reseau-twiza.jpg","width":400,"height":102,"caption":"R\u00e9seau Twiza"},"image":{"@id":"https:\/\/fr.twiza.org\/portail\/#\/schema\/logo\/image\/"},"sameAs":["https:\/\/fr-fr.facebook.com\/Twiza.fr\/","https:\/\/www.instagram.com\/twiza_fr\/","https:\/\/www.linkedin.com\/company\/reseautwiza\/"]}]}},"jetpack_sharing_enabled":true,"_links":{"self":[{"href":"https:\/\/fr.twiza.org\/portail\/wp-json\/wp\/v2\/pages\/2769","targetHints":{"allow":["GET"]}}],"collection":[{"href":"https:\/\/fr.twiza.org\/portail\/wp-json\/wp\/v2\/pages"}],"about":[{"href":"https:\/\/fr.twiza.org\/portail\/wp-json\/wp\/v2\/types\/page"}],"author":[{"embeddable":true,"href":"https:\/\/fr.twiza.org\/portail\/wp-json\/wp\/v2\/users\/3"}],"replies":[{"embeddable":true,"href":"https:\/\/fr.twiza.org\/portail\/wp-json\/wp\/v2\/comments?post=2769"}],"version-history":[{"count":18,"href":"https:\/\/fr.twiza.org\/portail\/wp-json\/wp\/v2\/pages\/2769\/revisions"}],"predecessor-version":[{"id":5315,"href":"https:\/\/fr.twiza.org\/portail\/wp-json\/wp\/v2\/pages\/2769\/revisions\/5315"}],"wp:attachment":[{"href":"https:\/\/fr.twiza.org\/portail\/wp-json\/wp\/v2\/media?parent=2769"}],"curies":[{"name":"wp","href":"https:\/\/api.w.org\/{rel}","templated":true}]}}