{"id":3482,"date":"2022-01-26T15:32:08","date_gmt":"2022-01-26T14:32:08","guid":{"rendered":"https:\/\/fr.twiza.org\/portail\/?page_id=3482"},"modified":"2022-05-20T17:05:49","modified_gmt":"2022-05-20T15:05:49","slug":"cloisonnement-interieur","status":"publish","type":"page","link":"https:\/\/fr.twiza.org\/portail\/cloisonnement-interieur\/","title":{"rendered":"Cloisonnement int\u00e9rieur"},"content":{"rendered":"\n<figure class=\"wp-block-image size-full\"><img fetchpriority=\"high\" decoding=\"async\" width=\"1000\" height=\"563\" src=\"https:\/\/fr.twiza.org\/portail\/wp-content\/uploads\/2022\/01\/de\u0301finition-cloisonnement-inte\u0301rieur-2-edited.jpeg\" alt=\"\" class=\"wp-image-3487\" srcset=\"https:\/\/fr.twiza.org\/portail\/wp-content\/uploads\/2022\/01\/de\u0301finition-cloisonnement-inte\u0301rieur-2-edited.jpeg 1000w, https:\/\/fr.twiza.org\/portail\/wp-content\/uploads\/2022\/01\/de\u0301finition-cloisonnement-inte\u0301rieur-2-edited-600x338.jpeg 600w, https:\/\/fr.twiza.org\/portail\/wp-content\/uploads\/2022\/01\/de\u0301finition-cloisonnement-inte\u0301rieur-2-edited-300x169.jpeg 300w, https:\/\/fr.twiza.org\/portail\/wp-content\/uploads\/2022\/01\/de\u0301finition-cloisonnement-inte\u0301rieur-2-edited-768x432.jpeg 768w\" sizes=\"(max-width: 1000px) 100vw, 1000px\" \/><\/figure>\n\n\n\n<p>Les <strong>cloisons int\u00e9rieures<\/strong> sont des parois verticales permettant de <strong>compartimenter<\/strong> tes espaces. Leur r\u00f4le est de s\u00e9parer tes volumes int\u00e9rieurs d&rsquo;un point de vue <strong>visuel<\/strong>, <strong>acoustique<\/strong> et parfois <strong>thermique<\/strong>.<\/p>\n\n\n\n<p>Contrairement \u00e0 tes <a href=\"https:\/\/fr.twiza.org\/portail\/murs-porteurs\/\" target=\"_blank\" rel=\"noreferrer noopener\">murs porteurs<\/a>, elles n&rsquo;ont pas de r\u00f4le structurel et ne portent donc pas le b\u00e2tit. Par contre elles ont un impact sur les niveaux d&rsquo;<strong>inertie<\/strong> et de <strong>r\u00e9gulation hygrom\u00e9trique<\/strong> de ta maison.<\/p>\n\n\n\n<p>Enfin le <strong>cloisonnement int\u00e9rieur<\/strong> de ton logement doit \u00eatre con\u00e7u pour <strong>r\u00e9sister<\/strong> au poids des <strong>am\u00e9nagements int\u00e9rieurs<\/strong> (les meubles, la d\u00e9co, etc&#8230;).<\/p>\n\n\n\n<p>Dans de nombreux ouvrages on retrouve des cloisons sous formes de plaques de pl\u00e2tre, dont le bilan \u00e9nerg\u00e9tique est loin d&rsquo;\u00eatre le plus int\u00e9ressant&#8230;. Donc pour t&rsquo;aider \u00e0 trouver d&rsquo;autres techniques plus <strong>\u00e9cologiques<\/strong> et\/ou plus <strong>performantes<\/strong> voici quelques suggestions :<\/p>\n\n\n\n<h2 class=\"wp-block-heading\" id=\"h-cloison-en-bois\">Cloison en bois<\/h2>\n\n\n\n<h3 class=\"wp-block-heading\" id=\"les-parpaings-de-bois\">Les parpaings de bois<\/h3>\n\n\n\n<p>Cette technique a vu le jour suite \u00e0 la temp\u00eate de 1999, dans le but de recycler le gros volume de bois provenant des arbres tomb\u00e9s. <strong>Les parpaings de bois<\/strong> sont con\u00e7us \u00e0 l&rsquo;aide de <strong>bois de rebut<\/strong> ou de <strong>chutes de sciage<\/strong>, avec un large choix d&rsquo;essence possible : douglas, m\u00e9l\u00e8ze, ch\u00eane, ch\u00e2taignier, pin, fr\u00eane, h\u00eatre&#8230;<\/p>\n\n\n\n<p>Les avantages de ce type de mat\u00e9riaux sont : <strong>facilit\u00e9 de montage<\/strong> (syst\u00e8me d&#8217;embo\u00eetement), <strong>solidit\u00e9<\/strong>, bonne performance d&rsquo;<strong>isolation<\/strong> et <strong>\u00e9cologique<\/strong>. En contre-partie de ces qualit\u00e9s, le prix d&rsquo;un parpaing de bois sera un peu plus \u00e9lev\u00e9 que celui d&rsquo;un parpaing traditionnel en b\u00e9ton. <\/p>\n\n\n\n<h3 class=\"wp-block-heading\" id=\"le-bois-corde\">Le bois cord\u00e9<\/h3>\n\n\n\n<p>Les cloisons en <strong>bois cord\u00e9<\/strong> sont compos\u00e9es d&rsquo;un empilement de <strong>b\u00fbches de bois<\/strong> s\u00e8ches, jointes les unes aux autres par un <strong>mortier \u00e0 la chaux<\/strong> (le plus souvent).<\/p>\n\n\n\n<p>Parmi les avantages de cette technique, on retrouve le caract\u00e8re <strong>\u00e9cologique<\/strong> (si le bois est local) mais aussi un bon rendu esth\u00e9tique (<strong>charme rustique<\/strong>). Quant aux inconv\u00e9nients, des petits jours (vides) entre le bois et le mortier peuvent appara\u00eetre lors du s\u00e9chage. La cloison perd alors des points en isolation phonique.<\/p>\n\n\n\n<p>Les <strong>cloisons int\u00e9rieures<\/strong> en <strong>bois cord\u00e9<\/strong> sont donc plus adapt\u00e9es \u00e0 s\u00e9parer des espaces de mani\u00e8re <strong>visuelle<\/strong> plut\u00f4t qu&rsquo;acoustique.<\/p>\n\n\n\n<h2 class=\"wp-block-heading\" id=\"cloison-en-ossature-bois\">Cloison en ossature bois<\/h2>\n\n\n\n<p>Elle est constitu\u00e9e d&rsquo;une <strong>ossature en bois<\/strong> verticale, reliant le sol au plafond et se pr\u00e9sente sous une forme pleine ou l\u00e9g\u00e8re.<\/p>\n\n\n\n<p>Si tu choisis d&rsquo;installer des <strong>cloisons<\/strong> en <strong>ossature en bois pleines<\/strong>, tu peux les remplir avec des mat\u00e9riaux naturels \u00ab\u00a0fait maison\u00a0\u00bb (<strong>torchis<\/strong>, <strong>sable<\/strong>, <strong>terre-paille<\/strong>, <strong>copeaux de bois<\/strong> etc.), de la <strong>brique<\/strong> ou enfin avec des mat\u00e9riaux plus industriels (fibre de bois, ouate de cellulose etc..).<\/p>\n\n\n\n<p>L&rsquo;autre version d&rsquo;ossature bois, <strong>l\u00e9g\u00e8re<\/strong>, est constitu\u00e9e d&rsquo;un <strong>bardage plaqu\u00e9<\/strong>, compos\u00e9 de planches assembl\u00e9es ou clou\u00e9es.<\/p>\n\n\n\n<h2 class=\"wp-block-heading\" id=\"cloison-en-brique-de-terre-compressee\">Cloison en brique de terre compress\u00e9e<\/h2>\n\n\n\n<figure class=\"wp-block-image size-full\"><img decoding=\"async\" width=\"1024\" height=\"576\" src=\"https:\/\/fr.twiza.org\/portail\/wp-content\/uploads\/2022\/01\/Briques-de-terre-1024px-edited.jpeg\" alt=\"Briques de terre compress\u00e9es\" class=\"wp-image-3509\" title=\"Isolation-briques-de-terre-compress\u00e9e\" srcset=\"https:\/\/fr.twiza.org\/portail\/wp-content\/uploads\/2022\/01\/Briques-de-terre-1024px-edited.jpeg 1024w, https:\/\/fr.twiza.org\/portail\/wp-content\/uploads\/2022\/01\/Briques-de-terre-1024px-edited-600x338.jpeg 600w, https:\/\/fr.twiza.org\/portail\/wp-content\/uploads\/2022\/01\/Briques-de-terre-1024px-edited-300x169.jpeg 300w, https:\/\/fr.twiza.org\/portail\/wp-content\/uploads\/2022\/01\/Briques-de-terre-1024px-edited-768x432.jpeg 768w\" sizes=\"(max-width: 1024px) 100vw, 1024px\" \/><\/figure>\n\n\n\n<p>Les <strong>briques de terre<\/strong> <strong>compress\u00e9es<\/strong> sont li\u00e9es entre elles gr\u00e2ce \u00e0 un <strong>mortier<\/strong> constitu\u00e9 de <strong>sable<\/strong> et de <strong>terre<\/strong>.<\/p>\n\n\n\n<p>Gr\u00e2ce \u00e0 leurs qualit\u00e9s d&rsquo;<strong>inertie thermique<\/strong>, tu as tout int\u00e9r\u00eat \u00e0 positionner tes briques derri\u00e8re ton po\u00eale \u00e0 bois ou en face d&rsquo;une baie vitr\u00e9e. <\/p>\n\n\n\n<h2 class=\"wp-block-heading\" id=\"faut-il-isoler-tes-cloisons-interieures\">Faut-il isoler tes cloisons int\u00e9rieures ?<\/h2>\n\n\n\n<p>Il n&rsquo;est pas indispensable d&rsquo;isoler tes <strong>cloisons int\u00e9rieures<\/strong>, mais cela peut s&rsquo;av\u00e9rer int\u00e9ressant pour optimiser ton confort <strong>acoustique<\/strong>. <\/p>\n\n\n\n<p>Dans ce cas, on te recommande d&rsquo;opter pour une <a href=\"https:\/\/fr.twiza.org\/portail\/isolation\/\" target=\"_blank\" rel=\"noreferrer noopener\">isolation<\/a> en <strong>mat\u00e9riaux biosourc\u00e9s<\/strong> qui ne s&rsquo;affaissent pas. C&rsquo;est le cas des panneaux semi-rigides de <strong>chanvre<\/strong>, de <strong>fibre de bois<\/strong>, du <strong>coton recycl\u00e9<\/strong> ou de la ouate etc&#8230;.<\/p>\n\n\n\n<div style=\"height:50px\" aria-hidden=\"true\" class=\"wp-block-spacer\"><\/div>\n","protected":false},"excerpt":{"rendered":"<p>Les cloisons int\u00e9rieures sont des parois verticales permettant de compartimenter tes espaces. Leur r\u00f4le est de s\u00e9parer tes volumes int\u00e9rieurs d&rsquo;un point de vue visuel, acoustique et parfois thermique. Contrairement \u00e0 tes murs porteurs, elles n&rsquo;ont pas de r\u00f4le structurel et ne portent donc pas le b\u00e2tit. Par contre elles [&hellip;]<\/p>\n","protected":false},"author":3,"featured_media":0,"parent":0,"menu_order":0,"comment_status":"closed","ping_status":"closed","template":"","meta":{"_eb_attr":"","_themeisle_gutenberg_block_has_review":false,"footnotes":""},"class_list":["post-3482","page","type-page","status-publish","hentry"],"yoast_head":"<!-- This site is optimized with the Yoast SEO Premium plugin v27.2 (Yoast SEO v27.4) - https:\/\/yoast.com\/product\/yoast-seo-premium-wordpress\/ -->\n<title>Quel type de cloison int\u00e9rieure choisir ?<\/title>\n<meta name=\"description\" content=\"Quel type de cloison int\u00e9rieure est le plus adapt\u00e9 \u00e0 mon projet : cloison en bois, en brique de terre compress\u00e9e, en ossature bois etc...?\" \/>\n<meta name=\"robots\" content=\"index, follow, max-snippet:-1, max-image-preview:large, max-video-preview:-1\" \/>\n<link rel=\"canonical\" href=\"https:\/\/fr.twiza.org\/portail\/cloisonnement-interieur\/\" \/>\n<meta property=\"og:locale\" content=\"fr_FR\" \/>\n<meta property=\"og:type\" content=\"article\" \/>\n<meta property=\"og:title\" content=\"Cloisonnement int\u00e9rieur\" \/>\n<meta property=\"og:description\" content=\"Quel type de cloison int\u00e9rieure est le plus adapt\u00e9 \u00e0 mon projet : cloison en bois, en brique de terre compress\u00e9e, en ossature bois etc...?\" \/>\n<meta property=\"og:url\" content=\"https:\/\/fr.twiza.org\/portail\/cloisonnement-interieur\/\" \/>\n<meta property=\"og:site_name\" content=\"R\u00e9seau Twiza\" \/>\n<meta property=\"article:publisher\" content=\"https:\/\/fr-fr.facebook.com\/Twiza.fr\/\" \/>\n<meta property=\"article:modified_time\" content=\"2022-05-20T15:05:49+00:00\" \/>\n<meta property=\"og:image\" content=\"https:\/\/fr.twiza.org\/portail\/wp-content\/uploads\/2022\/01\/Briques-de-terre-1024px-edited.jpeg\" \/>\n<meta name=\"twitter:card\" content=\"summary_large_image\" \/>\n<script type=\"application\/ld+json\" class=\"yoast-schema-graph\">{\"@context\":\"https:\\\/\\\/schema.org\",\"@graph\":[{\"@type\":\"WebPage\",\"@id\":\"https:\\\/\\\/fr.twiza.org\\\/portail\\\/cloisonnement-interieur\\\/\",\"url\":\"https:\\\/\\\/fr.twiza.org\\\/portail\\\/cloisonnement-interieur\\\/\",\"name\":\"Quel type de cloison int\u00e9rieure choisir ?\",\"isPartOf\":{\"@id\":\"https:\\\/\\\/fr.twiza.org\\\/portail\\\/#website\"},\"primaryImageOfPage\":{\"@id\":\"https:\\\/\\\/fr.twiza.org\\\/portail\\\/cloisonnement-interieur\\\/#primaryimage\"},\"image\":{\"@id\":\"https:\\\/\\\/fr.twiza.org\\\/portail\\\/cloisonnement-interieur\\\/#primaryimage\"},\"thumbnailUrl\":\"https:\\\/\\\/fr.twiza.org\\\/portail\\\/wp-content\\\/uploads\\\/2022\\\/01\\\/Briques-de-terre-1024px-edited.jpeg\",\"datePublished\":\"2022-01-26T14:32:08+00:00\",\"dateModified\":\"2022-05-20T15:05:49+00:00\",\"description\":\"Quel type de cloison int\u00e9rieure est le plus adapt\u00e9 \u00e0 mon projet : cloison en bois, en brique de terre compress\u00e9e, en ossature bois etc...?\",\"breadcrumb\":{\"@id\":\"https:\\\/\\\/fr.twiza.org\\\/portail\\\/cloisonnement-interieur\\\/#breadcrumb\"},\"inLanguage\":\"fr-FR\",\"potentialAction\":[{\"@type\":\"ReadAction\",\"target\":[\"https:\\\/\\\/fr.twiza.org\\\/portail\\\/cloisonnement-interieur\\\/\"]}]},{\"@type\":\"ImageObject\",\"inLanguage\":\"fr-FR\",\"@id\":\"https:\\\/\\\/fr.twiza.org\\\/portail\\\/cloisonnement-interieur\\\/#primaryimage\",\"url\":\"https:\\\/\\\/fr.twiza.org\\\/portail\\\/wp-content\\\/uploads\\\/2022\\\/01\\\/Briques-de-terre-1024px-edited.jpeg\",\"contentUrl\":\"https:\\\/\\\/fr.twiza.org\\\/portail\\\/wp-content\\\/uploads\\\/2022\\\/01\\\/Briques-de-terre-1024px-edited.jpeg\",\"width\":1024,\"height\":576},{\"@type\":\"BreadcrumbList\",\"@id\":\"https:\\\/\\\/fr.twiza.org\\\/portail\\\/cloisonnement-interieur\\\/#breadcrumb\",\"itemListElement\":[{\"@type\":\"ListItem\",\"position\":1,\"name\":\"Accueil\",\"item\":\"https:\\\/\\\/fr.twiza.org\\\/portail\\\/\"},{\"@type\":\"ListItem\",\"position\":2,\"name\":\"Cloisonnement int\u00e9rieur\"}]},{\"@type\":\"WebSite\",\"@id\":\"https:\\\/\\\/fr.twiza.org\\\/portail\\\/#website\",\"url\":\"https:\\\/\\\/fr.twiza.org\\\/portail\\\/\",\"name\":\"R\u00e9seau Twiza\",\"description\":\"Entraide pour un habitat \u00e9cologique, convivial et r\u00e9silient\",\"publisher\":{\"@id\":\"https:\\\/\\\/fr.twiza.org\\\/portail\\\/#organization\"},\"potentialAction\":[{\"@type\":\"SearchAction\",\"target\":{\"@type\":\"EntryPoint\",\"urlTemplate\":\"https:\\\/\\\/fr.twiza.org\\\/portail\\\/?s={search_term_string}\"},\"query-input\":{\"@type\":\"PropertyValueSpecification\",\"valueRequired\":true,\"valueName\":\"search_term_string\"}}],\"inLanguage\":\"fr-FR\"},{\"@type\":\"Organization\",\"@id\":\"https:\\\/\\\/fr.twiza.org\\\/portail\\\/#organization\",\"name\":\"R\u00e9seau Twiza\",\"url\":\"https:\\\/\\\/fr.twiza.org\\\/portail\\\/\",\"logo\":{\"@type\":\"ImageObject\",\"inLanguage\":\"fr-FR\",\"@id\":\"https:\\\/\\\/fr.twiza.org\\\/portail\\\/#\\\/schema\\\/logo\\\/image\\\/\",\"url\":\"https:\\\/\\\/fr.twiza.org\\\/portail\\\/wp-content\\\/uploads\\\/2021\\\/05\\\/cropped-logo-reseau-twiza.jpg\",\"contentUrl\":\"https:\\\/\\\/fr.twiza.org\\\/portail\\\/wp-content\\\/uploads\\\/2021\\\/05\\\/cropped-logo-reseau-twiza.jpg\",\"width\":400,\"height\":102,\"caption\":\"R\u00e9seau Twiza\"},\"image\":{\"@id\":\"https:\\\/\\\/fr.twiza.org\\\/portail\\\/#\\\/schema\\\/logo\\\/image\\\/\"},\"sameAs\":[\"https:\\\/\\\/fr-fr.facebook.com\\\/Twiza.fr\\\/\",\"https:\\\/\\\/www.instagram.com\\\/twiza_fr\\\/\",\"https:\\\/\\\/www.linkedin.com\\\/company\\\/reseautwiza\\\/\"]}]}<\/script>\n<!-- \/ Yoast SEO Premium plugin. -->","yoast_head_json":{"title":"Quel type de cloison int\u00e9rieure choisir ?","description":"Quel type de cloison int\u00e9rieure est le plus adapt\u00e9 \u00e0 mon projet : cloison en bois, en brique de terre compress\u00e9e, en ossature bois etc...?","robots":{"index":"index","follow":"follow","max-snippet":"max-snippet:-1","max-image-preview":"max-image-preview:large","max-video-preview":"max-video-preview:-1"},"canonical":"https:\/\/fr.twiza.org\/portail\/cloisonnement-interieur\/","og_locale":"fr_FR","og_type":"article","og_title":"Cloisonnement int\u00e9rieur","og_description":"Quel type de cloison int\u00e9rieure est le plus adapt\u00e9 \u00e0 mon projet : cloison en bois, en brique de terre compress\u00e9e, en ossature bois etc...?","og_url":"https:\/\/fr.twiza.org\/portail\/cloisonnement-interieur\/","og_site_name":"R\u00e9seau Twiza","article_publisher":"https:\/\/fr-fr.facebook.com\/Twiza.fr\/","article_modified_time":"2022-05-20T15:05:49+00:00","og_image":[{"url":"https:\/\/fr.twiza.org\/portail\/wp-content\/uploads\/2022\/01\/Briques-de-terre-1024px-edited.jpeg","type":"","width":"","height":""}],"twitter_card":"summary_large_image","schema":{"@context":"https:\/\/schema.org","@graph":[{"@type":"WebPage","@id":"https:\/\/fr.twiza.org\/portail\/cloisonnement-interieur\/","url":"https:\/\/fr.twiza.org\/portail\/cloisonnement-interieur\/","name":"Quel type de cloison int\u00e9rieure choisir ?","isPartOf":{"@id":"https:\/\/fr.twiza.org\/portail\/#website"},"primaryImageOfPage":{"@id":"https:\/\/fr.twiza.org\/portail\/cloisonnement-interieur\/#primaryimage"},"image":{"@id":"https:\/\/fr.twiza.org\/portail\/cloisonnement-interieur\/#primaryimage"},"thumbnailUrl":"https:\/\/fr.twiza.org\/portail\/wp-content\/uploads\/2022\/01\/Briques-de-terre-1024px-edited.jpeg","datePublished":"2022-01-26T14:32:08+00:00","dateModified":"2022-05-20T15:05:49+00:00","description":"Quel type de cloison int\u00e9rieure est le plus adapt\u00e9 \u00e0 mon projet : cloison en bois, en brique de terre compress\u00e9e, en ossature bois etc...?","breadcrumb":{"@id":"https:\/\/fr.twiza.org\/portail\/cloisonnement-interieur\/#breadcrumb"},"inLanguage":"fr-FR","potentialAction":[{"@type":"ReadAction","target":["https:\/\/fr.twiza.org\/portail\/cloisonnement-interieur\/"]}]},{"@type":"ImageObject","inLanguage":"fr-FR","@id":"https:\/\/fr.twiza.org\/portail\/cloisonnement-interieur\/#primaryimage","url":"https:\/\/fr.twiza.org\/portail\/wp-content\/uploads\/2022\/01\/Briques-de-terre-1024px-edited.jpeg","contentUrl":"https:\/\/fr.twiza.org\/portail\/wp-content\/uploads\/2022\/01\/Briques-de-terre-1024px-edited.jpeg","width":1024,"height":576},{"@type":"BreadcrumbList","@id":"https:\/\/fr.twiza.org\/portail\/cloisonnement-interieur\/#breadcrumb","itemListElement":[{"@type":"ListItem","position":1,"name":"Accueil","item":"https:\/\/fr.twiza.org\/portail\/"},{"@type":"ListItem","position":2,"name":"Cloisonnement int\u00e9rieur"}]},{"@type":"WebSite","@id":"https:\/\/fr.twiza.org\/portail\/#website","url":"https:\/\/fr.twiza.org\/portail\/","name":"R\u00e9seau Twiza","description":"Entraide pour un habitat \u00e9cologique, convivial et r\u00e9silient","publisher":{"@id":"https:\/\/fr.twiza.org\/portail\/#organization"},"potentialAction":[{"@type":"SearchAction","target":{"@type":"EntryPoint","urlTemplate":"https:\/\/fr.twiza.org\/portail\/?s={search_term_string}"},"query-input":{"@type":"PropertyValueSpecification","valueRequired":true,"valueName":"search_term_string"}}],"inLanguage":"fr-FR"},{"@type":"Organization","@id":"https:\/\/fr.twiza.org\/portail\/#organization","name":"R\u00e9seau Twiza","url":"https:\/\/fr.twiza.org\/portail\/","logo":{"@type":"ImageObject","inLanguage":"fr-FR","@id":"https:\/\/fr.twiza.org\/portail\/#\/schema\/logo\/image\/","url":"https:\/\/fr.twiza.org\/portail\/wp-content\/uploads\/2021\/05\/cropped-logo-reseau-twiza.jpg","contentUrl":"https:\/\/fr.twiza.org\/portail\/wp-content\/uploads\/2021\/05\/cropped-logo-reseau-twiza.jpg","width":400,"height":102,"caption":"R\u00e9seau Twiza"},"image":{"@id":"https:\/\/fr.twiza.org\/portail\/#\/schema\/logo\/image\/"},"sameAs":["https:\/\/fr-fr.facebook.com\/Twiza.fr\/","https:\/\/www.instagram.com\/twiza_fr\/","https:\/\/www.linkedin.com\/company\/reseautwiza\/"]}]}},"jetpack_sharing_enabled":true,"_links":{"self":[{"href":"https:\/\/fr.twiza.org\/portail\/wp-json\/wp\/v2\/pages\/3482","targetHints":{"allow":["GET"]}}],"collection":[{"href":"https:\/\/fr.twiza.org\/portail\/wp-json\/wp\/v2\/pages"}],"about":[{"href":"https:\/\/fr.twiza.org\/portail\/wp-json\/wp\/v2\/types\/page"}],"author":[{"embeddable":true,"href":"https:\/\/fr.twiza.org\/portail\/wp-json\/wp\/v2\/users\/3"}],"replies":[{"embeddable":true,"href":"https:\/\/fr.twiza.org\/portail\/wp-json\/wp\/v2\/comments?post=3482"}],"version-history":[{"count":9,"href":"https:\/\/fr.twiza.org\/portail\/wp-json\/wp\/v2\/pages\/3482\/revisions"}],"predecessor-version":[{"id":5283,"href":"https:\/\/fr.twiza.org\/portail\/wp-json\/wp\/v2\/pages\/3482\/revisions\/5283"}],"wp:attachment":[{"href":"https:\/\/fr.twiza.org\/portail\/wp-json\/wp\/v2\/media?parent=3482"}],"curies":[{"name":"wp","href":"https:\/\/api.w.org\/{rel}","templated":true}]}}