{"id":3527,"date":"2022-03-07T10:15:38","date_gmt":"2022-03-07T09:15:38","guid":{"rendered":"https:\/\/fr.twiza.org\/portail\/?page_id=3527"},"modified":"2022-03-07T15:22:29","modified_gmt":"2022-03-07T14:22:29","slug":"espace-professionnel","status":"publish","type":"page","link":"https:\/\/fr.twiza.org\/portail\/espace-professionnel\/","title":{"rendered":"Espace professionnel"},"content":{"rendered":"\n<p><\/p>\n\n\n\n<p>Fid\u00e8les \u00e0 notre mission, celle de <strong>b\u00e2tir du lien<\/strong> et de <strong>favoriser la cr\u00e9ation d&rsquo;un r\u00e9seau solide <\/strong>au service de l\u2019\u00e9coconstruction, on a cr\u00e9\u00e9 un espace exclusivement r\u00e9serv\u00e9 aux <strong>professionnels de l\u2019habitat durable<\/strong>.<\/p>\n\n\n\n<p>Nous n\u2019avons pu que nous d\u00e9soler du fait qu\u2019il existe si peu d\u2019espaces pour <strong>permettre aux professionnels d\u2019\u00e9changer sur leur m\u00e9tier<\/strong>, de <strong>se rencontrer<\/strong> et de <strong>travailler ensemble<\/strong>.&nbsp;<\/p>\n\n\n\n<p>On a donc voulu participer activement au d\u00e9ploiement de la fili\u00e8re de la construction \u00e9cologique. Pour cela, on a d\u00e9velopp\u00e9 un arsenal d\u2019outils pens\u00e9s pour t\u2019accompagner dans le d\u00e9veloppement de ton activit\u00e9, pour soulager ton quotidien professionnel et pour te consacrer pleinement \u00e0 l\u2019acquisition et \u00e0 la r\u00e9alisation de chantiers \u00e9coresponsables.&nbsp;<\/p>\n\n\n\n<h2 class=\"has-text-align-left wp-block-heading\" id=\"h-le-forum\">Le forum<\/h2>\n\n\n\n<p>Nous avons con\u00e7u un <strong>espace de confiance<\/strong> pour favoriser l\u2019<strong>entraide entre sp\u00e9cialistes de l\u2019\u00e9coconstruction<\/strong>. Ta parole y est bienvenue et libre. Elle y sera accueillie avec bienveillance et en toute confidentialit\u00e9.<\/p>\n\n\n\n<p>Pour y acc\u00e9der et commencer \u00e0 profiter des avantages du r\u00e9seau, tu peux d\u00e9j\u00e0 <a href=\"https:\/\/airtable.com\/shr4bEC5fP5OFrFDH\" target=\"_blank\" rel=\"noreferrer noopener\">te r\u00e9f\u00e9rencer<\/a>.<\/p>\n\n\n\n<h2 class=\"has-text-align-left wp-block-heading\" id=\"h-s-abonner\">S\u2019abonner<\/h2>\n\n\n\n<p>Les 1\u00e8res ann\u00e9es d\u2019exp\u00e9rience du r\u00e9seau nous ont permis de mieux identifier les diff\u00e9rents besoin des professionnels du r\u00e9seau : se rencontrer localement pour cr\u00e9er du lien sur son territoire et s\u2019associer sur des chantiers, trouver des r\u00e9ponses \u00e0 des questions li\u00e9es \u00e0 son activit\u00e9 gr\u00e2ce \u00e0 des pairs, avoir de la visibilit\u00e9 web et trouver des clients.<\/p>\n\n\n\n<div class=\"wp-block-buttons is-content-justification-center is-layout-flex wp-container-core-buttons-is-layout-a89b3969 wp-block-buttons-is-layout-flex\">\n<div class=\"wp-block-button\"><a class=\"wp-block-button__link\">S&rsquo;abonner<\/a><\/div>\n<\/div>\n\n\n\n<h2 class=\"has-text-align-left wp-block-heading\" id=\"h-acquerir-des-clients\">Acqu\u00e9rir des clients<\/h2>\n\n\n\n<p>On a mis en place un syst\u00e8me facilitant la mise en relation avec de potentiels clients sur l\u2019ensemble du territoire. N\u2019h\u00e9site pas \u00e0 le tester pour d\u00e9couvrir des chantiers int\u00e9ressants et travailler avec des constructeurs engag\u00e9s.&nbsp;<\/p>\n","protected":false},"excerpt":{"rendered":"<p>Fid\u00e8les \u00e0 notre mission, celle de b\u00e2tir du lien et de favoriser la cr\u00e9ation d&rsquo;un r\u00e9seau solide au service de l\u2019\u00e9coconstruction, on a cr\u00e9\u00e9 un espace exclusivement r\u00e9serv\u00e9 aux professionnels de l\u2019habitat durable. Nous n\u2019avons pu que nous d\u00e9soler du fait qu\u2019il existe si peu d\u2019espaces pour permettre aux professionnels [&hellip;]<\/p>\n","protected":false},"author":10,"featured_media":0,"parent":0,"menu_order":0,"comment_status":"closed","ping_status":"closed","template":"","meta":{"_eb_attr":"","_themeisle_gutenberg_block_has_review":false,"footnotes":""},"class_list":["post-3527","page","type-page","status-publish","hentry"],"yoast_head":"<!-- This site is optimized with the Yoast SEO Premium plugin v27.5 (Yoast SEO v27.5) - https:\/\/yoast.com\/product\/yoast-seo-premium-wordpress\/ -->\n<title>Espace professionnel<\/title>\n<meta name=\"robots\" content=\"index, follow, max-snippet:-1, max-image-preview:large, max-video-preview:-1\" \/>\n<link rel=\"canonical\" href=\"https:\/\/fr.twiza.org\/portail\/espace-professionnel\/\" \/>\n<meta property=\"og:locale\" content=\"fr_FR\" \/>\n<meta property=\"og:type\" content=\"article\" \/>\n<meta property=\"og:title\" content=\"Espace professionnel\" \/>\n<meta property=\"og:description\" content=\"Fid\u00e8les \u00e0 notre mission, celle de b\u00e2tir du lien et de favoriser la cr\u00e9ation d&rsquo;un r\u00e9seau solide au service de l\u2019\u00e9coconstruction, on a cr\u00e9\u00e9 un espace exclusivement r\u00e9serv\u00e9 aux professionnels de l\u2019habitat durable. Nous n\u2019avons pu que nous d\u00e9soler du fait qu\u2019il existe si peu d\u2019espaces pour permettre aux professionnels [&hellip;]\" \/>\n<meta property=\"og:url\" content=\"https:\/\/fr.twiza.org\/portail\/espace-professionnel\/\" \/>\n<meta property=\"og:site_name\" content=\"R\u00e9seau Twiza\" \/>\n<meta property=\"article:publisher\" content=\"https:\/\/fr-fr.facebook.com\/Twiza.fr\/\" \/>\n<meta property=\"article:modified_time\" content=\"2022-03-07T14:22:29+00:00\" \/>\n<meta name=\"twitter:card\" content=\"summary_large_image\" \/>\n<script type=\"application\/ld+json\" class=\"yoast-schema-graph\">{\"@context\":\"https:\\\/\\\/schema.org\",\"@graph\":[{\"@type\":\"WebPage\",\"@id\":\"https:\\\/\\\/fr.twiza.org\\\/portail\\\/espace-professionnel\\\/\",\"url\":\"https:\\\/\\\/fr.twiza.org\\\/portail\\\/espace-professionnel\\\/\",\"name\":\"Espace professionnel\",\"isPartOf\":{\"@id\":\"https:\\\/\\\/fr.twiza.org\\\/portail\\\/#website\"},\"datePublished\":\"2022-03-07T09:15:38+00:00\",\"dateModified\":\"2022-03-07T14:22:29+00:00\",\"breadcrumb\":{\"@id\":\"https:\\\/\\\/fr.twiza.org\\\/portail\\\/espace-professionnel\\\/#breadcrumb\"},\"inLanguage\":\"fr-FR\",\"potentialAction\":[{\"@type\":\"ReadAction\",\"target\":[\"https:\\\/\\\/fr.twiza.org\\\/portail\\\/espace-professionnel\\\/\"]}]},{\"@type\":\"BreadcrumbList\",\"@id\":\"https:\\\/\\\/fr.twiza.org\\\/portail\\\/espace-professionnel\\\/#breadcrumb\",\"itemListElement\":[{\"@type\":\"ListItem\",\"position\":1,\"name\":\"Accueil\",\"item\":\"https:\\\/\\\/fr.twiza.org\\\/portail\\\/\"},{\"@type\":\"ListItem\",\"position\":2,\"name\":\"Espace professionnel\"}]},{\"@type\":\"WebSite\",\"@id\":\"https:\\\/\\\/fr.twiza.org\\\/portail\\\/#website\",\"url\":\"https:\\\/\\\/fr.twiza.org\\\/portail\\\/\",\"name\":\"R\u00e9seau Twiza\",\"description\":\"Entraide pour un habitat \u00e9cologique, convivial et r\u00e9silient\",\"publisher\":{\"@id\":\"https:\\\/\\\/fr.twiza.org\\\/portail\\\/#organization\"},\"potentialAction\":[{\"@type\":\"SearchAction\",\"target\":{\"@type\":\"EntryPoint\",\"urlTemplate\":\"https:\\\/\\\/fr.twiza.org\\\/portail\\\/?s={search_term_string}\"},\"query-input\":{\"@type\":\"PropertyValueSpecification\",\"valueRequired\":true,\"valueName\":\"search_term_string\"}}],\"inLanguage\":\"fr-FR\"},{\"@type\":\"Organization\",\"@id\":\"https:\\\/\\\/fr.twiza.org\\\/portail\\\/#organization\",\"name\":\"R\u00e9seau Twiza\",\"url\":\"https:\\\/\\\/fr.twiza.org\\\/portail\\\/\",\"logo\":{\"@type\":\"ImageObject\",\"inLanguage\":\"fr-FR\",\"@id\":\"https:\\\/\\\/fr.twiza.org\\\/portail\\\/#\\\/schema\\\/logo\\\/image\\\/\",\"url\":\"https:\\\/\\\/fr.twiza.org\\\/portail\\\/wp-content\\\/uploads\\\/2021\\\/05\\\/cropped-logo-reseau-twiza.jpg\",\"contentUrl\":\"https:\\\/\\\/fr.twiza.org\\\/portail\\\/wp-content\\\/uploads\\\/2021\\\/05\\\/cropped-logo-reseau-twiza.jpg\",\"width\":400,\"height\":102,\"caption\":\"R\u00e9seau Twiza\"},\"image\":{\"@id\":\"https:\\\/\\\/fr.twiza.org\\\/portail\\\/#\\\/schema\\\/logo\\\/image\\\/\"},\"sameAs\":[\"https:\\\/\\\/fr-fr.facebook.com\\\/Twiza.fr\\\/\",\"https:\\\/\\\/www.instagram.com\\\/twiza_fr\\\/\",\"https:\\\/\\\/www.linkedin.com\\\/company\\\/reseautwiza\\\/\"]}]}<\/script>\n<!-- \/ Yoast SEO Premium plugin. -->","yoast_head_json":{"title":"Espace professionnel","robots":{"index":"index","follow":"follow","max-snippet":"max-snippet:-1","max-image-preview":"max-image-preview:large","max-video-preview":"max-video-preview:-1"},"canonical":"https:\/\/fr.twiza.org\/portail\/espace-professionnel\/","og_locale":"fr_FR","og_type":"article","og_title":"Espace professionnel","og_description":"Fid\u00e8les \u00e0 notre mission, celle de b\u00e2tir du lien et de favoriser la cr\u00e9ation d&rsquo;un r\u00e9seau solide au service de l\u2019\u00e9coconstruction, on a cr\u00e9\u00e9 un espace exclusivement r\u00e9serv\u00e9 aux professionnels de l\u2019habitat durable. Nous n\u2019avons pu que nous d\u00e9soler du fait qu\u2019il existe si peu d\u2019espaces pour permettre aux professionnels [&hellip;]","og_url":"https:\/\/fr.twiza.org\/portail\/espace-professionnel\/","og_site_name":"R\u00e9seau Twiza","article_publisher":"https:\/\/fr-fr.facebook.com\/Twiza.fr\/","article_modified_time":"2022-03-07T14:22:29+00:00","twitter_card":"summary_large_image","schema":{"@context":"https:\/\/schema.org","@graph":[{"@type":"WebPage","@id":"https:\/\/fr.twiza.org\/portail\/espace-professionnel\/","url":"https:\/\/fr.twiza.org\/portail\/espace-professionnel\/","name":"Espace professionnel","isPartOf":{"@id":"https:\/\/fr.twiza.org\/portail\/#website"},"datePublished":"2022-03-07T09:15:38+00:00","dateModified":"2022-03-07T14:22:29+00:00","breadcrumb":{"@id":"https:\/\/fr.twiza.org\/portail\/espace-professionnel\/#breadcrumb"},"inLanguage":"fr-FR","potentialAction":[{"@type":"ReadAction","target":["https:\/\/fr.twiza.org\/portail\/espace-professionnel\/"]}]},{"@type":"BreadcrumbList","@id":"https:\/\/fr.twiza.org\/portail\/espace-professionnel\/#breadcrumb","itemListElement":[{"@type":"ListItem","position":1,"name":"Accueil","item":"https:\/\/fr.twiza.org\/portail\/"},{"@type":"ListItem","position":2,"name":"Espace professionnel"}]},{"@type":"WebSite","@id":"https:\/\/fr.twiza.org\/portail\/#website","url":"https:\/\/fr.twiza.org\/portail\/","name":"R\u00e9seau Twiza","description":"Entraide pour un habitat \u00e9cologique, convivial et r\u00e9silient","publisher":{"@id":"https:\/\/fr.twiza.org\/portail\/#organization"},"potentialAction":[{"@type":"SearchAction","target":{"@type":"EntryPoint","urlTemplate":"https:\/\/fr.twiza.org\/portail\/?s={search_term_string}"},"query-input":{"@type":"PropertyValueSpecification","valueRequired":true,"valueName":"search_term_string"}}],"inLanguage":"fr-FR"},{"@type":"Organization","@id":"https:\/\/fr.twiza.org\/portail\/#organization","name":"R\u00e9seau Twiza","url":"https:\/\/fr.twiza.org\/portail\/","logo":{"@type":"ImageObject","inLanguage":"fr-FR","@id":"https:\/\/fr.twiza.org\/portail\/#\/schema\/logo\/image\/","url":"https:\/\/fr.twiza.org\/portail\/wp-content\/uploads\/2021\/05\/cropped-logo-reseau-twiza.jpg","contentUrl":"https:\/\/fr.twiza.org\/portail\/wp-content\/uploads\/2021\/05\/cropped-logo-reseau-twiza.jpg","width":400,"height":102,"caption":"R\u00e9seau Twiza"},"image":{"@id":"https:\/\/fr.twiza.org\/portail\/#\/schema\/logo\/image\/"},"sameAs":["https:\/\/fr-fr.facebook.com\/Twiza.fr\/","https:\/\/www.instagram.com\/twiza_fr\/","https:\/\/www.linkedin.com\/company\/reseautwiza\/"]}]}},"jetpack_sharing_enabled":true,"_links":{"self":[{"href":"https:\/\/fr.twiza.org\/portail\/wp-json\/wp\/v2\/pages\/3527","targetHints":{"allow":["GET"]}}],"collection":[{"href":"https:\/\/fr.twiza.org\/portail\/wp-json\/wp\/v2\/pages"}],"about":[{"href":"https:\/\/fr.twiza.org\/portail\/wp-json\/wp\/v2\/types\/page"}],"author":[{"embeddable":true,"href":"https:\/\/fr.twiza.org\/portail\/wp-json\/wp\/v2\/users\/10"}],"replies":[{"embeddable":true,"href":"https:\/\/fr.twiza.org\/portail\/wp-json\/wp\/v2\/comments?post=3527"}],"version-history":[{"count":8,"href":"https:\/\/fr.twiza.org\/portail\/wp-json\/wp\/v2\/pages\/3527\/revisions"}],"predecessor-version":[{"id":3537,"href":"https:\/\/fr.twiza.org\/portail\/wp-json\/wp\/v2\/pages\/3527\/revisions\/3537"}],"wp:attachment":[{"href":"https:\/\/fr.twiza.org\/portail\/wp-json\/wp\/v2\/media?parent=3527"}],"curies":[{"name":"wp","href":"https:\/\/api.w.org\/{rel}","templated":true}]}}