{"id":3696,"date":"2022-03-18T16:42:04","date_gmt":"2022-03-18T15:42:04","guid":{"rendered":"https:\/\/fr.twiza.org\/portail\/?page_id=3696"},"modified":"2022-05-23T15:51:25","modified_gmt":"2022-05-23T13:51:25","slug":"toilettes","status":"publish","type":"page","link":"https:\/\/fr.twiza.org\/portail\/toilettes\/","title":{"rendered":"Toilettes"},"content":{"rendered":"\n<figure class=\"wp-block-image size-full\"><img fetchpriority=\"high\" decoding=\"async\" width=\"1024\" height=\"640\" src=\"https:\/\/fr.twiza.org\/portail\/wp-content\/uploads\/2022\/03\/De\u0301finitions-toilettes-edited.jpg\" alt=\"\" class=\"wp-image-3699\" srcset=\"https:\/\/fr.twiza.org\/portail\/wp-content\/uploads\/2022\/03\/De\u0301finitions-toilettes-edited.jpg 1024w, https:\/\/fr.twiza.org\/portail\/wp-content\/uploads\/2022\/03\/De\u0301finitions-toilettes-edited-600x375.jpg 600w, https:\/\/fr.twiza.org\/portail\/wp-content\/uploads\/2022\/03\/De\u0301finitions-toilettes-edited-300x188.jpg 300w, https:\/\/fr.twiza.org\/portail\/wp-content\/uploads\/2022\/03\/De\u0301finitions-toilettes-edited-768x480.jpg 768w\" sizes=\"(max-width: 1024px) 100vw, 1024px\" \/><\/figure>\n\n\n\n<p><\/p>\n\n\n\n<p>A quoi servent des <strong>toilettes<\/strong> ? Tu le sais s\u00fbrement d\u00e9j\u00e0, pas besoin donc d&rsquo;\u00e9piloguer sur le sujet&#8230; Et d&rsquo;ailleurs tu y vas tr\u00e8s certainement plusieurs fois par jour. Tu as donc conscience que c&rsquo;est un \u00e9quipement <strong>majeur<\/strong> et <strong>incontournable<\/strong> de notre <strong>mode de vie<\/strong>. Mais es-tu au courant : que la grande majorit\u00e9 des syst\u00e8mes de chasses d&rsquo;eau utilise de l&rsquo;<strong>eau potable<\/strong> ? Et que le poste \u00ab\u00a0chasse d&rsquo;eau\u00a0\u00bb repr\u00e9sente environ <strong>20<\/strong> \u00e0 <strong>30 %<\/strong> de la <strong>consommation d&rsquo;eau<\/strong> d&rsquo;un foyer ?<\/p>\n\n\n\n<p>Voil\u00e0 voil\u00e0&#8230;, donc malgr\u00e9 la caract\u00e8re peu reluisant du sujet&#8230;, il est primordial de le placer sur le <strong>devant<\/strong> <strong>de la sc\u00e8ne<\/strong> ! D&rsquo;autant que les syst\u00e8mes alternatifs au \u00ab\u00a0tout-\u00e0-l&rsquo;\u00e9gout\u00a0\u00bb (le plus r\u00e9pandu aujourd&rsquo;hui) sont encore trop peu connus. Dommage car ces <strong>toilettes \u00e9cologiques<\/strong> permettent bien souvent de <strong>se passer d&rsquo;eau potable<\/strong> et de <strong>diminuer la pollution<\/strong> des r\u00e9seaux et des cours d&rsquo;eaux (provoqu\u00e9e par les pathog\u00e8nes pr\u00e9sents dans nos excr\u00e9ments qui prolif\u00e8rent en milieu aquatique). <\/p>\n\n\n\n<p> Nous te proposons donc d&rsquo;explorer diff\u00e9rents mod\u00e8les de <strong>toilettes<\/strong> plus <strong>\u00e9cologiques<\/strong> et plus <strong>r\u00e9silients<\/strong> : <\/p>\n\n\n\n<h2 class=\"wp-block-heading\">Les toilettes s\u00e8ches<\/h2>\n\n\n\n<h3 class=\"wp-block-heading\">Les toilettes s\u00e8ches \u00e0 liti\u00e8re bioma\u00eetris\u00e9e<\/h3>\n\n\n\n<figure class=\"wp-block-image size-full\"><img decoding=\"async\" width=\"849\" height=\"477\" src=\"https:\/\/fr.twiza.org\/portail\/wp-content\/uploads\/2022\/05\/De\u0301finition-second-oeuvre-toilettes-se\u0300che-chantier-twiza-1-1-edited.jpeg\" alt=\"Photo toilettes s\u00e8ches en autoconstruction lors d'un chantier participatif Twiza\" class=\"wp-image-4973\" srcset=\"https:\/\/fr.twiza.org\/portail\/wp-content\/uploads\/2022\/05\/De\u0301finition-second-oeuvre-toilettes-se\u0300che-chantier-twiza-1-1-edited.jpeg 849w, https:\/\/fr.twiza.org\/portail\/wp-content\/uploads\/2022\/05\/De\u0301finition-second-oeuvre-toilettes-se\u0300che-chantier-twiza-1-1-edited-600x337.jpeg 600w, https:\/\/fr.twiza.org\/portail\/wp-content\/uploads\/2022\/05\/De\u0301finition-second-oeuvre-toilettes-se\u0300che-chantier-twiza-1-1-edited-300x169.jpeg 300w, https:\/\/fr.twiza.org\/portail\/wp-content\/uploads\/2022\/05\/De\u0301finition-second-oeuvre-toilettes-se\u0300che-chantier-twiza-1-1-edited-768x431.jpeg 768w\" sizes=\"(max-width: 849px) 100vw, 849px\" \/><\/figure>\n\n\n\n<p>Cette technologie est la plus r\u00e9pandue \u00e0 ce jour en France. Le principe est tr\u00e8s simple, on s&rsquo;assoit sur une <strong>cuvette<\/strong> (pr\u00e9alablement choisi ou fabriqu\u00e9 avec soin), on fait ses besoins, et ces derniers atterrissent tous dans un m\u00eame \u00ab\u00a0<strong>seau<\/strong>\u00a0\u00bb . A chaque fois, on y ajoute un peu de <strong>liti\u00e8re<\/strong> afin d&rsquo;absorber l&rsquo;humidit\u00e9 et d&rsquo;\u00e9viter les mauvaises odeurs. Celle-ci est en g\u00e9n\u00e9ral compos\u00e9e de <strong>sciure<\/strong> et de <strong>copeaux<\/strong> de bois (voir de <strong>broy\u00e2t<\/strong> de <strong>feuilles<\/strong> ou de <strong>cartons<\/strong>). Et selon le t\u00e9moignage de la plupart des utilisateurs, ce syst\u00e8me marche tr\u00e8s bien !<\/p>\n\n\n\n<p>Prenons l&rsquo;exemple une famille de 4 personnes qui utilise un <strong>seau<\/strong> d&rsquo;environ <strong>15-20L<\/strong>, elle devra le vider tous les <strong>3-4 jours<\/strong> environ. Ensuite, l&rsquo;id\u00e9al est de <strong>stocker<\/strong> cette mati\u00e8re r\u00e9cup\u00e9r\u00e9e (en ext\u00e9rieur), et de s&rsquo;en servir comme  <strong>compost<\/strong> pour ton jardin au bout de 2 ans environ (\u00e0 la condition de l&rsquo;avoir pr\u00e9alablement m\u00e9lang\u00e9e avec de la <strong>mati\u00e8re azot\u00e9e<\/strong>, telle que des restes de gazon). Encore une fois cette mati\u00e8re g\u00e9n\u00e8re bien moins de mauvaises odeurs que l&rsquo;on pourrait penser.<\/p>\n\n\n\n<h3 class=\"wp-block-heading\">Toilettes s\u00e8ches \u00e0 s\u00e9paration<\/h3>\n\n\n\n<p>Comme son nom l&rsquo;indique, cette fois-ci l&rsquo;urine et la mati\u00e8re f\u00e9cale sont \u00e9vacu\u00e9es de mani\u00e8re s\u00e9par\u00e9e. Ces toilettes sont donc compos\u00e9s de <strong>2 r\u00e9cipients diff\u00e9rents<\/strong>. Avec ce type de syst\u00e8me tu diminues le poids des tes seaux mais aussi la fr\u00e9quence de tes vidanges. Enfin tu feras des <strong>\u00e9conomies de sciure<\/strong>, qui sera ici utilis\u00e9e uniquement dans le r\u00e9cipient \u00ab\u00a0mati\u00e8re f\u00e9cale\u00a0\u00bb.<\/p>\n\n\n\n<h3 class=\"wp-block-heading\">Toilettes s\u00e8ches avec chambre \u00e0 composte<\/h3>\n\n\n\n<p>Si les syst\u00e8mes de seaux ne t&rsquo;enchantent pas, tu peux opter pour des toilettes s\u00e8ches raccord\u00e9es directement \u00e0 une <strong>chambre \u00e0 compost<\/strong>. Le confort d&rsquo;utilisation se rapproche de celui de toilettes classiques, surtout lorsque ce syst\u00e8me int\u00e8gre des <strong>bras m\u00e9langeurs<\/strong> et une <strong>ventilation<\/strong>. Avec certains de ces mod\u00e8les, il est m\u00eame possible d&rsquo;attendre 10 ans pour vidanger.<\/p>\n\n\n\n<h3 class=\"wp-block-heading\">Toilettes classiques optimis\u00e9es<\/h3>\n\n\n\n<p>Enfin si tu pr\u00e9f\u00e8res acheter ou conserver tes toilettes classiques, il te reste encore plusieurs options pour faire des <a href=\"https:\/\/fr.twiza.org\/portail\/economies-deau\/\" target=\"_blank\" rel=\"noreferrer noopener\">\u00e9conomies d&rsquo;eau potable<\/a>.<\/p>\n\n\n\n<p>La premi\u00e8re, de loin la plus \u00e9cologique, est de relier tes <strong>toilettes<\/strong> \u00e0 un <strong>r\u00e9servoir<\/strong> d&rsquo;<strong>eau de pluie<\/strong>. Nul besoin d&rsquo;utiliser l&rsquo;eau potable pour tes toilettes, et en prime tu utilises une eau gratuite. <\/p>\n\n\n\n<p>Enfin si aucune des propositions pr\u00e9c\u00e9dentes ne te convient, il te reste la possibilit\u00e9 de choisir le mod\u00e8le de toilettes classiques le plus <strong>\u00e9conome<\/strong>. Dans ce cas l\u00e0, choisis le syst\u00e8me avec <strong>2 boutons<\/strong> de <strong>chasse<\/strong> <strong>d&rsquo;eau<\/strong> (3L\/6L ou 2L\/4L), c&rsquo;est \u00e0 dire le mod\u00e8le le plus <strong>\u00e9cologique<\/strong>. A savoir que les mod\u00e8les avec un seul bouton peuvent consommer entre 9 et 18L par chasse d&rsquo;eau !!\ud83d\ude31<\/p>\n\n\n\n<h2 class=\"wp-block-heading\" id=\"h-les-urinoirs-secs\">Les urinoirs secs<\/h2>\n\n\n\n<div class=\"wp-block-image\"><figure class=\"aligncenter size-full\"><img decoding=\"async\" width=\"518\" height=\"474\" src=\"https:\/\/fr.twiza.org\/portail\/wp-content\/uploads\/2022\/03\/De\u0301finition-urinoir-oeuvre-Fontaine-Duchamp.jpeg\" alt=\"\" class=\"wp-image-3702\" srcset=\"https:\/\/fr.twiza.org\/portail\/wp-content\/uploads\/2022\/03\/De\u0301finition-urinoir-oeuvre-Fontaine-Duchamp.jpeg 518w, https:\/\/fr.twiza.org\/portail\/wp-content\/uploads\/2022\/03\/De\u0301finition-urinoir-oeuvre-Fontaine-Duchamp-300x275.jpeg 300w\" sizes=\"(max-width: 518px) 100vw, 518px\" \/><figcaption>Photo de l&rsquo;\u0153uvre de Marcel Duchamp \u00ab\u00a03rd replica of&nbsp;<em>Fountain<\/em>\u00ab\u00a0<br>1964, galerie Schwarz<br>original photo GNU from&nbsp;<a href=\"https:\/\/fr.wikipedia.org\/wiki\/User:Gtanguy\">Gtanguy<\/a><\/figcaption><\/figure><\/div>\n\n\n\n<p>Et non cette photo ne repr\u00e9sente pas un <strong>urinoir sec<\/strong> ! C&rsquo;est juste un ptit <strong>clin d&rsquo;\u0153il culture<\/strong> pour illustrer l&rsquo;incroyable champ des possibles de l&rsquo;expression artistique \ud83d\ude03, avant d&rsquo;entrer dans le vif du sujet&#8230;.!<\/p>\n\n\n\n<p>Revenons \u00e0 notre <strong>urinoir sec<\/strong>, de mani\u00e8re plus \u00e0 terre \u00e0 terre&#8230; Comme son nom l&rsquo;indique, il permet de faire des <a href=\"https:\/\/fr.twiza.org\/portail\/economies-deau\/\" target=\"_blank\" rel=\"noreferrer noopener\">\u00e9conomies d&rsquo;eau<\/a>, car il n&rsquo;en utilise pas ! Diff\u00e9rents mod\u00e8les sont commercialis\u00e9s, comme celui utilisant du <strong>liquide<\/strong> (huile) pour limiter le odeurs et muni d&rsquo;un <strong>flotteur<\/strong> s&rsquo;abaissant automatiquement sous le poids de l&rsquo;urine.<\/p>\n\n\n\n<p>Il existe \u00e9galement d&rsquo;autres mod\u00e8les compos\u00e9s cette fois d&rsquo;un <strong>siphon sec<\/strong>. Ils sont constitu\u00e9s d&rsquo;une membrane en latex et d&rsquo;une gaine plate. A savoir que ce type d&rsquo;<strong>urinoir<\/strong> \u00ab\u00a0<strong>sans eau<\/strong>\u00a0\u00bb est le plus r\u00e9pandu et n\u00e9cessite moins d&rsquo;entretien que le mod\u00e8le pr\u00e9c\u00e9dent. En contre partie, son co\u00fbt est un peu plus \u00e9lev\u00e9. Toutefois tu peux opter pour un mod\u00e8le d&rsquo;<strong>urinoir classique<\/strong> et y ajouter un <strong>siphon sec<\/strong>.<\/p>\n\n\n\n<h2 class=\"wp-block-heading\">Les bonnes questions \u00e0 se poser<\/h2>\n\n\n\n<ul class=\"wp-block-list\"><li>Quel syst\u00e8me de toilettes est le plus adapt\u00e9 \u00e0 tes attentes et exigences en termes : d&rsquo;<strong>\u00e9cologie<\/strong>, de <strong>fr\u00e9quence<\/strong> de vidange, de <strong>confort<\/strong>, de <strong>s\u00e9paration<\/strong> des \u00e9vacuations, de <strong>taille<\/strong> de mod\u00e8le&#8230;.?<\/li><\/ul>\n\n\n\n<p><\/p>\n\n\n\n<ul class=\"wp-block-list\"><li>Tu choisis d&rsquo;acheter un syst\u00e8me de toilettes industriel bien optimis\u00e9 \u00e9cologiquement et donc plus cher. Mais ce surco\u00fbt ne serait-il pas compens\u00e9 par les \u00e9conomies d&rsquo;eau qui en d\u00e9coulent et par la <strong>meilleure<\/strong> <strong>qualit\u00e9<\/strong> de l&rsquo;<strong>eau<\/strong> de la nature environnante&#8230;?<\/li><\/ul>\n\n\n\n<h2 class=\"wp-block-heading\">Les points de vigilance<\/h2>\n\n\n\n<ul class=\"wp-block-list\"><li>N&rsquo;oublie pas de pr\u00e9voir un <strong>espace<\/strong> de <strong>stockage<\/strong> <strong>suffisant<\/strong> pour le <strong>compost<\/strong> issu de tes <strong>toilettes<\/strong> <strong>s\u00e8ches<\/strong>, sachant qu&rsquo;il faut attendre 2 ans pour l&rsquo;utiliser. Par exemple, pour une famille de 4 personnes, il faudra pr\u00e9voir un espace capable de stocker environ <strong>2<\/strong> \u00e0 <strong>4m3<\/strong> de compost par an.<\/li><\/ul>\n\n\n\n<p><\/p>\n\n\n\n<ul class=\"wp-block-list\"><li>Enfin pour pr\u00e9venir les <strong>mauvaises odeurs<\/strong>, \u00e9vite d&rsquo;utiliser une liti\u00e8re trop fine et n&rsquo;oublie pas cette bonne vieille pratique incontournable : <strong>ventiler<\/strong> !!! <\/li><\/ul>\n\n\n\n<h2 class=\"wp-block-heading\">R\u00e9f\u00e9rences documentaires<\/h2>\n\n\n\n<ul class=\"wp-block-list\"><li><a href=\"https:\/\/www.legifrance.gouv.fr\/loda\/id\/JORFTEXT000019386409\/\" target=\"_blank\" rel=\"noreferrer noopener\">Arr\u00eat\u00e9 du 21 ao\u00fbt 2008<\/a> relatif \u00e0 la r\u00e9cup\u00e9ration des eaux de pluie et \u00e0 leur usage \u00e0 l&rsquo;int\u00e9rieur et \u00e0 l&rsquo;ext\u00e9rieur des b\u00e2timents<\/li><\/ul>\n\n\n\n<div style=\"height:50px\" aria-hidden=\"true\" class=\"wp-block-spacer\"><\/div>\n","protected":false},"excerpt":{"rendered":"<p>A quoi servent des toilettes ? Tu le sais s\u00fbrement d\u00e9j\u00e0, pas besoin donc d&rsquo;\u00e9piloguer sur le sujet&#8230; Et d&rsquo;ailleurs tu y vas tr\u00e8s certainement plusieurs fois par jour. Tu as donc conscience que c&rsquo;est un \u00e9quipement majeur et incontournable de notre mode de vie. Mais es-tu au courant : [&hellip;]<\/p>\n","protected":false},"author":3,"featured_media":0,"parent":0,"menu_order":0,"comment_status":"closed","ping_status":"closed","template":"","meta":{"_eb_attr":"","_themeisle_gutenberg_block_has_review":false,"footnotes":""},"class_list":["post-3696","page","type-page","status-publish","hentry"],"yoast_head":"<!-- This site is optimized with the Yoast SEO Premium plugin v27.2 (Yoast SEO v27.3) - https:\/\/yoast.com\/product\/yoast-seo-premium-wordpress\/ -->\n<title>Toilettes : quelles sont les alternatives \u00e9cologiques<\/title>\n<meta name=\"description\" content=\"Quel syst\u00e8me de toilettes choisir ? Les plus \u00e9cologiques : toilettes s\u00e8ches, toilettes classiques reli\u00e9s \u00e0 un r\u00e9servoir d&#039;eau de pluie...?\" \/>\n<meta name=\"robots\" content=\"index, follow, max-snippet:-1, max-image-preview:large, max-video-preview:-1\" \/>\n<link rel=\"canonical\" href=\"https:\/\/fr.twiza.org\/portail\/toilettes\/\" \/>\n<meta property=\"og:locale\" content=\"fr_FR\" \/>\n<meta property=\"og:type\" content=\"article\" \/>\n<meta property=\"og:title\" content=\"Toilettes\" \/>\n<meta property=\"og:description\" content=\"Quel syst\u00e8me de toilettes choisir ? Les plus \u00e9cologiques : toilettes s\u00e8ches, toilettes classiques reli\u00e9s \u00e0 un r\u00e9servoir d&#039;eau de pluie...?\" \/>\n<meta property=\"og:url\" content=\"https:\/\/fr.twiza.org\/portail\/toilettes\/\" \/>\n<meta property=\"og:site_name\" content=\"R\u00e9seau Twiza\" \/>\n<meta property=\"article:publisher\" content=\"https:\/\/fr-fr.facebook.com\/Twiza.fr\/\" \/>\n<meta property=\"article:modified_time\" content=\"2022-05-23T13:51:25+00:00\" \/>\n<meta name=\"twitter:card\" content=\"summary_large_image\" \/>\n<script type=\"application\/ld+json\" class=\"yoast-schema-graph\">{\"@context\":\"https:\\\/\\\/schema.org\",\"@graph\":[{\"@type\":\"WebPage\",\"@id\":\"https:\\\/\\\/fr.twiza.org\\\/portail\\\/toilettes\\\/\",\"url\":\"https:\\\/\\\/fr.twiza.org\\\/portail\\\/toilettes\\\/\",\"name\":\"Toilettes : quelles sont les alternatives \u00e9cologiques\",\"isPartOf\":{\"@id\":\"https:\\\/\\\/fr.twiza.org\\\/portail\\\/#website\"},\"datePublished\":\"2022-03-18T15:42:04+00:00\",\"dateModified\":\"2022-05-23T13:51:25+00:00\",\"description\":\"Quel syst\u00e8me de toilettes choisir ? Les plus \u00e9cologiques : toilettes s\u00e8ches, toilettes classiques reli\u00e9s \u00e0 un r\u00e9servoir d'eau de pluie...?\",\"breadcrumb\":{\"@id\":\"https:\\\/\\\/fr.twiza.org\\\/portail\\\/toilettes\\\/#breadcrumb\"},\"inLanguage\":\"fr-FR\",\"potentialAction\":[{\"@type\":\"ReadAction\",\"target\":[\"https:\\\/\\\/fr.twiza.org\\\/portail\\\/toilettes\\\/\"]}]},{\"@type\":\"BreadcrumbList\",\"@id\":\"https:\\\/\\\/fr.twiza.org\\\/portail\\\/toilettes\\\/#breadcrumb\",\"itemListElement\":[{\"@type\":\"ListItem\",\"position\":1,\"name\":\"Accueil\",\"item\":\"https:\\\/\\\/fr.twiza.org\\\/portail\\\/\"},{\"@type\":\"ListItem\",\"position\":2,\"name\":\"Toilettes\"}]},{\"@type\":\"WebSite\",\"@id\":\"https:\\\/\\\/fr.twiza.org\\\/portail\\\/#website\",\"url\":\"https:\\\/\\\/fr.twiza.org\\\/portail\\\/\",\"name\":\"R\u00e9seau Twiza\",\"description\":\"Entraide pour un habitat \u00e9cologique, convivial et r\u00e9silient\",\"publisher\":{\"@id\":\"https:\\\/\\\/fr.twiza.org\\\/portail\\\/#organization\"},\"potentialAction\":[{\"@type\":\"SearchAction\",\"target\":{\"@type\":\"EntryPoint\",\"urlTemplate\":\"https:\\\/\\\/fr.twiza.org\\\/portail\\\/?s={search_term_string}\"},\"query-input\":{\"@type\":\"PropertyValueSpecification\",\"valueRequired\":true,\"valueName\":\"search_term_string\"}}],\"inLanguage\":\"fr-FR\"},{\"@type\":\"Organization\",\"@id\":\"https:\\\/\\\/fr.twiza.org\\\/portail\\\/#organization\",\"name\":\"R\u00e9seau Twiza\",\"url\":\"https:\\\/\\\/fr.twiza.org\\\/portail\\\/\",\"logo\":{\"@type\":\"ImageObject\",\"inLanguage\":\"fr-FR\",\"@id\":\"https:\\\/\\\/fr.twiza.org\\\/portail\\\/#\\\/schema\\\/logo\\\/image\\\/\",\"url\":\"https:\\\/\\\/fr.twiza.org\\\/portail\\\/wp-content\\\/uploads\\\/2021\\\/05\\\/cropped-logo-reseau-twiza.jpg\",\"contentUrl\":\"https:\\\/\\\/fr.twiza.org\\\/portail\\\/wp-content\\\/uploads\\\/2021\\\/05\\\/cropped-logo-reseau-twiza.jpg\",\"width\":400,\"height\":102,\"caption\":\"R\u00e9seau Twiza\"},\"image\":{\"@id\":\"https:\\\/\\\/fr.twiza.org\\\/portail\\\/#\\\/schema\\\/logo\\\/image\\\/\"},\"sameAs\":[\"https:\\\/\\\/fr-fr.facebook.com\\\/Twiza.fr\\\/\",\"https:\\\/\\\/www.instagram.com\\\/twiza_fr\\\/\",\"https:\\\/\\\/www.linkedin.com\\\/company\\\/reseautwiza\\\/\"]}]}<\/script>\n<!-- \/ Yoast SEO Premium plugin. -->","yoast_head_json":{"title":"Toilettes : quelles sont les alternatives \u00e9cologiques","description":"Quel syst\u00e8me de toilettes choisir ? Les plus \u00e9cologiques : toilettes s\u00e8ches, toilettes classiques reli\u00e9s \u00e0 un r\u00e9servoir d'eau de pluie...?","robots":{"index":"index","follow":"follow","max-snippet":"max-snippet:-1","max-image-preview":"max-image-preview:large","max-video-preview":"max-video-preview:-1"},"canonical":"https:\/\/fr.twiza.org\/portail\/toilettes\/","og_locale":"fr_FR","og_type":"article","og_title":"Toilettes","og_description":"Quel syst\u00e8me de toilettes choisir ? Les plus \u00e9cologiques : toilettes s\u00e8ches, toilettes classiques reli\u00e9s \u00e0 un r\u00e9servoir d'eau de pluie...?","og_url":"https:\/\/fr.twiza.org\/portail\/toilettes\/","og_site_name":"R\u00e9seau Twiza","article_publisher":"https:\/\/fr-fr.facebook.com\/Twiza.fr\/","article_modified_time":"2022-05-23T13:51:25+00:00","twitter_card":"summary_large_image","schema":{"@context":"https:\/\/schema.org","@graph":[{"@type":"WebPage","@id":"https:\/\/fr.twiza.org\/portail\/toilettes\/","url":"https:\/\/fr.twiza.org\/portail\/toilettes\/","name":"Toilettes : quelles sont les alternatives \u00e9cologiques","isPartOf":{"@id":"https:\/\/fr.twiza.org\/portail\/#website"},"datePublished":"2022-03-18T15:42:04+00:00","dateModified":"2022-05-23T13:51:25+00:00","description":"Quel syst\u00e8me de toilettes choisir ? Les plus \u00e9cologiques : toilettes s\u00e8ches, toilettes classiques reli\u00e9s \u00e0 un r\u00e9servoir d'eau de pluie...?","breadcrumb":{"@id":"https:\/\/fr.twiza.org\/portail\/toilettes\/#breadcrumb"},"inLanguage":"fr-FR","potentialAction":[{"@type":"ReadAction","target":["https:\/\/fr.twiza.org\/portail\/toilettes\/"]}]},{"@type":"BreadcrumbList","@id":"https:\/\/fr.twiza.org\/portail\/toilettes\/#breadcrumb","itemListElement":[{"@type":"ListItem","position":1,"name":"Accueil","item":"https:\/\/fr.twiza.org\/portail\/"},{"@type":"ListItem","position":2,"name":"Toilettes"}]},{"@type":"WebSite","@id":"https:\/\/fr.twiza.org\/portail\/#website","url":"https:\/\/fr.twiza.org\/portail\/","name":"R\u00e9seau Twiza","description":"Entraide pour un habitat \u00e9cologique, convivial et r\u00e9silient","publisher":{"@id":"https:\/\/fr.twiza.org\/portail\/#organization"},"potentialAction":[{"@type":"SearchAction","target":{"@type":"EntryPoint","urlTemplate":"https:\/\/fr.twiza.org\/portail\/?s={search_term_string}"},"query-input":{"@type":"PropertyValueSpecification","valueRequired":true,"valueName":"search_term_string"}}],"inLanguage":"fr-FR"},{"@type":"Organization","@id":"https:\/\/fr.twiza.org\/portail\/#organization","name":"R\u00e9seau Twiza","url":"https:\/\/fr.twiza.org\/portail\/","logo":{"@type":"ImageObject","inLanguage":"fr-FR","@id":"https:\/\/fr.twiza.org\/portail\/#\/schema\/logo\/image\/","url":"https:\/\/fr.twiza.org\/portail\/wp-content\/uploads\/2021\/05\/cropped-logo-reseau-twiza.jpg","contentUrl":"https:\/\/fr.twiza.org\/portail\/wp-content\/uploads\/2021\/05\/cropped-logo-reseau-twiza.jpg","width":400,"height":102,"caption":"R\u00e9seau Twiza"},"image":{"@id":"https:\/\/fr.twiza.org\/portail\/#\/schema\/logo\/image\/"},"sameAs":["https:\/\/fr-fr.facebook.com\/Twiza.fr\/","https:\/\/www.instagram.com\/twiza_fr\/","https:\/\/www.linkedin.com\/company\/reseautwiza\/"]}]}},"jetpack_sharing_enabled":true,"_links":{"self":[{"href":"https:\/\/fr.twiza.org\/portail\/wp-json\/wp\/v2\/pages\/3696","targetHints":{"allow":["GET"]}}],"collection":[{"href":"https:\/\/fr.twiza.org\/portail\/wp-json\/wp\/v2\/pages"}],"about":[{"href":"https:\/\/fr.twiza.org\/portail\/wp-json\/wp\/v2\/types\/page"}],"author":[{"embeddable":true,"href":"https:\/\/fr.twiza.org\/portail\/wp-json\/wp\/v2\/users\/3"}],"replies":[{"embeddable":true,"href":"https:\/\/fr.twiza.org\/portail\/wp-json\/wp\/v2\/comments?post=3696"}],"version-history":[{"count":26,"href":"https:\/\/fr.twiza.org\/portail\/wp-json\/wp\/v2\/pages\/3696\/revisions"}],"predecessor-version":[{"id":5397,"href":"https:\/\/fr.twiza.org\/portail\/wp-json\/wp\/v2\/pages\/3696\/revisions\/5397"}],"wp:attachment":[{"href":"https:\/\/fr.twiza.org\/portail\/wp-json\/wp\/v2\/media?parent=3696"}],"curies":[{"name":"wp","href":"https:\/\/api.w.org\/{rel}","templated":true}]}}