{"id":4074,"date":"2022-03-24T11:09:04","date_gmt":"2022-03-24T10:09:04","guid":{"rendered":"https:\/\/fr.twiza.org\/portail\/?page_id=4074"},"modified":"2022-05-20T17:30:15","modified_gmt":"2022-05-20T15:30:15","slug":"revetement-de-sol","status":"publish","type":"page","link":"https:\/\/fr.twiza.org\/portail\/revetement-de-sol\/","title":{"rendered":"Rev\u00eatement de sol"},"content":{"rendered":"\n<figure class=\"wp-block-image size-full\"><img fetchpriority=\"high\" decoding=\"async\" width=\"958\" height=\"539\" src=\"https:\/\/fr.twiza.org\/portail\/wp-content\/uploads\/2022\/03\/Reve\u0302tement-de-sol-1-edited.jpeg\" alt=\"L'une des \u00e9tapes des finitions d'un chantier, le rev\u00eatement de sol\" class=\"wp-image-4077\" srcset=\"https:\/\/fr.twiza.org\/portail\/wp-content\/uploads\/2022\/03\/Reve\u0302tement-de-sol-1-edited.jpeg 958w, https:\/\/fr.twiza.org\/portail\/wp-content\/uploads\/2022\/03\/Reve\u0302tement-de-sol-1-edited-600x338.jpeg 600w, https:\/\/fr.twiza.org\/portail\/wp-content\/uploads\/2022\/03\/Reve\u0302tement-de-sol-1-edited-300x169.jpeg 300w, https:\/\/fr.twiza.org\/portail\/wp-content\/uploads\/2022\/03\/Reve\u0302tement-de-sol-1-edited-768x432.jpeg 768w\" sizes=\"(max-width: 958px) 100vw, 958px\" \/><\/figure>\n\n\n\n<p><\/p>\n\n\n\n<h2 class=\"wp-block-heading\" id=\"h-revetement-de-sol-definition\">Rev\u00eatement de sol : d\u00e9finition<\/h2>\n\n\n\n<p>Le <strong>rev\u00eatement de sol<\/strong> est un mat\u00e9riau <strong>naturel<\/strong> ou <strong>industriel<\/strong> qui vient recouvrir ta <a href=\"https:\/\/fr.twiza.org\/portail\/dalle\/\" target=\"_blank\" rel=\"noreferrer noopener\">dalle<\/a> et ton plancher d&rsquo;\u00e9tage. Son r\u00f4le est de <strong>r\u00e9sister<\/strong> aux passages de personnes et d&rsquo;engins, mais aussi de <strong>prot\u00e9ger<\/strong> le sol et le <strong>d\u00e9corer<\/strong>.<\/p>\n\n\n\n<p>Attention \u00e0 choisir un <strong>rev\u00eatement de sol<\/strong> bien adapt\u00e9 aux sp\u00e9cificit\u00e9s de ton b\u00e2ti, et \u00e0 l&rsquo;usage de tes pi\u00e8ces. Tu as le choix entre diff\u00e9rents types de syst\u00e8mes : \u00e0 coller, \u00e0 clipser, \u00e0 clouer etc&#8230; Et \u00e0 notre grand bonheur, de nombreux <strong>mat\u00e9riaux<\/strong> <strong>\u00e9cologiques<\/strong> sont utilisables et adapt\u00e9s aux diff\u00e9rentes variantes de <strong>rev\u00eatement de sol<\/strong>.<\/p>\n\n\n\n<h2 class=\"wp-block-heading\">Rev\u00eatement de sol : les diff\u00e9rentes solutions possibles<\/h2>\n\n\n\n<h3 class=\"wp-block-heading\">Le parquet<\/h3>\n\n\n\n<figure class=\"wp-block-image size-full\"><img decoding=\"async\" width=\"1024\" height=\"576\" src=\"https:\/\/fr.twiza.org\/portail\/wp-content\/uploads\/2022\/03\/reve\u0302tement-sol-parquet-bois-edited.jpeg\" alt=\"Rev\u00eatement de sol \u00e9cologique parquet bois \" class=\"wp-image-4106\" srcset=\"https:\/\/fr.twiza.org\/portail\/wp-content\/uploads\/2022\/03\/reve\u0302tement-sol-parquet-bois-edited.jpeg 1024w, https:\/\/fr.twiza.org\/portail\/wp-content\/uploads\/2022\/03\/reve\u0302tement-sol-parquet-bois-edited-600x338.jpeg 600w, https:\/\/fr.twiza.org\/portail\/wp-content\/uploads\/2022\/03\/reve\u0302tement-sol-parquet-bois-edited-300x169.jpeg 300w, https:\/\/fr.twiza.org\/portail\/wp-content\/uploads\/2022\/03\/reve\u0302tement-sol-parquet-bois-edited-768x432.jpeg 768w\" sizes=\"(max-width: 1024px) 100vw, 1024px\" \/><\/figure>\n\n\n\n<p>Un large choix d&rsquo;<strong>essences<\/strong> de <strong>bois<\/strong> et d&rsquo;<strong>\u00e9paisseurs<\/strong> existe pour ton <strong>parquet<\/strong>. Comme \u00e0 chaque fois, ton choix doit \u00eatre guid\u00e9 par l&rsquo;usage de tes pi\u00e8ces, ainsi que par tes attentes en mati\u00e8re d&rsquo;\u00e9cologie, de confort etc&#8230;<\/p>\n\n\n\n<p>Bien entendu, par souci environnemental, on t&rsquo;encourage \u00e0 choisir du bois issu de <strong>for\u00eats<\/strong> <strong>locales<\/strong>, exploit\u00e9es durablement, plut\u00f4t que des essences exotiques venues de tr\u00e8s loin&#8230;. <\/p>\n\n\n\n<p>Enfin si tu souhaites optimiser la <strong>dur\u00e9e de vie<\/strong> de ton <strong>parquet<\/strong>, opte pour un <strong>bois massif<\/strong> non trait\u00e9 chimiquement. De plus ce dernier a un faible impact \u00e9cologique et ses \u00e9missions de COV (compos\u00e9s organiques volatils) sont inf\u00e9rieures \u00e0 celle d&rsquo;un parquet contrecoll\u00e9.<\/p>\n\n\n\n<h3 class=\"wp-block-heading\">La terre crue<\/h3>\n\n\n\n<p>Elle a de multiples avantages, notamment en termes de <strong>confort thermique<\/strong> et <strong>acoustique<\/strong>. Mais pas que ! La terre crue est aussi un mat\u00e9riau local, facile \u00e0 entretenir, tr\u00e8s peu \u00e9nergivore ! <\/p>\n\n\n\n<p>La <strong>terre crue <\/strong>dam\u00e9e, comme <strong>rev\u00eatement de sol<\/strong>, doit \u00eatre huil\u00e9e. Elle est adapt\u00e9e pour toutes pi\u00e8ces de vie, except\u00e9e ta cuisine.<\/p>\n\n\n\n<p>Enfin la technique de <strong>rev\u00eatement de sol<\/strong> en <strong>terre crue<\/strong> requiert un <strong>savoir-faire<\/strong> <strong>sp\u00e9cifique<\/strong>. On te recommande donc fortement de te former avant de te lancer ou de ta faire accompagner par un professionnel sachant.<\/p>\n\n\n\n<p>Voici une petite vid\u00e9o de la <a href=\"https:\/\/lamaisonecologique.com\/\" target=\"_blank\" rel=\"noreferrer noopener\">Maison Ecologique<\/a> pour creuser encore un peu plus le sujet :<\/p>\n\n\n\n<figure class=\"wp-block-embed is-type-video is-provider-youtube wp-block-embed-youtube wp-embed-aspect-16-9 wp-has-aspect-ratio\"><div class=\"wp-block-embed__wrapper\">\n<iframe title=\"Un sol en terre crue pour garder les pieds sur terre\" width=\"750\" height=\"422\" src=\"https:\/\/www.youtube.com\/embed\/5iHFeXG3yAE?start=163&#038;feature=oembed\" frameborder=\"0\" allow=\"accelerometer; autoplay; clipboard-write; encrypted-media; gyroscope; picture-in-picture\" allowfullscreen><\/iframe>\n<\/div><\/figure>\n\n\n\n<p><\/p>\n\n\n\n<h3 class=\"wp-block-heading\" id=\"h-la-terre-cuite\">La terre cuite<\/h3>\n\n\n\n<p>Tu peux \u00e9galement opter pour un rev\u00eatement de sol en <strong>terre cuite<\/strong>. Il se pr\u00e9sente sous la forme de carreaux d&rsquo;argile cuits, appel\u00e9s \u00ab\u00a0<strong>tomettes<\/strong>\u00ab\u00a0, industriels ou artisanaux. Ces derniers doivent \u00eatre recouverts de cire ou d&rsquo;huile \u00ab\u00a0dure\u00a0\u00bb pour les prot\u00e9ger et les magnifier.<\/p>\n\n\n\n<h3 class=\"wp-block-heading\">Le li\u00e8ge<\/h3>\n\n\n\n<p>Le <strong>li\u00e8ge<\/strong>, mat\u00e9riau naturel connu pour ses qualit\u00e9s d&rsquo;<strong>isolant<\/strong> (acoustique et thermique), peut \u00e9galement \u00eatre utilis\u00e9 pour ton <strong>rev\u00eatement de sol<\/strong>. Tr\u00e8s r\u00e9sistant \u00e0 l&rsquo;usure, cependant il supporte mal le sable et le gravier. Evite donc de choisir du li\u00e8ge pour le sol de tes pi\u00e8ces en contact avec l&rsquo;ext\u00e9rieur.<\/p>\n\n\n\n<h3 class=\"wp-block-heading\">Le pl\u00e2tre<\/h3>\n\n\n\n<p>Pour mettre en \u0153uvre ton <strong>rev\u00eatement de sol<\/strong> en pl\u00e2tre, tu dois m\u00e9langer du <strong>pl\u00e2tre gros naturel<\/strong> avec de la <strong>chaux a\u00e9rienne<\/strong>. Ensuite tu dois le poncer, le lisser puis le recouvrir d&rsquo;huile dure. Fais bien attention \u00e0 prendre en compte le temps de s\u00e9chage tr\u00e8s rapide du pl\u00e2tre.<\/p>\n\n\n\n<h3 class=\"wp-block-heading\">Le linon\u00e9um<\/h3>\n\n\n\n<p>A l&rsquo;origine le <strong>lino\u00e9um<\/strong> se compose uniquement de <strong>mati\u00e8res premi\u00e8res naturelles<\/strong> : farine de bois, huile de lin, li\u00e8ge, r\u00e9sine, calcaire, jute et pigments. Sois bien vigilant\u00b7e \u00e0 sa composition car certaines entreprises le fabriquent avec des mat\u00e9riaux bien moins \u00e9cologiques.<\/p>\n\n\n\n<h3 class=\"wp-block-heading\">La pierre<\/h3>\n\n\n\n<p>Tu peux \u00e9galement choisir de rev\u00eatir ton sol avec des <strong>pierres<\/strong>, dans ce cas privil\u00e9gie celles extraites et fa\u00e7onn\u00e9es en France (travertin, pierre de Bourgogne ou du P\u00e9rigord etc.), plut\u00f4t que celles provenant d&rsquo;Asie. Mieux encore, v\u00e9rifie s&rsquo;il n&rsquo;y a pas un artisan pr\u00e8s de chez toi qui travaille avec de la <strong>pierre locale<\/strong>.<\/p>\n\n\n\n<h3 class=\"wp-block-heading\">La fibre v\u00e9g\u00e9tale<\/h3>\n\n\n\n<p>Les <strong>rev\u00eatements de sol<\/strong> en <strong>fibres<\/strong> <strong>v\u00e9g\u00e9tales<\/strong> sont le plus souvent constitu\u00e9s de mati\u00e8res venues d&rsquo;Asie : jonc, sisal, fibre de coco&#8230; Ces mat\u00e9riaux ont des avantages en termes d&rsquo;isolation thermique et phonique,  mais sont plus sensibles aux t\u00e2ches. Enfin bien souvent ces <strong>rev\u00eatements de sol<\/strong> sont constitu\u00e9s de <strong>sous-couches<\/strong> <strong>synth\u00e9tiques<\/strong> \u00e9mettrices de COV (compos\u00e9s organiques volatils).<\/p>\n\n\n\n<p>Attention donc \u00e0 ne pas te laisser induire en erreur par l&rsquo;appellation \u00ab\u00a0v\u00e9g\u00e9tale\u00a0\u00bb, qui ne refl\u00e8te pas toujours la r\u00e9alit\u00e9. On te sugg\u00e8re \u00e9galement de prendre en compte le <strong>bilan \u00e9nerg\u00e9tique<\/strong> de ce type de mat\u00e9riaux, pas toujours tr\u00e8s bon, surtout si les mati\u00e8res premi\u00e8res viennent de loin.<\/p>\n\n\n\n<h2 class=\"wp-block-heading\">Les bonnes questions \u00e0 se poser<\/h2>\n\n\n\n<ul class=\"wp-block-list\"><li>Quels sont les <strong>crit\u00e8res<\/strong> de <strong>choix<\/strong> les plus importants pour toi ? Lesquels sont <strong>prioritaires<\/strong> \u00e0 tes yeux ? Dur\u00e9e de vie, impact environnemental et sanitaire, facilit\u00e9 de pause, entretien, prix, esth\u00e9tique&#8230;?<\/li><\/ul>\n\n\n\n<h2 class=\"wp-block-heading\">Les points de vigilance<\/h2>\n\n\n\n<ul class=\"wp-block-list\"><li>Le niveau de <strong>difficult\u00e9<\/strong> de <strong>mise en \u0153uvre<\/strong> varie en fonction du type de <strong>rev\u00eatement de sol<\/strong>. Certains demandent un plus haut niveau de comp\u00e9tences techniques. Si tu n&rsquo;es pas s\u00fbr\u00b7e de toi, n&rsquo;h\u00e9site pas \u00e0 te former en amont ou fais appel \u00e0 un professionnel.<\/li><\/ul>\n\n\n\n<p><\/p>\n\n\n\n<ul class=\"wp-block-list\"><li>Prends le temps de <strong>v\u00e9rifier<\/strong> ton <strong>mat\u00e9riau<\/strong>, certains sont des <strong>imitations<\/strong>, comme les pierres reconstitu\u00e9es. Enfin certaines pierres sont bien extraites en France mais fa\u00e7onn\u00e9es dans d&rsquo;autres pays.<\/li><\/ul>\n\n\n\n<h2 class=\"wp-block-heading\">R\u00e9f\u00e9rences documentaires<\/h2>\n\n\n\n<ul class=\"wp-block-list\"><li>DTU 51.1<\/li><li>DTU 53.1<\/li><\/ul>\n\n\n\n<div style=\"height:50px\" aria-hidden=\"true\" class=\"wp-block-spacer\"><\/div>\n","protected":false},"excerpt":{"rendered":"<p>Rev\u00eatement de sol : d\u00e9finition Le rev\u00eatement de sol est un mat\u00e9riau naturel ou industriel qui vient recouvrir ta dalle et ton plancher d&rsquo;\u00e9tage. Son r\u00f4le est de r\u00e9sister aux passages de personnes et d&rsquo;engins, mais aussi de prot\u00e9ger le sol et le d\u00e9corer. Attention \u00e0 choisir un rev\u00eatement de [&hellip;]<\/p>\n","protected":false},"author":3,"featured_media":0,"parent":0,"menu_order":0,"comment_status":"closed","ping_status":"closed","template":"","meta":{"_eb_attr":"","_themeisle_gutenberg_block_has_review":false,"footnotes":""},"class_list":["post-4074","page","type-page","status-publish","hentry"],"yoast_head":"<!-- This site is optimized with the Yoast SEO Premium plugin v27.2 (Yoast SEO v27.4) - https:\/\/yoast.com\/product\/yoast-seo-premium-wordpress\/ -->\n<title>Quel rev\u00eatement de sol int\u00e9rieur choisir ?<\/title>\n<meta name=\"description\" content=\"Quel mat\u00e9riau biosourc\u00e9 choisir pour mon rev\u00eatement de sol int\u00e9rieur ? Parquet, terre crue, terre cuite, li\u00e8ge, pierre...\" \/>\n<meta name=\"robots\" content=\"index, follow, max-snippet:-1, max-image-preview:large, max-video-preview:-1\" \/>\n<link rel=\"canonical\" href=\"https:\/\/fr.twiza.org\/portail\/revetement-de-sol\/\" \/>\n<meta property=\"og:locale\" content=\"fr_FR\" \/>\n<meta property=\"og:type\" content=\"article\" \/>\n<meta property=\"og:title\" content=\"Rev\u00eatement de sol\" \/>\n<meta property=\"og:description\" content=\"Quel mat\u00e9riau biosourc\u00e9 choisir pour mon rev\u00eatement de sol int\u00e9rieur ? Parquet, terre crue, terre cuite, li\u00e8ge, pierre...\" \/>\n<meta property=\"og:url\" content=\"https:\/\/fr.twiza.org\/portail\/revetement-de-sol\/\" \/>\n<meta property=\"og:site_name\" content=\"R\u00e9seau Twiza\" \/>\n<meta property=\"article:publisher\" content=\"https:\/\/fr-fr.facebook.com\/Twiza.fr\/\" \/>\n<meta property=\"article:modified_time\" content=\"2022-05-20T15:30:15+00:00\" \/>\n<meta name=\"twitter:card\" content=\"summary_large_image\" \/>\n<script type=\"application\/ld+json\" class=\"yoast-schema-graph\">{\"@context\":\"https:\\\/\\\/schema.org\",\"@graph\":[{\"@type\":\"WebPage\",\"@id\":\"https:\\\/\\\/fr.twiza.org\\\/portail\\\/revetement-de-sol\\\/\",\"url\":\"https:\\\/\\\/fr.twiza.org\\\/portail\\\/revetement-de-sol\\\/\",\"name\":\"Quel rev\u00eatement de sol int\u00e9rieur choisir ?\",\"isPartOf\":{\"@id\":\"https:\\\/\\\/fr.twiza.org\\\/portail\\\/#website\"},\"datePublished\":\"2022-03-24T10:09:04+00:00\",\"dateModified\":\"2022-05-20T15:30:15+00:00\",\"description\":\"Quel mat\u00e9riau biosourc\u00e9 choisir pour mon rev\u00eatement de sol int\u00e9rieur ? Parquet, terre crue, terre cuite, li\u00e8ge, pierre...\",\"breadcrumb\":{\"@id\":\"https:\\\/\\\/fr.twiza.org\\\/portail\\\/revetement-de-sol\\\/#breadcrumb\"},\"inLanguage\":\"fr-FR\",\"potentialAction\":[{\"@type\":\"ReadAction\",\"target\":[\"https:\\\/\\\/fr.twiza.org\\\/portail\\\/revetement-de-sol\\\/\"]}]},{\"@type\":\"BreadcrumbList\",\"@id\":\"https:\\\/\\\/fr.twiza.org\\\/portail\\\/revetement-de-sol\\\/#breadcrumb\",\"itemListElement\":[{\"@type\":\"ListItem\",\"position\":1,\"name\":\"Accueil\",\"item\":\"https:\\\/\\\/fr.twiza.org\\\/portail\\\/\"},{\"@type\":\"ListItem\",\"position\":2,\"name\":\"Rev\u00eatement de sol\"}]},{\"@type\":\"WebSite\",\"@id\":\"https:\\\/\\\/fr.twiza.org\\\/portail\\\/#website\",\"url\":\"https:\\\/\\\/fr.twiza.org\\\/portail\\\/\",\"name\":\"R\u00e9seau Twiza\",\"description\":\"Entraide pour un habitat \u00e9cologique, convivial et r\u00e9silient\",\"publisher\":{\"@id\":\"https:\\\/\\\/fr.twiza.org\\\/portail\\\/#organization\"},\"potentialAction\":[{\"@type\":\"SearchAction\",\"target\":{\"@type\":\"EntryPoint\",\"urlTemplate\":\"https:\\\/\\\/fr.twiza.org\\\/portail\\\/?s={search_term_string}\"},\"query-input\":{\"@type\":\"PropertyValueSpecification\",\"valueRequired\":true,\"valueName\":\"search_term_string\"}}],\"inLanguage\":\"fr-FR\"},{\"@type\":\"Organization\",\"@id\":\"https:\\\/\\\/fr.twiza.org\\\/portail\\\/#organization\",\"name\":\"R\u00e9seau Twiza\",\"url\":\"https:\\\/\\\/fr.twiza.org\\\/portail\\\/\",\"logo\":{\"@type\":\"ImageObject\",\"inLanguage\":\"fr-FR\",\"@id\":\"https:\\\/\\\/fr.twiza.org\\\/portail\\\/#\\\/schema\\\/logo\\\/image\\\/\",\"url\":\"https:\\\/\\\/fr.twiza.org\\\/portail\\\/wp-content\\\/uploads\\\/2021\\\/05\\\/cropped-logo-reseau-twiza.jpg\",\"contentUrl\":\"https:\\\/\\\/fr.twiza.org\\\/portail\\\/wp-content\\\/uploads\\\/2021\\\/05\\\/cropped-logo-reseau-twiza.jpg\",\"width\":400,\"height\":102,\"caption\":\"R\u00e9seau Twiza\"},\"image\":{\"@id\":\"https:\\\/\\\/fr.twiza.org\\\/portail\\\/#\\\/schema\\\/logo\\\/image\\\/\"},\"sameAs\":[\"https:\\\/\\\/fr-fr.facebook.com\\\/Twiza.fr\\\/\",\"https:\\\/\\\/www.instagram.com\\\/twiza_fr\\\/\",\"https:\\\/\\\/www.linkedin.com\\\/company\\\/reseautwiza\\\/\"]}]}<\/script>\n<!-- \/ Yoast SEO Premium plugin. -->","yoast_head_json":{"title":"Quel rev\u00eatement de sol int\u00e9rieur choisir ?","description":"Quel mat\u00e9riau biosourc\u00e9 choisir pour mon rev\u00eatement de sol int\u00e9rieur ? Parquet, terre crue, terre cuite, li\u00e8ge, pierre...","robots":{"index":"index","follow":"follow","max-snippet":"max-snippet:-1","max-image-preview":"max-image-preview:large","max-video-preview":"max-video-preview:-1"},"canonical":"https:\/\/fr.twiza.org\/portail\/revetement-de-sol\/","og_locale":"fr_FR","og_type":"article","og_title":"Rev\u00eatement de sol","og_description":"Quel mat\u00e9riau biosourc\u00e9 choisir pour mon rev\u00eatement de sol int\u00e9rieur ? Parquet, terre crue, terre cuite, li\u00e8ge, pierre...","og_url":"https:\/\/fr.twiza.org\/portail\/revetement-de-sol\/","og_site_name":"R\u00e9seau Twiza","article_publisher":"https:\/\/fr-fr.facebook.com\/Twiza.fr\/","article_modified_time":"2022-05-20T15:30:15+00:00","twitter_card":"summary_large_image","schema":{"@context":"https:\/\/schema.org","@graph":[{"@type":"WebPage","@id":"https:\/\/fr.twiza.org\/portail\/revetement-de-sol\/","url":"https:\/\/fr.twiza.org\/portail\/revetement-de-sol\/","name":"Quel rev\u00eatement de sol int\u00e9rieur choisir ?","isPartOf":{"@id":"https:\/\/fr.twiza.org\/portail\/#website"},"datePublished":"2022-03-24T10:09:04+00:00","dateModified":"2022-05-20T15:30:15+00:00","description":"Quel mat\u00e9riau biosourc\u00e9 choisir pour mon rev\u00eatement de sol int\u00e9rieur ? Parquet, terre crue, terre cuite, li\u00e8ge, pierre...","breadcrumb":{"@id":"https:\/\/fr.twiza.org\/portail\/revetement-de-sol\/#breadcrumb"},"inLanguage":"fr-FR","potentialAction":[{"@type":"ReadAction","target":["https:\/\/fr.twiza.org\/portail\/revetement-de-sol\/"]}]},{"@type":"BreadcrumbList","@id":"https:\/\/fr.twiza.org\/portail\/revetement-de-sol\/#breadcrumb","itemListElement":[{"@type":"ListItem","position":1,"name":"Accueil","item":"https:\/\/fr.twiza.org\/portail\/"},{"@type":"ListItem","position":2,"name":"Rev\u00eatement de sol"}]},{"@type":"WebSite","@id":"https:\/\/fr.twiza.org\/portail\/#website","url":"https:\/\/fr.twiza.org\/portail\/","name":"R\u00e9seau Twiza","description":"Entraide pour un habitat \u00e9cologique, convivial et r\u00e9silient","publisher":{"@id":"https:\/\/fr.twiza.org\/portail\/#organization"},"potentialAction":[{"@type":"SearchAction","target":{"@type":"EntryPoint","urlTemplate":"https:\/\/fr.twiza.org\/portail\/?s={search_term_string}"},"query-input":{"@type":"PropertyValueSpecification","valueRequired":true,"valueName":"search_term_string"}}],"inLanguage":"fr-FR"},{"@type":"Organization","@id":"https:\/\/fr.twiza.org\/portail\/#organization","name":"R\u00e9seau Twiza","url":"https:\/\/fr.twiza.org\/portail\/","logo":{"@type":"ImageObject","inLanguage":"fr-FR","@id":"https:\/\/fr.twiza.org\/portail\/#\/schema\/logo\/image\/","url":"https:\/\/fr.twiza.org\/portail\/wp-content\/uploads\/2021\/05\/cropped-logo-reseau-twiza.jpg","contentUrl":"https:\/\/fr.twiza.org\/portail\/wp-content\/uploads\/2021\/05\/cropped-logo-reseau-twiza.jpg","width":400,"height":102,"caption":"R\u00e9seau Twiza"},"image":{"@id":"https:\/\/fr.twiza.org\/portail\/#\/schema\/logo\/image\/"},"sameAs":["https:\/\/fr-fr.facebook.com\/Twiza.fr\/","https:\/\/www.instagram.com\/twiza_fr\/","https:\/\/www.linkedin.com\/company\/reseautwiza\/"]}]}},"jetpack_sharing_enabled":true,"_links":{"self":[{"href":"https:\/\/fr.twiza.org\/portail\/wp-json\/wp\/v2\/pages\/4074","targetHints":{"allow":["GET"]}}],"collection":[{"href":"https:\/\/fr.twiza.org\/portail\/wp-json\/wp\/v2\/pages"}],"about":[{"href":"https:\/\/fr.twiza.org\/portail\/wp-json\/wp\/v2\/types\/page"}],"author":[{"embeddable":true,"href":"https:\/\/fr.twiza.org\/portail\/wp-json\/wp\/v2\/users\/3"}],"replies":[{"embeddable":true,"href":"https:\/\/fr.twiza.org\/portail\/wp-json\/wp\/v2\/comments?post=4074"}],"version-history":[{"count":12,"href":"https:\/\/fr.twiza.org\/portail\/wp-json\/wp\/v2\/pages\/4074\/revisions"}],"predecessor-version":[{"id":5306,"href":"https:\/\/fr.twiza.org\/portail\/wp-json\/wp\/v2\/pages\/4074\/revisions\/5306"}],"wp:attachment":[{"href":"https:\/\/fr.twiza.org\/portail\/wp-json\/wp\/v2\/media?parent=4074"}],"curies":[{"name":"wp","href":"https:\/\/api.w.org\/{rel}","templated":true}]}}