{"id":4118,"date":"2022-03-25T17:57:31","date_gmt":"2022-03-25T16:57:31","guid":{"rendered":"https:\/\/fr.twiza.org\/portail\/?page_id=4118"},"modified":"2022-05-20T17:19:18","modified_gmt":"2022-05-20T15:19:18","slug":"le-revetement-mural","status":"publish","type":"page","link":"https:\/\/fr.twiza.org\/portail\/le-revetement-mural\/","title":{"rendered":"Rev\u00eatement mural"},"content":{"rendered":"\n<figure class=\"wp-block-image size-full\"><img fetchpriority=\"high\" decoding=\"async\" width=\"956\" height=\"537\" src=\"https:\/\/fr.twiza.org\/portail\/wp-content\/uploads\/2022\/03\/De\u0301finition-reve\u0302tement-de-mur-edited.jpeg\" alt=\"\" class=\"wp-image-4120\" srcset=\"https:\/\/fr.twiza.org\/portail\/wp-content\/uploads\/2022\/03\/De\u0301finition-reve\u0302tement-de-mur-edited.jpeg 956w, https:\/\/fr.twiza.org\/portail\/wp-content\/uploads\/2022\/03\/De\u0301finition-reve\u0302tement-de-mur-edited-600x337.jpeg 600w, https:\/\/fr.twiza.org\/portail\/wp-content\/uploads\/2022\/03\/De\u0301finition-reve\u0302tement-de-mur-edited-300x169.jpeg 300w, https:\/\/fr.twiza.org\/portail\/wp-content\/uploads\/2022\/03\/De\u0301finition-reve\u0302tement-de-mur-edited-768x431.jpeg 768w\" sizes=\"(max-width: 956px) 100vw, 956px\" \/><\/figure>\n\n\n\n<h2 class=\"wp-block-heading\" id=\"h-revetement-mural-definition\">Rev\u00eatement mural : d\u00e9finition<\/h2>\n\n\n\n<p>Le <strong>rev\u00eatement mural<\/strong> sert \u00e0 prot\u00e9ger, consolider et d\u00e9corer tes murs. Malheureusement, bien souvent il est compos\u00e9 de peintures conventionnelles, solvants, colles, ou autres mat\u00e9riaux nocifs pour ta sant\u00e9. Ces derniers \u00e9mettent des COV (compos\u00e9s organiques volatils), que m\u00eame une bonne <a href=\"https:\/\/fr.twiza.org\/portail\/ventilation\/\" target=\"_blank\" rel=\"noreferrer noopener\">ventilation<\/a> ne pourra pas effacer. On te recommande donc de choisir des <strong>mati\u00e8res naturelles<\/strong>, \u00e0 plus faible impact environnemental et sanitaire. <\/p>\n\n\n\n<h2 class=\"wp-block-heading\">Rev\u00eatement mural : quelles solutions \u00e9cologiques ?<\/h2>\n\n\n\n<h3 class=\"wp-block-heading\">L&rsquo;enduit <\/h3>\n\n\n\n<p>Tu peux appliquer de l&rsquo;<strong>enduit<\/strong> de <strong>finition<\/strong> comme <strong>rev\u00eatement mural<\/strong>, si ta surface est plane et rugueuse. On te recommande d&rsquo;utiliser de l&rsquo;<strong>enduit terre<\/strong>, \u00e9cologique et aux multiples vertus : sain, aspect esth\u00e9tique et chaleureux, r\u00e9gulation de l&rsquo;hydrom\u00e9trie, agr\u00e9able au toucher&#8230; L&rsquo;<strong>enduit<\/strong> de <strong>finition terre<\/strong> est le plus souvent compos\u00e9 d&rsquo;un m\u00e9lange d&rsquo;<strong>argile<\/strong>, et\/ou de <strong>sable<\/strong>, et\/ou de <strong>chaux<\/strong>. <\/p>\n\n\n\n<p>Tu peux choisir de fabriquer et poser ton <strong>enduit terre<\/strong> toi-m\u00eame, ou de l&rsquo;acheter en magasin ou encore de faire appel \u00e0 un professionnel.<\/p>\n\n\n\n<p>L&rsquo;un des gros avantages de l&rsquo;enduit terre est son <strong>potentiel cr\u00e9atif<\/strong> sans limite. En effet tu as la possibilit\u00e9 de personnaliser son aspect final, en jouant avec les <strong>couleurs<\/strong> (ajout de pigments), les <strong>textures<\/strong>, les <strong>incrustations<\/strong>&#8230;. <\/p>\n\n\n\n<h3 class=\"wp-block-heading\">Le bois<\/h3>\n\n\n\n<figure class=\"wp-block-image size-full\"><img decoding=\"async\" width=\"1024\" height=\"575\" src=\"https:\/\/fr.twiza.org\/portail\/wp-content\/uploads\/2022\/03\/Reve\u0302tement-mural-bois-massif-edited.jpeg\" alt=\"Rev\u00eatement mural \u00e9cologique en bois massif\" class=\"wp-image-4124\" srcset=\"https:\/\/fr.twiza.org\/portail\/wp-content\/uploads\/2022\/03\/Reve\u0302tement-mural-bois-massif-edited.jpeg 1024w, https:\/\/fr.twiza.org\/portail\/wp-content\/uploads\/2022\/03\/Reve\u0302tement-mural-bois-massif-edited-600x337.jpeg 600w, https:\/\/fr.twiza.org\/portail\/wp-content\/uploads\/2022\/03\/Reve\u0302tement-mural-bois-massif-edited-300x168.jpeg 300w, https:\/\/fr.twiza.org\/portail\/wp-content\/uploads\/2022\/03\/Reve\u0302tement-mural-bois-massif-edited-768x431.jpeg 768w\" sizes=\"(max-width: 1024px) 100vw, 1024px\" \/><\/figure>\n\n\n\n<p>Si tu le peux, mets de c\u00f4t\u00e9 l&rsquo;option panneaux m\u00e9lamin\u00e9s et contreplaqu\u00e9s pour choisir une alternative plus \u00e9cologique : le <strong>lambris<\/strong> en <strong>bois massif<\/strong>, provenant de for\u00eats locales et g\u00e9r\u00e9es durablement si possible&#8230;.!<\/p>\n\n\n\n<p>Par ailleurs, plut\u00f4t que d&rsquo;acheter du bois trait\u00e9 ou pr\u00e9-peint, ajoute manuellement sur ton bois d&rsquo;origine une couche d&rsquo;huile, de lasure-cire ou de badigeon de chaux. Sache que tu as la possibilt\u00e9 de conserver ton <strong>rev\u00eatement<\/strong> <strong>mural<\/strong> en <strong>bois<\/strong> \u00ab\u00a0<strong>brut<\/strong>\u00ab\u00a0, sans couche suppl\u00e9mentaire. Cette option te laisse l&rsquo;opportunit\u00e9 de choisir l&rsquo;<strong>aspect esth\u00e9tique<\/strong> et la <strong>couleur<\/strong> qui te convient le mieux, parmi un large choix d&rsquo;<strong>essences<\/strong> de bois naturel.<\/p>\n\n\n\n<p>Enfin, si tu veux obtenir un beau rendu irr\u00e9gulier, s\u00e9lectionne 2 ou 3 largeurs diff\u00e9rentes de lames de bois pour constituer ton lambris.<\/p>\n\n\n\n<h3 class=\"wp-block-heading\">La peinture<\/h3>\n\n\n\n<p>En g\u00e9n\u00e9ral, on consid\u00e8re qu&rsquo;une peinture est \u00ab\u00a0<strong>naturelle<\/strong>\u00a0\u00bb si elle est compos\u00e9e au minimum de <strong>95% de produits naturels<\/strong> : argile, huile v\u00e9g\u00e9tale, cas\u00e9ine, chaux etc&#8230;<\/p>\n\n\n\n<p>Pour commencer tu as l&rsquo;option <strong>fabrication maison<\/strong>, \u00e0 l&rsquo;aide des mati\u00e8res cit\u00e9es plus haut mais aussi d&rsquo;un vaste choix d&rsquo;autres ingr\u00e9dients naturels (pommes de terre, bi\u00e8re, colle de farine etc..). Comme pour l&rsquo;<strong>enduit terre<\/strong>, en composant ta propre recette de <strong>peinture naturelle<\/strong>, tu \u00e9largis le spectre des possibles en terme de cr\u00e9ativit\u00e9, d&rsquo;aspect esth\u00e9tique et de rendu final. <\/p>\n\n\n\n<p>Enfin il est \u00e9galement possible d&rsquo;acheter ta <strong>peinture naturelle<\/strong> aupr\u00e8s de fournisseurs de mat\u00e9riaux \u00e9cologiques.<\/p>\n\n\n\n<div style=\"height:50px\" aria-hidden=\"true\" class=\"wp-block-spacer\"><\/div>\n","protected":false},"excerpt":{"rendered":"<p>Rev\u00eatement mural : d\u00e9finition Le rev\u00eatement mural sert \u00e0 prot\u00e9ger, consolider et d\u00e9corer tes murs. Malheureusement, bien souvent il est compos\u00e9 de peintures conventionnelles, solvants, colles, ou autres mat\u00e9riaux nocifs pour ta sant\u00e9. Ces derniers \u00e9mettent des COV (compos\u00e9s organiques volatils), que m\u00eame une bonne ventilation ne pourra pas effacer. [&hellip;]<\/p>\n","protected":false},"author":3,"featured_media":0,"parent":0,"menu_order":0,"comment_status":"closed","ping_status":"closed","template":"","meta":{"_eb_attr":"","_themeisle_gutenberg_block_has_review":false,"footnotes":""},"class_list":["post-4118","page","type-page","status-publish","hentry"],"yoast_head":"<!-- This site is optimized with the Yoast SEO Premium plugin v27.2 (Yoast SEO v27.5) - https:\/\/yoast.com\/product\/yoast-seo-premium-wordpress\/ -->\n<title>Quel rev\u00eatement mural choisir ?<\/title>\n<meta name=\"description\" content=\"Rev\u00eatement mural : quelle solution \u00e9cologique choisir pour ma maison ? Enduit naturel, bois, peintures naturelles...?\" \/>\n<meta name=\"robots\" content=\"index, follow, max-snippet:-1, max-image-preview:large, max-video-preview:-1\" \/>\n<link rel=\"canonical\" href=\"https:\/\/fr.twiza.org\/portail\/le-revetement-mural\/\" \/>\n<meta property=\"og:locale\" content=\"fr_FR\" \/>\n<meta property=\"og:type\" content=\"article\" \/>\n<meta property=\"og:title\" content=\"Rev\u00eatement mural\" \/>\n<meta property=\"og:description\" content=\"Rev\u00eatement mural : quelle solution \u00e9cologique choisir pour ma maison ? Enduit naturel, bois, peintures naturelles...?\" \/>\n<meta property=\"og:url\" content=\"https:\/\/fr.twiza.org\/portail\/le-revetement-mural\/\" \/>\n<meta property=\"og:site_name\" content=\"R\u00e9seau Twiza\" \/>\n<meta property=\"article:publisher\" content=\"https:\/\/fr-fr.facebook.com\/Twiza.fr\/\" \/>\n<meta property=\"article:modified_time\" content=\"2022-05-20T15:19:18+00:00\" \/>\n<meta name=\"twitter:card\" content=\"summary_large_image\" \/>\n<script type=\"application\/ld+json\" class=\"yoast-schema-graph\">{\"@context\":\"https:\\\/\\\/schema.org\",\"@graph\":[{\"@type\":\"WebPage\",\"@id\":\"https:\\\/\\\/fr.twiza.org\\\/portail\\\/le-revetement-mural\\\/\",\"url\":\"https:\\\/\\\/fr.twiza.org\\\/portail\\\/le-revetement-mural\\\/\",\"name\":\"Quel rev\u00eatement mural choisir ?\",\"isPartOf\":{\"@id\":\"https:\\\/\\\/fr.twiza.org\\\/portail\\\/#website\"},\"datePublished\":\"2022-03-25T16:57:31+00:00\",\"dateModified\":\"2022-05-20T15:19:18+00:00\",\"description\":\"Rev\u00eatement mural : quelle solution \u00e9cologique choisir pour ma maison ? Enduit naturel, bois, peintures naturelles...?\",\"breadcrumb\":{\"@id\":\"https:\\\/\\\/fr.twiza.org\\\/portail\\\/le-revetement-mural\\\/#breadcrumb\"},\"inLanguage\":\"fr-FR\",\"potentialAction\":[{\"@type\":\"ReadAction\",\"target\":[\"https:\\\/\\\/fr.twiza.org\\\/portail\\\/le-revetement-mural\\\/\"]}]},{\"@type\":\"BreadcrumbList\",\"@id\":\"https:\\\/\\\/fr.twiza.org\\\/portail\\\/le-revetement-mural\\\/#breadcrumb\",\"itemListElement\":[{\"@type\":\"ListItem\",\"position\":1,\"name\":\"Accueil\",\"item\":\"https:\\\/\\\/fr.twiza.org\\\/portail\\\/\"},{\"@type\":\"ListItem\",\"position\":2,\"name\":\"Rev\u00eatement mural\"}]},{\"@type\":\"WebSite\",\"@id\":\"https:\\\/\\\/fr.twiza.org\\\/portail\\\/#website\",\"url\":\"https:\\\/\\\/fr.twiza.org\\\/portail\\\/\",\"name\":\"R\u00e9seau Twiza\",\"description\":\"Entraide pour un habitat \u00e9cologique, convivial et r\u00e9silient\",\"publisher\":{\"@id\":\"https:\\\/\\\/fr.twiza.org\\\/portail\\\/#organization\"},\"potentialAction\":[{\"@type\":\"SearchAction\",\"target\":{\"@type\":\"EntryPoint\",\"urlTemplate\":\"https:\\\/\\\/fr.twiza.org\\\/portail\\\/?s={search_term_string}\"},\"query-input\":{\"@type\":\"PropertyValueSpecification\",\"valueRequired\":true,\"valueName\":\"search_term_string\"}}],\"inLanguage\":\"fr-FR\"},{\"@type\":\"Organization\",\"@id\":\"https:\\\/\\\/fr.twiza.org\\\/portail\\\/#organization\",\"name\":\"R\u00e9seau Twiza\",\"url\":\"https:\\\/\\\/fr.twiza.org\\\/portail\\\/\",\"logo\":{\"@type\":\"ImageObject\",\"inLanguage\":\"fr-FR\",\"@id\":\"https:\\\/\\\/fr.twiza.org\\\/portail\\\/#\\\/schema\\\/logo\\\/image\\\/\",\"url\":\"https:\\\/\\\/fr.twiza.org\\\/portail\\\/wp-content\\\/uploads\\\/2021\\\/05\\\/cropped-logo-reseau-twiza.jpg\",\"contentUrl\":\"https:\\\/\\\/fr.twiza.org\\\/portail\\\/wp-content\\\/uploads\\\/2021\\\/05\\\/cropped-logo-reseau-twiza.jpg\",\"width\":400,\"height\":102,\"caption\":\"R\u00e9seau Twiza\"},\"image\":{\"@id\":\"https:\\\/\\\/fr.twiza.org\\\/portail\\\/#\\\/schema\\\/logo\\\/image\\\/\"},\"sameAs\":[\"https:\\\/\\\/fr-fr.facebook.com\\\/Twiza.fr\\\/\",\"https:\\\/\\\/www.instagram.com\\\/twiza_fr\\\/\",\"https:\\\/\\\/www.linkedin.com\\\/company\\\/reseautwiza\\\/\"]}]}<\/script>\n<!-- \/ Yoast SEO Premium plugin. -->","yoast_head_json":{"title":"Quel rev\u00eatement mural choisir ?","description":"Rev\u00eatement mural : quelle solution \u00e9cologique choisir pour ma maison ? Enduit naturel, bois, peintures naturelles...?","robots":{"index":"index","follow":"follow","max-snippet":"max-snippet:-1","max-image-preview":"max-image-preview:large","max-video-preview":"max-video-preview:-1"},"canonical":"https:\/\/fr.twiza.org\/portail\/le-revetement-mural\/","og_locale":"fr_FR","og_type":"article","og_title":"Rev\u00eatement mural","og_description":"Rev\u00eatement mural : quelle solution \u00e9cologique choisir pour ma maison ? Enduit naturel, bois, peintures naturelles...?","og_url":"https:\/\/fr.twiza.org\/portail\/le-revetement-mural\/","og_site_name":"R\u00e9seau Twiza","article_publisher":"https:\/\/fr-fr.facebook.com\/Twiza.fr\/","article_modified_time":"2022-05-20T15:19:18+00:00","twitter_card":"summary_large_image","schema":{"@context":"https:\/\/schema.org","@graph":[{"@type":"WebPage","@id":"https:\/\/fr.twiza.org\/portail\/le-revetement-mural\/","url":"https:\/\/fr.twiza.org\/portail\/le-revetement-mural\/","name":"Quel rev\u00eatement mural choisir ?","isPartOf":{"@id":"https:\/\/fr.twiza.org\/portail\/#website"},"datePublished":"2022-03-25T16:57:31+00:00","dateModified":"2022-05-20T15:19:18+00:00","description":"Rev\u00eatement mural : quelle solution \u00e9cologique choisir pour ma maison ? Enduit naturel, bois, peintures naturelles...?","breadcrumb":{"@id":"https:\/\/fr.twiza.org\/portail\/le-revetement-mural\/#breadcrumb"},"inLanguage":"fr-FR","potentialAction":[{"@type":"ReadAction","target":["https:\/\/fr.twiza.org\/portail\/le-revetement-mural\/"]}]},{"@type":"BreadcrumbList","@id":"https:\/\/fr.twiza.org\/portail\/le-revetement-mural\/#breadcrumb","itemListElement":[{"@type":"ListItem","position":1,"name":"Accueil","item":"https:\/\/fr.twiza.org\/portail\/"},{"@type":"ListItem","position":2,"name":"Rev\u00eatement mural"}]},{"@type":"WebSite","@id":"https:\/\/fr.twiza.org\/portail\/#website","url":"https:\/\/fr.twiza.org\/portail\/","name":"R\u00e9seau Twiza","description":"Entraide pour un habitat \u00e9cologique, convivial et r\u00e9silient","publisher":{"@id":"https:\/\/fr.twiza.org\/portail\/#organization"},"potentialAction":[{"@type":"SearchAction","target":{"@type":"EntryPoint","urlTemplate":"https:\/\/fr.twiza.org\/portail\/?s={search_term_string}"},"query-input":{"@type":"PropertyValueSpecification","valueRequired":true,"valueName":"search_term_string"}}],"inLanguage":"fr-FR"},{"@type":"Organization","@id":"https:\/\/fr.twiza.org\/portail\/#organization","name":"R\u00e9seau Twiza","url":"https:\/\/fr.twiza.org\/portail\/","logo":{"@type":"ImageObject","inLanguage":"fr-FR","@id":"https:\/\/fr.twiza.org\/portail\/#\/schema\/logo\/image\/","url":"https:\/\/fr.twiza.org\/portail\/wp-content\/uploads\/2021\/05\/cropped-logo-reseau-twiza.jpg","contentUrl":"https:\/\/fr.twiza.org\/portail\/wp-content\/uploads\/2021\/05\/cropped-logo-reseau-twiza.jpg","width":400,"height":102,"caption":"R\u00e9seau Twiza"},"image":{"@id":"https:\/\/fr.twiza.org\/portail\/#\/schema\/logo\/image\/"},"sameAs":["https:\/\/fr-fr.facebook.com\/Twiza.fr\/","https:\/\/www.instagram.com\/twiza_fr\/","https:\/\/www.linkedin.com\/company\/reseautwiza\/"]}]}},"jetpack_sharing_enabled":true,"_links":{"self":[{"href":"https:\/\/fr.twiza.org\/portail\/wp-json\/wp\/v2\/pages\/4118","targetHints":{"allow":["GET"]}}],"collection":[{"href":"https:\/\/fr.twiza.org\/portail\/wp-json\/wp\/v2\/pages"}],"about":[{"href":"https:\/\/fr.twiza.org\/portail\/wp-json\/wp\/v2\/types\/page"}],"author":[{"embeddable":true,"href":"https:\/\/fr.twiza.org\/portail\/wp-json\/wp\/v2\/users\/3"}],"replies":[{"embeddable":true,"href":"https:\/\/fr.twiza.org\/portail\/wp-json\/wp\/v2\/comments?post=4118"}],"version-history":[{"count":15,"href":"https:\/\/fr.twiza.org\/portail\/wp-json\/wp\/v2\/pages\/4118\/revisions"}],"predecessor-version":[{"id":5294,"href":"https:\/\/fr.twiza.org\/portail\/wp-json\/wp\/v2\/pages\/4118\/revisions\/5294"}],"wp:attachment":[{"href":"https:\/\/fr.twiza.org\/portail\/wp-json\/wp\/v2\/media?parent=4118"}],"curies":[{"name":"wp","href":"https:\/\/api.w.org\/{rel}","templated":true}]}}