{"id":4400,"date":"2022-05-11T11:02:57","date_gmt":"2022-05-11T09:02:57","guid":{"rendered":"https:\/\/fr.twiza.org\/portail\/?page_id=4400"},"modified":"2022-05-20T17:26:08","modified_gmt":"2022-05-20T15:26:08","slug":"les-amenagements-exterieurs","status":"publish","type":"page","link":"https:\/\/fr.twiza.org\/portail\/les-amenagements-exterieurs\/","title":{"rendered":"Am\u00e9nagements ext\u00e9rieurs"},"content":{"rendered":"\n<figure class=\"wp-block-image size-full\"><img fetchpriority=\"high\" decoding=\"async\" width=\"1024\" height=\"576\" src=\"https:\/\/fr.twiza.org\/portail\/wp-content\/uploads\/2022\/04\/de\u0301finition-ame\u0301nagements-exte\u0301rieurs-edited.jpeg\" alt=\"\" class=\"wp-image-4403\" srcset=\"https:\/\/fr.twiza.org\/portail\/wp-content\/uploads\/2022\/04\/de\u0301finition-ame\u0301nagements-exte\u0301rieurs-edited.jpeg 1024w, https:\/\/fr.twiza.org\/portail\/wp-content\/uploads\/2022\/04\/de\u0301finition-ame\u0301nagements-exte\u0301rieurs-edited-600x338.jpeg 600w, https:\/\/fr.twiza.org\/portail\/wp-content\/uploads\/2022\/04\/de\u0301finition-ame\u0301nagements-exte\u0301rieurs-edited-300x169.jpeg 300w, https:\/\/fr.twiza.org\/portail\/wp-content\/uploads\/2022\/04\/de\u0301finition-ame\u0301nagements-exte\u0301rieurs-edited-768x432.jpeg 768w\" sizes=\"(max-width: 1024px) 100vw, 1024px\" \/><\/figure>\n\n\n\n<h2 class=\"wp-block-heading\" id=\"h-amenagements-exterieurs-definition\">Am\u00e9nagements ext\u00e9rieurs : d\u00e9finition<\/h2>\n\n\n\n<p>Ils repr\u00e9sentent tous les <strong>am\u00e9nagement<\/strong>s \u00e0 pr\u00e9voir sur tout le <strong>terrain<\/strong> qui entoure ta maison : <strong>terrasse<\/strong>, <strong>all\u00e9e<\/strong>, <strong>haies<\/strong>, <strong>jardin<\/strong>, <strong>potager<\/strong> etc&#8230; Ce qui est super c&rsquo;est qu&rsquo;il y a plein de mani\u00e8res d&rsquo;am\u00e9nager tes espaces ext\u00e9rieurs de mani\u00e8re esth\u00e9tique, en respectant l&rsquo;environnement et en limitant ton co\u00fbt final.<\/p>\n\n\n\n<p>Pour ce faire, et comme pour toutes les autres parties de ton projet, on te conseille d&rsquo;<strong>anticiper<\/strong> le sujet. C&rsquo;est-\u00e0-dire d&rsquo;aborder le sujet de l&rsquo;<strong>am\u00e9nagement<\/strong> d&rsquo;<strong>ext\u00e9rieur<\/strong> d\u00e8s la phase <a href=\"https:\/\/fr.twiza.org\/portail\/conception\/\" target=\"_blank\" rel=\"noreferrer noopener\">conception<\/a> de ton projet. A savoir que tu peux obtenir des conseils pr\u00e9cieux de la part de professionnels tels que les <strong>paysagistes<\/strong>.<\/p>\n\n\n\n<h2 class=\"wp-block-heading\">Quels types d&rsquo;am\u00e9nagements ext\u00e9rieurs pour ma maison ?<\/h2>\n\n\n\n<p>Voici quelles suggestions d&rsquo;<strong>am\u00e9nagements<\/strong> <strong>ext\u00e9rieurs<\/strong>  auxquels penser pour ta maison :<\/p>\n\n\n\n<h3 class=\"wp-block-heading\">Les terrasses et cl\u00f4tures<\/h3>\n\n\n\n<p>Le <strong>bois<\/strong> est un <strong>mat\u00e9riau<\/strong> qui conviendra bien pour ta <strong>terrasse<\/strong> et tes <strong>cl\u00f4tures<\/strong>, \u00e0 condition d&rsquo;en choisir un bien adapt\u00e9 \u00e0 ton climat.<\/p>\n\n\n\n<p>Pour t&rsquo;aider voici les types de <strong>bois<\/strong> \u00e0 utiliser pour un usage <strong>ext\u00e9rieur<\/strong> :<\/p>\n\n\n\n<ul class=\"wp-block-list\"><li><strong>Bois de classe 4<\/strong> : il supporte l&rsquo;humidit\u00e9 du sol et d&rsquo;\u00eatre en contact permanent avec de l&rsquo;eau douce <\/li><li><strong>Bois de classe 5<\/strong> : il supporte d&rsquo;\u00eatre en contact permanent avec de l&rsquo;eau douce, ainsi qu&rsquo;avec l&rsquo;eau sal\u00e9e<\/li><\/ul>\n\n\n\n<h3 class=\"wp-block-heading\" id=\"h-le-potager\">Le potager<\/h3>\n\n\n\n<figure class=\"wp-block-image size-full\"><img decoding=\"async\" width=\"1024\" height=\"576\" src=\"https:\/\/fr.twiza.org\/portail\/wp-content\/uploads\/2022\/05\/de\u0301finition-ame\u0301nagements-exte\u0301rieurs-potager-edited.jpeg\" alt=\"Photo d'un potager en Bretagne\" class=\"wp-image-4725\" srcset=\"https:\/\/fr.twiza.org\/portail\/wp-content\/uploads\/2022\/05\/de\u0301finition-ame\u0301nagements-exte\u0301rieurs-potager-edited.jpeg 1024w, https:\/\/fr.twiza.org\/portail\/wp-content\/uploads\/2022\/05\/de\u0301finition-ame\u0301nagements-exte\u0301rieurs-potager-edited-600x338.jpeg 600w, https:\/\/fr.twiza.org\/portail\/wp-content\/uploads\/2022\/05\/de\u0301finition-ame\u0301nagements-exte\u0301rieurs-potager-edited-300x169.jpeg 300w, https:\/\/fr.twiza.org\/portail\/wp-content\/uploads\/2022\/05\/de\u0301finition-ame\u0301nagements-exte\u0301rieurs-potager-edited-768x432.jpeg 768w\" sizes=\"(max-width: 1024px) 100vw, 1024px\" \/><\/figure>\n\n\n\n<p>Si tu as du terrain et un peu de temps de libre, pourquoi pas cr\u00e9er un petit <strong>potager<\/strong> ? C&rsquo;est une bonne occasion de te connecter r\u00e9guli\u00e8rement \u00e0 la nature.<\/p>\n\n\n\n<p>Tu peux choisir d&rsquo;appliquer les m\u00e9thodes de <strong>permaculture<\/strong>, imitant le fonctionnement des <strong>\u00e9cosyst\u00e8mes<\/strong> naturels. Belle mani\u00e8re de prendre soin de la terre, de l&rsquo;homme, de la biodiversit\u00e9,  et de lutter contre l&rsquo;agriculture intensive. <\/p>\n\n\n\n<p>Ce type de m\u00e9thode incite \u00e0 vivre au rythme des saisons, et \u00e0 \u00e9viter l&rsquo;utilisation de produits chimiques en s&rsquo;inspirant de la nature pour trouver des solutions.<\/p>\n\n\n\n<h3 class=\"wp-block-heading\">La pelouse<\/h3>\n\n\n\n<p>Il existe plusieurs vari\u00e9t\u00e9s de pelouse, \u00e0 choisir selon diff\u00e9rents crit\u00e8res :<\/p>\n\n\n\n<ul class=\"wp-block-list\"><li>le type d&rsquo;<strong>utilisation<\/strong> : agr\u00e9ment, terrain de jeu, d\u00e9tente..?<\/li><li>le type de <strong>sol<\/strong><\/li><li>le <strong>climat<\/strong> local<\/li><\/ul>\n\n\n\n<p>Si tu pr\u00e9f\u00e8res \u00e9viter de <strong>tondre<\/strong> trop r\u00e9guli\u00e8rement, il existe des vari\u00e9t\u00e9s de gazon qui poussent lentement. <\/p>\n\n\n\n<p>Tu peux \u00e9galement trouver es pelouses adapt\u00e9es aux <strong>climats secs<\/strong>, qui n&rsquo;ont pas besoin d&rsquo;\u00eatre arros\u00e9es en \u00e9t\u00e9.<\/p>\n\n\n\n<p>Enfin n&rsquo;oublie pas de conserver l&rsquo;herbe <strong>tondue<\/strong> afin de l&rsquo;utiliser comme <strong>d\u00e9sherbant naturel<\/strong> ou <strong>compost<\/strong>.<\/p>\n\n\n\n<h3 class=\"wp-block-heading\">Les haies<\/h3>\n\n\n\n<p>Les <strong>haies<\/strong> sont utiles pour te prot\u00e9ger des <strong>vents dominants<\/strong> mais aussi pour prendre soin des <strong>\u00e9cosyst\u00e8mes<\/strong> environnants.<\/p>\n\n\n\n<p>En effet, les plantes et arbustes de tes <strong>haies<\/strong> feront le bonheur d&rsquo;une <strong>faune<\/strong> diverse, qui viendra s&rsquo;y r\u00e9fugier.<\/p>\n\n\n\n<p>Vigilance toutefois \u00e0 respecter la <strong>distance minimum<\/strong> n\u00e9cessaire avec la propri\u00e9t\u00e9 de tes voisins, dict\u00e9e par les <strong>r\u00e8gles d&rsquo;urbanisme<\/strong> de ta commune. Pour t&rsquo;aider, consulte les indications du service public en termes de <a href=\"https:\/\/www.service-public.fr\/particuliers\/vosdroits\/F614#:~:text=Lorsque%20la%20hauteur%20de%20la,voisine%20est%20de%202%20m%C3%A8tres.\" target=\"_blank\" rel=\"noreferrer noopener\">r\u00e9glementation des plantations<\/a>.<\/p>\n\n\n\n<h3 class=\"wp-block-heading\">Les all\u00e9es<\/h3>\n\n\n\n<figure class=\"wp-block-image size-full\"><img decoding=\"async\" width=\"1024\" height=\"576\" src=\"https:\/\/fr.twiza.org\/portail\/wp-content\/uploads\/2022\/05\/de\u0301finition-ame\u0301nagements-exte\u0301rieurs-alle\u0301e-calade-edited.jpg\" alt=\"Photo d'un chemin de calade menant \u00e0 l'abbaye troglodytique de Saint Roman dans le Gard en France.\" class=\"wp-image-4728\" srcset=\"https:\/\/fr.twiza.org\/portail\/wp-content\/uploads\/2022\/05\/de\u0301finition-ame\u0301nagements-exte\u0301rieurs-alle\u0301e-calade-edited.jpg 1024w, https:\/\/fr.twiza.org\/portail\/wp-content\/uploads\/2022\/05\/de\u0301finition-ame\u0301nagements-exte\u0301rieurs-alle\u0301e-calade-edited-600x338.jpg 600w, https:\/\/fr.twiza.org\/portail\/wp-content\/uploads\/2022\/05\/de\u0301finition-ame\u0301nagements-exte\u0301rieurs-alle\u0301e-calade-edited-300x169.jpg 300w, https:\/\/fr.twiza.org\/portail\/wp-content\/uploads\/2022\/05\/de\u0301finition-ame\u0301nagements-exte\u0301rieurs-alle\u0301e-calade-edited-768x432.jpg 768w\" sizes=\"(max-width: 1024px) 100vw, 1024px\" \/><\/figure>\n\n\n\n<p>On t&rsquo;encourage \u00e0 choisir des solutions \u00e9cologiques pour tes <strong>all\u00e9es<\/strong>, plus respectueuses des \u00e9cosyst\u00e8mes et bien souvent plus esth\u00e9tiques \u00e9galement.<\/p>\n\n\n\n<p>C&rsquo;est le cas de la <strong>calade<\/strong>, all\u00e9e compos\u00e9e de <strong>pierres<\/strong> li\u00e9es entre elles par du sable et\/ou de la terre. Parmi ses avantages, elle a celui de favoriser l&rsquo;infiltration de l&rsquo;eau de pluie dans le sol, contrairement au bitume ou autre rev\u00eatement imperm\u00e9able qui la bloquent.<\/p>\n\n\n\n<h3 class=\"wp-block-heading\">Les piscines naturelles<\/h3>\n\n\n\n<p>Afin d&rsquo;\u00e9viter de construire une piscine individuelle classique, loin d&rsquo;\u00eatre un mod\u00e8le en termes d&rsquo;\u00e9cologie, opte pour un <strong>bassin<\/strong> de <strong>baignade<\/strong> <strong>\u00e9cologique<\/strong>.<\/p>\n\n\n\n<p>Ces syst\u00e8mes de <strong>piscine<\/strong> <strong>naturelle<\/strong> ne n\u00e9cessitent aucun traitement chimique pour \u00e9purer l&rsquo;eau. Ce sont des <strong>plantes<\/strong> qui font le travail ! De plus ces bassins naturels offrent un beau rendu esth\u00e9tique et sont r\u00e9alisables par toi-m\u00eame pour un co\u00fbt total raisonnable d&rsquo;environ 5000 euros.  <\/p>\n\n\n\n<p>Quant \u00e0 la r\u00e9glementation, pour les <strong>piscines<\/strong> dont la surface est inf\u00e9rieure \u00e0 100m2, une <a href=\"https:\/\/www.service-public.fr\/particuliers\/vosdroits\/F17578\" target=\"_blank\" rel=\"noreferrer noopener\">d\u00e9claration pr\u00e9alable<\/a> est n\u00e9cessaire. Au dessus de 100m2 il faut d\u00e9poser un <a href=\"https:\/\/www.service-public.fr\/particuliers\/vosdroits\/F1986\" target=\"_blank\" rel=\"noreferrer noopener\">permis de construire<\/a>.<\/p>\n\n\n\n<h2 class=\"wp-block-heading\">Am\u00e9nagements ext\u00e9rieurs : quelle r\u00e8glementation ?<\/h2>\n\n\n\n<p>Voici quelques r\u00e8gles indispensables \u00e0 conna\u00eetre en termes de <a href=\"https:\/\/www.service-public.fr\/particuliers\/vosdroits\/F31473#:~:text=Lorsque%20la%20hauteur%20de%20la,voisine%20est%20de%202%20m%C3%A8tres.\" target=\"_blank\" rel=\"noreferrer noopener\">travaux ext\u00e9rieurs<\/a> :<\/p>\n\n\n\n<ul class=\"wp-block-list\"><li><strong>Aucune autorisation<\/strong> n&rsquo;est n\u00e9cessaire tant que la hauteur d&rsquo;un ouvrage ext\u00e9rieur reste <strong>inf\u00e9rieure \u00e0<\/strong> <strong>1,5m<\/strong> et sa surface au sol <strong>inf\u00e9rieure \u00e0<\/strong> <strong>2m\u00b2<\/strong><\/li><\/ul>\n\n\n\n<p><\/p>\n\n\n\n<ul class=\"wp-block-list\"><li>Une <a href=\"https:\/\/www.service-public.fr\/particuliers\/vosdroits\/F17578\" target=\"_blank\" rel=\"noreferrer noopener\">d\u00e9claration pr\u00e9alable<\/a> de travaux est requise pour l&rsquo;installation d&rsquo;une piscine traditionnelle \u00ab\u00a0non couverte\u00a0\u00bb, ainsi que pour tout local ou construction (v\u00e9randa, cabane de jardin, terrasse etc..) dont la surface au sol comprise <strong>entre 2m\u00b2 et 20m\u00b2<\/strong> et une hauteur <strong>sup\u00e9rieure<\/strong> <strong>\u00e0<\/strong> <strong>1,5m<\/strong>. <\/li><\/ul>\n\n\n\n<p><\/p>\n\n\n\n<ul class=\"wp-block-list\"><li>Enfin un <a href=\"https:\/\/www.service-public.fr\/particuliers\/vosdroits\/F1986\" target=\"_blank\" rel=\"noreferrer noopener\">permis de construire<\/a> est obligatoire pour les <strong>piscines<\/strong> \u00ab\u00a0<strong>couvertes<\/strong>\u00ab\u00a0, les <strong>terrasses<\/strong> \u00ab\u00a0<strong>sur\u00e9lev\u00e9es<\/strong>\u00ab\u00a0, ainsi que pour toute installation dont la surface au sol est <strong>sup\u00e9rieure \u00e0 20m\u00b2<\/strong><\/li><\/ul>\n\n\n\n<h2 class=\"wp-block-heading\">Les points de vigilance<\/h2>\n\n\n\n<ul class=\"wp-block-list\"><li>Pense \u00e0 bien prendre en compte les <strong>sp\u00e9cificit\u00e9s<\/strong> de ta <strong>zone g\u00e9ographique<\/strong> (climat, mat\u00e9riaux, techniques traditionnelles locales etc.) pour le choix de tes <strong>am\u00e9nagements ext\u00e9rieurs<\/strong>.<\/li><\/ul>\n\n\n\n<div style=\"height:10px\" aria-hidden=\"true\" class=\"wp-block-spacer\"><\/div>\n\n\n\n<div style=\"height:50px\" aria-hidden=\"true\" class=\"wp-block-spacer\"><\/div>\n","protected":false},"excerpt":{"rendered":"<p>Am\u00e9nagements ext\u00e9rieurs : d\u00e9finition Ils repr\u00e9sentent tous les am\u00e9nagements \u00e0 pr\u00e9voir sur tout le terrain qui entoure ta maison : terrasse, all\u00e9e, haies, jardin, potager etc&#8230; Ce qui est super c&rsquo;est qu&rsquo;il y a plein de mani\u00e8res d&rsquo;am\u00e9nager tes espaces ext\u00e9rieurs de mani\u00e8re esth\u00e9tique, en respectant l&rsquo;environnement et en limitant [&hellip;]<\/p>\n","protected":false},"author":3,"featured_media":0,"parent":0,"menu_order":0,"comment_status":"closed","ping_status":"closed","template":"","meta":{"_eb_attr":"","_themeisle_gutenberg_block_has_review":false,"footnotes":""},"class_list":["post-4400","page","type-page","status-publish","hentry"],"yoast_head":"<!-- This site is optimized with the Yoast SEO Premium plugin v27.2 (Yoast SEO v27.3) - https:\/\/yoast.com\/product\/yoast-seo-premium-wordpress\/ -->\n<title>Quels am\u00e9nagements ext\u00e9rieurs pour ma maison ?<\/title>\n<meta name=\"description\" content=\"Quels sont les am\u00e9nagements ext\u00e9rieurs \u00e0 pr\u00e9voir dans ma maison ? Terrasse, cl\u00f4ture, haies, potager, piscine naturelle...\" \/>\n<meta name=\"robots\" content=\"index, follow, max-snippet:-1, max-image-preview:large, max-video-preview:-1\" \/>\n<link rel=\"canonical\" href=\"https:\/\/fr.twiza.org\/portail\/les-amenagements-exterieurs\/\" \/>\n<meta property=\"og:locale\" content=\"fr_FR\" \/>\n<meta property=\"og:type\" content=\"article\" \/>\n<meta property=\"og:title\" content=\"Am\u00e9nagements ext\u00e9rieurs\" \/>\n<meta property=\"og:description\" content=\"Quels sont les am\u00e9nagements ext\u00e9rieurs \u00e0 pr\u00e9voir dans ma maison ? Terrasse, cl\u00f4ture, haies, potager, piscine naturelle...\" \/>\n<meta property=\"og:url\" content=\"https:\/\/fr.twiza.org\/portail\/les-amenagements-exterieurs\/\" \/>\n<meta property=\"og:site_name\" content=\"R\u00e9seau Twiza\" \/>\n<meta property=\"article:publisher\" content=\"https:\/\/fr-fr.facebook.com\/Twiza.fr\/\" \/>\n<meta property=\"article:modified_time\" content=\"2022-05-20T15:26:08+00:00\" \/>\n<meta name=\"twitter:card\" content=\"summary_large_image\" \/>\n<script type=\"application\/ld+json\" class=\"yoast-schema-graph\">{\"@context\":\"https:\\\/\\\/schema.org\",\"@graph\":[{\"@type\":\"WebPage\",\"@id\":\"https:\\\/\\\/fr.twiza.org\\\/portail\\\/les-amenagements-exterieurs\\\/\",\"url\":\"https:\\\/\\\/fr.twiza.org\\\/portail\\\/les-amenagements-exterieurs\\\/\",\"name\":\"Quels am\u00e9nagements ext\u00e9rieurs pour ma maison ?\",\"isPartOf\":{\"@id\":\"https:\\\/\\\/fr.twiza.org\\\/portail\\\/#website\"},\"datePublished\":\"2022-05-11T09:02:57+00:00\",\"dateModified\":\"2022-05-20T15:26:08+00:00\",\"description\":\"Quels sont les am\u00e9nagements ext\u00e9rieurs \u00e0 pr\u00e9voir dans ma maison ? Terrasse, cl\u00f4ture, haies, potager, piscine naturelle...\",\"breadcrumb\":{\"@id\":\"https:\\\/\\\/fr.twiza.org\\\/portail\\\/les-amenagements-exterieurs\\\/#breadcrumb\"},\"inLanguage\":\"fr-FR\",\"potentialAction\":[{\"@type\":\"ReadAction\",\"target\":[\"https:\\\/\\\/fr.twiza.org\\\/portail\\\/les-amenagements-exterieurs\\\/\"]}]},{\"@type\":\"BreadcrumbList\",\"@id\":\"https:\\\/\\\/fr.twiza.org\\\/portail\\\/les-amenagements-exterieurs\\\/#breadcrumb\",\"itemListElement\":[{\"@type\":\"ListItem\",\"position\":1,\"name\":\"Accueil\",\"item\":\"https:\\\/\\\/fr.twiza.org\\\/portail\\\/\"},{\"@type\":\"ListItem\",\"position\":2,\"name\":\"Am\u00e9nagements ext\u00e9rieurs\"}]},{\"@type\":\"WebSite\",\"@id\":\"https:\\\/\\\/fr.twiza.org\\\/portail\\\/#website\",\"url\":\"https:\\\/\\\/fr.twiza.org\\\/portail\\\/\",\"name\":\"R\u00e9seau Twiza\",\"description\":\"Entraide pour un habitat \u00e9cologique, convivial et r\u00e9silient\",\"publisher\":{\"@id\":\"https:\\\/\\\/fr.twiza.org\\\/portail\\\/#organization\"},\"potentialAction\":[{\"@type\":\"SearchAction\",\"target\":{\"@type\":\"EntryPoint\",\"urlTemplate\":\"https:\\\/\\\/fr.twiza.org\\\/portail\\\/?s={search_term_string}\"},\"query-input\":{\"@type\":\"PropertyValueSpecification\",\"valueRequired\":true,\"valueName\":\"search_term_string\"}}],\"inLanguage\":\"fr-FR\"},{\"@type\":\"Organization\",\"@id\":\"https:\\\/\\\/fr.twiza.org\\\/portail\\\/#organization\",\"name\":\"R\u00e9seau Twiza\",\"url\":\"https:\\\/\\\/fr.twiza.org\\\/portail\\\/\",\"logo\":{\"@type\":\"ImageObject\",\"inLanguage\":\"fr-FR\",\"@id\":\"https:\\\/\\\/fr.twiza.org\\\/portail\\\/#\\\/schema\\\/logo\\\/image\\\/\",\"url\":\"https:\\\/\\\/fr.twiza.org\\\/portail\\\/wp-content\\\/uploads\\\/2021\\\/05\\\/cropped-logo-reseau-twiza.jpg\",\"contentUrl\":\"https:\\\/\\\/fr.twiza.org\\\/portail\\\/wp-content\\\/uploads\\\/2021\\\/05\\\/cropped-logo-reseau-twiza.jpg\",\"width\":400,\"height\":102,\"caption\":\"R\u00e9seau Twiza\"},\"image\":{\"@id\":\"https:\\\/\\\/fr.twiza.org\\\/portail\\\/#\\\/schema\\\/logo\\\/image\\\/\"},\"sameAs\":[\"https:\\\/\\\/fr-fr.facebook.com\\\/Twiza.fr\\\/\",\"https:\\\/\\\/www.instagram.com\\\/twiza_fr\\\/\",\"https:\\\/\\\/www.linkedin.com\\\/company\\\/reseautwiza\\\/\"]}]}<\/script>\n<!-- \/ Yoast SEO Premium plugin. -->","yoast_head_json":{"title":"Quels am\u00e9nagements ext\u00e9rieurs pour ma maison ?","description":"Quels sont les am\u00e9nagements ext\u00e9rieurs \u00e0 pr\u00e9voir dans ma maison ? Terrasse, cl\u00f4ture, haies, potager, piscine naturelle...","robots":{"index":"index","follow":"follow","max-snippet":"max-snippet:-1","max-image-preview":"max-image-preview:large","max-video-preview":"max-video-preview:-1"},"canonical":"https:\/\/fr.twiza.org\/portail\/les-amenagements-exterieurs\/","og_locale":"fr_FR","og_type":"article","og_title":"Am\u00e9nagements ext\u00e9rieurs","og_description":"Quels sont les am\u00e9nagements ext\u00e9rieurs \u00e0 pr\u00e9voir dans ma maison ? Terrasse, cl\u00f4ture, haies, potager, piscine naturelle...","og_url":"https:\/\/fr.twiza.org\/portail\/les-amenagements-exterieurs\/","og_site_name":"R\u00e9seau Twiza","article_publisher":"https:\/\/fr-fr.facebook.com\/Twiza.fr\/","article_modified_time":"2022-05-20T15:26:08+00:00","twitter_card":"summary_large_image","schema":{"@context":"https:\/\/schema.org","@graph":[{"@type":"WebPage","@id":"https:\/\/fr.twiza.org\/portail\/les-amenagements-exterieurs\/","url":"https:\/\/fr.twiza.org\/portail\/les-amenagements-exterieurs\/","name":"Quels am\u00e9nagements ext\u00e9rieurs pour ma maison ?","isPartOf":{"@id":"https:\/\/fr.twiza.org\/portail\/#website"},"datePublished":"2022-05-11T09:02:57+00:00","dateModified":"2022-05-20T15:26:08+00:00","description":"Quels sont les am\u00e9nagements ext\u00e9rieurs \u00e0 pr\u00e9voir dans ma maison ? Terrasse, cl\u00f4ture, haies, potager, piscine naturelle...","breadcrumb":{"@id":"https:\/\/fr.twiza.org\/portail\/les-amenagements-exterieurs\/#breadcrumb"},"inLanguage":"fr-FR","potentialAction":[{"@type":"ReadAction","target":["https:\/\/fr.twiza.org\/portail\/les-amenagements-exterieurs\/"]}]},{"@type":"BreadcrumbList","@id":"https:\/\/fr.twiza.org\/portail\/les-amenagements-exterieurs\/#breadcrumb","itemListElement":[{"@type":"ListItem","position":1,"name":"Accueil","item":"https:\/\/fr.twiza.org\/portail\/"},{"@type":"ListItem","position":2,"name":"Am\u00e9nagements ext\u00e9rieurs"}]},{"@type":"WebSite","@id":"https:\/\/fr.twiza.org\/portail\/#website","url":"https:\/\/fr.twiza.org\/portail\/","name":"R\u00e9seau Twiza","description":"Entraide pour un habitat \u00e9cologique, convivial et r\u00e9silient","publisher":{"@id":"https:\/\/fr.twiza.org\/portail\/#organization"},"potentialAction":[{"@type":"SearchAction","target":{"@type":"EntryPoint","urlTemplate":"https:\/\/fr.twiza.org\/portail\/?s={search_term_string}"},"query-input":{"@type":"PropertyValueSpecification","valueRequired":true,"valueName":"search_term_string"}}],"inLanguage":"fr-FR"},{"@type":"Organization","@id":"https:\/\/fr.twiza.org\/portail\/#organization","name":"R\u00e9seau Twiza","url":"https:\/\/fr.twiza.org\/portail\/","logo":{"@type":"ImageObject","inLanguage":"fr-FR","@id":"https:\/\/fr.twiza.org\/portail\/#\/schema\/logo\/image\/","url":"https:\/\/fr.twiza.org\/portail\/wp-content\/uploads\/2021\/05\/cropped-logo-reseau-twiza.jpg","contentUrl":"https:\/\/fr.twiza.org\/portail\/wp-content\/uploads\/2021\/05\/cropped-logo-reseau-twiza.jpg","width":400,"height":102,"caption":"R\u00e9seau Twiza"},"image":{"@id":"https:\/\/fr.twiza.org\/portail\/#\/schema\/logo\/image\/"},"sameAs":["https:\/\/fr-fr.facebook.com\/Twiza.fr\/","https:\/\/www.instagram.com\/twiza_fr\/","https:\/\/www.linkedin.com\/company\/reseautwiza\/"]}]}},"jetpack_sharing_enabled":true,"_links":{"self":[{"href":"https:\/\/fr.twiza.org\/portail\/wp-json\/wp\/v2\/pages\/4400","targetHints":{"allow":["GET"]}}],"collection":[{"href":"https:\/\/fr.twiza.org\/portail\/wp-json\/wp\/v2\/pages"}],"about":[{"href":"https:\/\/fr.twiza.org\/portail\/wp-json\/wp\/v2\/types\/page"}],"author":[{"embeddable":true,"href":"https:\/\/fr.twiza.org\/portail\/wp-json\/wp\/v2\/users\/3"}],"replies":[{"embeddable":true,"href":"https:\/\/fr.twiza.org\/portail\/wp-json\/wp\/v2\/comments?post=4400"}],"version-history":[{"count":28,"href":"https:\/\/fr.twiza.org\/portail\/wp-json\/wp\/v2\/pages\/4400\/revisions"}],"predecessor-version":[{"id":5302,"href":"https:\/\/fr.twiza.org\/portail\/wp-json\/wp\/v2\/pages\/4400\/revisions\/5302"}],"wp:attachment":[{"href":"https:\/\/fr.twiza.org\/portail\/wp-json\/wp\/v2\/media?parent=4400"}],"curies":[{"name":"wp","href":"https:\/\/api.w.org\/{rel}","templated":true}]}}