{"id":4814,"date":"2022-05-13T15:29:39","date_gmt":"2022-05-13T13:29:39","guid":{"rendered":"https:\/\/fr.twiza.org\/portail\/?page_id=4814"},"modified":"2024-08-26T12:41:45","modified_gmt":"2024-08-26T10:41:45","slug":"travaux-exterieurs","status":"publish","type":"page","link":"https:\/\/fr.twiza.org\/portail\/travaux-exterieurs\/","title":{"rendered":"Travaux ext\u00e9rieurs"},"content":{"rendered":"\n<figure class=\"wp-block-image size-full\"><img fetchpriority=\"high\" decoding=\"async\" width=\"955\" height=\"536\" src=\"https:\/\/fr.twiza.org\/portail\/wp-content\/uploads\/2022\/05\/de\u0301finitions-assainissement-non-collectif-phyto-e\u0301puration-1-edited.jpeg\" alt=\"travaux ext\u00e9rieurs : syst\u00e8me de phyto\u00e9puration\" class=\"wp-image-4817\" srcset=\"https:\/\/fr.twiza.org\/portail\/wp-content\/uploads\/2022\/05\/de\u0301finitions-assainissement-non-collectif-phyto-e\u0301puration-1-edited.jpeg 955w, https:\/\/fr.twiza.org\/portail\/wp-content\/uploads\/2022\/05\/de\u0301finitions-assainissement-non-collectif-phyto-e\u0301puration-1-edited-600x337.jpeg 600w, https:\/\/fr.twiza.org\/portail\/wp-content\/uploads\/2022\/05\/de\u0301finitions-assainissement-non-collectif-phyto-e\u0301puration-1-edited-300x168.jpeg 300w, https:\/\/fr.twiza.org\/portail\/wp-content\/uploads\/2022\/05\/de\u0301finitions-assainissement-non-collectif-phyto-e\u0301puration-1-edited-768x431.jpeg 768w\" sizes=\"(max-width: 955px) 100vw, 955px\" \/><\/figure>\n\n\n\n<p>Parce qu&rsquo;ils arrivent en dernier dans un chantier, les <strong>travaux ext\u00e9rieurs<\/strong> sont trop souvent d\u00e9laiss\u00e9s au profit des autres parties. Or certains d&rsquo;entre eux sont li\u00e9s \u00e0 des enjeux <strong>essentiels<\/strong> en termes de <strong>construction<\/strong> mais aussi de <strong>budget<\/strong>, tel que le syst\u00e8me d&rsquo;<strong>assainissement<\/strong> de ta maison.<\/p>\n\n\n\n<p>Pour t&rsquo;\u00e9viter de mauvaises surprises co\u00fbteuses, on te recommande donc d&rsquo;aborder le sujet des <strong>travaux ext\u00e9rieurs<\/strong> d\u00e8s la phase <a href=\"https:\/\/fr.twiza.org\/portail\/conception\/(ouvre un nouvel onglet)\" target=\"_blank\" rel=\"noreferrer noopener\">conception<\/a> de ton projet.<\/p>\n\n\n\n<p>Voici les 2 lots principaux associ\u00e9s aux <strong>travaux p\u00e9riph\u00e9riques<\/strong> :<\/p>\n\n\n\n<ul class=\"wp-block-list\"><li><a href=\"https:\/\/fr.twiza.org\/portail\/les-amenagements-exterieurs\/\" target=\"_blank\" rel=\"noreferrer noopener\">Am\u00e9nagements ext\u00e9rieurs<\/a><\/li><li><a href=\"https:\/\/fr.twiza.org\/portail\/assainissement-non-collectif\/\" target=\"_blank\" rel=\"noreferrer noopener\">Assainissement non collectif<\/a><\/li><\/ul>\n","protected":false},"excerpt":{"rendered":"<p>Parce qu&rsquo;ils arrivent en dernier dans un chantier, les travaux ext\u00e9rieurs sont trop souvent d\u00e9laiss\u00e9s au profit des autres parties. Or certains d&rsquo;entre eux sont li\u00e9s \u00e0 des enjeux essentiels en termes de construction mais aussi de budget, tel que le syst\u00e8me d&rsquo;assainissement de ta maison. Pour t&rsquo;\u00e9viter de mauvaises [&hellip;]<\/p>\n","protected":false},"author":3,"featured_media":0,"parent":0,"menu_order":0,"comment_status":"closed","ping_status":"closed","template":"","meta":{"_eb_attr":"","_themeisle_gutenberg_block_has_review":false,"footnotes":""},"class_list":["post-4814","page","type-page","status-publish","hentry"],"yoast_head":"<!-- This site is optimized with the Yoast SEO Premium plugin v27.2 (Yoast SEO v27.3) - https:\/\/yoast.com\/product\/yoast-seo-premium-wordpress\/ -->\n<title>Quels travaux ext\u00e9rieurs pour mon chantier ?<\/title>\n<meta name=\"description\" content=\"Quels travaux ext\u00e9rieurs pr\u00e9voir pour mon chantier ? Phyto\u00e9puration, terrasse, piscines naturelle, potager...\" \/>\n<meta name=\"robots\" content=\"index, follow, max-snippet:-1, max-image-preview:large, max-video-preview:-1\" \/>\n<link rel=\"canonical\" href=\"https:\/\/fr.twiza.org\/portail\/travaux-exterieurs\/\" \/>\n<meta property=\"og:locale\" content=\"fr_FR\" \/>\n<meta property=\"og:type\" content=\"article\" \/>\n<meta property=\"og:title\" content=\"Travaux ext\u00e9rieurs\" \/>\n<meta property=\"og:description\" content=\"Quels travaux ext\u00e9rieurs pr\u00e9voir pour mon chantier ? Phyto\u00e9puration, terrasse, piscines naturelle, potager...\" \/>\n<meta property=\"og:url\" content=\"https:\/\/fr.twiza.org\/portail\/travaux-exterieurs\/\" \/>\n<meta property=\"og:site_name\" content=\"R\u00e9seau Twiza\" \/>\n<meta property=\"article:publisher\" content=\"https:\/\/fr-fr.facebook.com\/Twiza.fr\/\" \/>\n<meta property=\"article:modified_time\" content=\"2024-08-26T10:41:45+00:00\" \/>\n<meta name=\"twitter:card\" content=\"summary_large_image\" \/>\n<script type=\"application\/ld+json\" class=\"yoast-schema-graph\">{\"@context\":\"https:\\\/\\\/schema.org\",\"@graph\":[{\"@type\":\"WebPage\",\"@id\":\"https:\\\/\\\/fr.twiza.org\\\/portail\\\/travaux-exterieurs\\\/\",\"url\":\"https:\\\/\\\/fr.twiza.org\\\/portail\\\/travaux-exterieurs\\\/\",\"name\":\"Quels travaux ext\u00e9rieurs pour mon chantier ?\",\"isPartOf\":{\"@id\":\"https:\\\/\\\/fr.twiza.org\\\/portail\\\/#website\"},\"datePublished\":\"2022-05-13T13:29:39+00:00\",\"dateModified\":\"2024-08-26T10:41:45+00:00\",\"description\":\"Quels travaux ext\u00e9rieurs pr\u00e9voir pour mon chantier ? Phyto\u00e9puration, terrasse, piscines naturelle, potager...\",\"breadcrumb\":{\"@id\":\"https:\\\/\\\/fr.twiza.org\\\/portail\\\/travaux-exterieurs\\\/#breadcrumb\"},\"inLanguage\":\"fr-FR\",\"potentialAction\":[{\"@type\":\"ReadAction\",\"target\":[\"https:\\\/\\\/fr.twiza.org\\\/portail\\\/travaux-exterieurs\\\/\"]}]},{\"@type\":\"BreadcrumbList\",\"@id\":\"https:\\\/\\\/fr.twiza.org\\\/portail\\\/travaux-exterieurs\\\/#breadcrumb\",\"itemListElement\":[{\"@type\":\"ListItem\",\"position\":1,\"name\":\"Accueil\",\"item\":\"https:\\\/\\\/fr.twiza.org\\\/portail\\\/\"},{\"@type\":\"ListItem\",\"position\":2,\"name\":\"Travaux ext\u00e9rieurs\"}]},{\"@type\":\"WebSite\",\"@id\":\"https:\\\/\\\/fr.twiza.org\\\/portail\\\/#website\",\"url\":\"https:\\\/\\\/fr.twiza.org\\\/portail\\\/\",\"name\":\"R\u00e9seau Twiza\",\"description\":\"Entraide pour un habitat \u00e9cologique, convivial et r\u00e9silient\",\"publisher\":{\"@id\":\"https:\\\/\\\/fr.twiza.org\\\/portail\\\/#organization\"},\"potentialAction\":[{\"@type\":\"SearchAction\",\"target\":{\"@type\":\"EntryPoint\",\"urlTemplate\":\"https:\\\/\\\/fr.twiza.org\\\/portail\\\/?s={search_term_string}\"},\"query-input\":{\"@type\":\"PropertyValueSpecification\",\"valueRequired\":true,\"valueName\":\"search_term_string\"}}],\"inLanguage\":\"fr-FR\"},{\"@type\":\"Organization\",\"@id\":\"https:\\\/\\\/fr.twiza.org\\\/portail\\\/#organization\",\"name\":\"R\u00e9seau Twiza\",\"url\":\"https:\\\/\\\/fr.twiza.org\\\/portail\\\/\",\"logo\":{\"@type\":\"ImageObject\",\"inLanguage\":\"fr-FR\",\"@id\":\"https:\\\/\\\/fr.twiza.org\\\/portail\\\/#\\\/schema\\\/logo\\\/image\\\/\",\"url\":\"https:\\\/\\\/fr.twiza.org\\\/portail\\\/wp-content\\\/uploads\\\/2021\\\/05\\\/cropped-logo-reseau-twiza.jpg\",\"contentUrl\":\"https:\\\/\\\/fr.twiza.org\\\/portail\\\/wp-content\\\/uploads\\\/2021\\\/05\\\/cropped-logo-reseau-twiza.jpg\",\"width\":400,\"height\":102,\"caption\":\"R\u00e9seau Twiza\"},\"image\":{\"@id\":\"https:\\\/\\\/fr.twiza.org\\\/portail\\\/#\\\/schema\\\/logo\\\/image\\\/\"},\"sameAs\":[\"https:\\\/\\\/fr-fr.facebook.com\\\/Twiza.fr\\\/\",\"https:\\\/\\\/www.instagram.com\\\/twiza_fr\\\/\",\"https:\\\/\\\/www.linkedin.com\\\/company\\\/reseautwiza\\\/\"]}]}<\/script>\n<!-- \/ Yoast SEO Premium plugin. -->","yoast_head_json":{"title":"Quels travaux ext\u00e9rieurs pour mon chantier ?","description":"Quels travaux ext\u00e9rieurs pr\u00e9voir pour mon chantier ? Phyto\u00e9puration, terrasse, piscines naturelle, potager...","robots":{"index":"index","follow":"follow","max-snippet":"max-snippet:-1","max-image-preview":"max-image-preview:large","max-video-preview":"max-video-preview:-1"},"canonical":"https:\/\/fr.twiza.org\/portail\/travaux-exterieurs\/","og_locale":"fr_FR","og_type":"article","og_title":"Travaux ext\u00e9rieurs","og_description":"Quels travaux ext\u00e9rieurs pr\u00e9voir pour mon chantier ? Phyto\u00e9puration, terrasse, piscines naturelle, potager...","og_url":"https:\/\/fr.twiza.org\/portail\/travaux-exterieurs\/","og_site_name":"R\u00e9seau Twiza","article_publisher":"https:\/\/fr-fr.facebook.com\/Twiza.fr\/","article_modified_time":"2024-08-26T10:41:45+00:00","twitter_card":"summary_large_image","schema":{"@context":"https:\/\/schema.org","@graph":[{"@type":"WebPage","@id":"https:\/\/fr.twiza.org\/portail\/travaux-exterieurs\/","url":"https:\/\/fr.twiza.org\/portail\/travaux-exterieurs\/","name":"Quels travaux ext\u00e9rieurs pour mon chantier ?","isPartOf":{"@id":"https:\/\/fr.twiza.org\/portail\/#website"},"datePublished":"2022-05-13T13:29:39+00:00","dateModified":"2024-08-26T10:41:45+00:00","description":"Quels travaux ext\u00e9rieurs pr\u00e9voir pour mon chantier ? Phyto\u00e9puration, terrasse, piscines naturelle, potager...","breadcrumb":{"@id":"https:\/\/fr.twiza.org\/portail\/travaux-exterieurs\/#breadcrumb"},"inLanguage":"fr-FR","potentialAction":[{"@type":"ReadAction","target":["https:\/\/fr.twiza.org\/portail\/travaux-exterieurs\/"]}]},{"@type":"BreadcrumbList","@id":"https:\/\/fr.twiza.org\/portail\/travaux-exterieurs\/#breadcrumb","itemListElement":[{"@type":"ListItem","position":1,"name":"Accueil","item":"https:\/\/fr.twiza.org\/portail\/"},{"@type":"ListItem","position":2,"name":"Travaux ext\u00e9rieurs"}]},{"@type":"WebSite","@id":"https:\/\/fr.twiza.org\/portail\/#website","url":"https:\/\/fr.twiza.org\/portail\/","name":"R\u00e9seau Twiza","description":"Entraide pour un habitat \u00e9cologique, convivial et r\u00e9silient","publisher":{"@id":"https:\/\/fr.twiza.org\/portail\/#organization"},"potentialAction":[{"@type":"SearchAction","target":{"@type":"EntryPoint","urlTemplate":"https:\/\/fr.twiza.org\/portail\/?s={search_term_string}"},"query-input":{"@type":"PropertyValueSpecification","valueRequired":true,"valueName":"search_term_string"}}],"inLanguage":"fr-FR"},{"@type":"Organization","@id":"https:\/\/fr.twiza.org\/portail\/#organization","name":"R\u00e9seau Twiza","url":"https:\/\/fr.twiza.org\/portail\/","logo":{"@type":"ImageObject","inLanguage":"fr-FR","@id":"https:\/\/fr.twiza.org\/portail\/#\/schema\/logo\/image\/","url":"https:\/\/fr.twiza.org\/portail\/wp-content\/uploads\/2021\/05\/cropped-logo-reseau-twiza.jpg","contentUrl":"https:\/\/fr.twiza.org\/portail\/wp-content\/uploads\/2021\/05\/cropped-logo-reseau-twiza.jpg","width":400,"height":102,"caption":"R\u00e9seau Twiza"},"image":{"@id":"https:\/\/fr.twiza.org\/portail\/#\/schema\/logo\/image\/"},"sameAs":["https:\/\/fr-fr.facebook.com\/Twiza.fr\/","https:\/\/www.instagram.com\/twiza_fr\/","https:\/\/www.linkedin.com\/company\/reseautwiza\/"]}]}},"jetpack_sharing_enabled":true,"_links":{"self":[{"href":"https:\/\/fr.twiza.org\/portail\/wp-json\/wp\/v2\/pages\/4814","targetHints":{"allow":["GET"]}}],"collection":[{"href":"https:\/\/fr.twiza.org\/portail\/wp-json\/wp\/v2\/pages"}],"about":[{"href":"https:\/\/fr.twiza.org\/portail\/wp-json\/wp\/v2\/types\/page"}],"author":[{"embeddable":true,"href":"https:\/\/fr.twiza.org\/portail\/wp-json\/wp\/v2\/users\/3"}],"replies":[{"embeddable":true,"href":"https:\/\/fr.twiza.org\/portail\/wp-json\/wp\/v2\/comments?post=4814"}],"version-history":[{"count":2,"href":"https:\/\/fr.twiza.org\/portail\/wp-json\/wp\/v2\/pages\/4814\/revisions"}],"predecessor-version":[{"id":4818,"href":"https:\/\/fr.twiza.org\/portail\/wp-json\/wp\/v2\/pages\/4814\/revisions\/4818"}],"wp:attachment":[{"href":"https:\/\/fr.twiza.org\/portail\/wp-json\/wp\/v2\/media?parent=4814"}],"curies":[{"name":"wp","href":"https:\/\/api.w.org\/{rel}","templated":true}]}}