{"id":591,"date":"2021-03-07T15:17:34","date_gmt":"2021-03-07T14:17:34","guid":{"rendered":"https:\/\/fr.twiza.org\/portail\/?page_id=591"},"modified":"2026-01-21T15:47:21","modified_gmt":"2026-01-21T14:47:21","slug":"reseaux-locaux-twiza","status":"publish","type":"page","link":"https:\/\/fr.twiza.org\/portail\/reseaux-locaux-twiza\/","title":{"rendered":"Les Groupes locaux"},"content":{"rendered":"\n<figure class=\"wp-block-gallery has-nested-images columns-default is-cropped wp-block-gallery-1 is-layout-flex wp-block-gallery-is-layout-flex\">\n<figure class=\"wp-block-image size-large\"><img fetchpriority=\"high\" decoding=\"async\" width=\"750\" height=\"570\" data-id=\"8389\" src=\"https:\/\/fr.twiza.org\/portail\/wp-content\/uploads\/2023\/03\/Reseaux-locaux-twiza-alsace-750x570px.jpeg\" alt=\"\" class=\"wp-image-8389\" srcset=\"https:\/\/fr.twiza.org\/portail\/wp-content\/uploads\/2023\/03\/Reseaux-locaux-twiza-alsace-750x570px.jpeg 750w, https:\/\/fr.twiza.org\/portail\/wp-content\/uploads\/2023\/03\/Reseaux-locaux-twiza-alsace-750x570px-600x456.jpeg 600w, https:\/\/fr.twiza.org\/portail\/wp-content\/uploads\/2023\/03\/Reseaux-locaux-twiza-alsace-750x570px-300x228.jpeg 300w\" sizes=\"(max-width: 750px) 100vw, 750px\" \/><\/figure>\n\n\n\n<figure class=\"wp-block-image size-large\"><img decoding=\"async\" width=\"750\" height=\"570\" data-id=\"8387\" src=\"https:\/\/fr.twiza.org\/portail\/wp-content\/uploads\/2023\/03\/Reseaux-locaux-twiza-RNT-correze-2-750x570px.jpeg\" alt=\"\" class=\"wp-image-8387\" srcset=\"https:\/\/fr.twiza.org\/portail\/wp-content\/uploads\/2023\/03\/Reseaux-locaux-twiza-RNT-correze-2-750x570px.jpeg 750w, https:\/\/fr.twiza.org\/portail\/wp-content\/uploads\/2023\/03\/Reseaux-locaux-twiza-RNT-correze-2-750x570px-600x456.jpeg 600w, https:\/\/fr.twiza.org\/portail\/wp-content\/uploads\/2023\/03\/Reseaux-locaux-twiza-RNT-correze-2-750x570px-300x228.jpeg 300w\" sizes=\"(max-width: 750px) 100vw, 750px\" \/><\/figure>\n\n\n\n<figure class=\"wp-block-image size-large\"><img decoding=\"async\" width=\"750\" height=\"570\" data-id=\"8390\" src=\"https:\/\/fr.twiza.org\/portail\/wp-content\/uploads\/2023\/03\/Reseaux-locaux-twiza-3-750x570px.jpeg\" alt=\"\" class=\"wp-image-8390\" srcset=\"https:\/\/fr.twiza.org\/portail\/wp-content\/uploads\/2023\/03\/Reseaux-locaux-twiza-3-750x570px.jpeg 750w, https:\/\/fr.twiza.org\/portail\/wp-content\/uploads\/2023\/03\/Reseaux-locaux-twiza-3-750x570px-600x456.jpeg 600w, https:\/\/fr.twiza.org\/portail\/wp-content\/uploads\/2023\/03\/Reseaux-locaux-twiza-3-750x570px-300x228.jpeg 300w\" sizes=\"(max-width: 750px) 100vw, 750px\" \/><\/figure>\n\n\n\n<figure class=\"wp-block-image size-large\"><img loading=\"lazy\" decoding=\"async\" width=\"750\" height=\"570\" data-id=\"8391\" src=\"https:\/\/fr.twiza.org\/portail\/wp-content\/uploads\/2023\/03\/Reseaux-locaux-twiza-4-750x570px.jpeg\" alt=\"\" class=\"wp-image-8391\" srcset=\"https:\/\/fr.twiza.org\/portail\/wp-content\/uploads\/2023\/03\/Reseaux-locaux-twiza-4-750x570px.jpeg 750w, https:\/\/fr.twiza.org\/portail\/wp-content\/uploads\/2023\/03\/Reseaux-locaux-twiza-4-750x570px-600x456.jpeg 600w, https:\/\/fr.twiza.org\/portail\/wp-content\/uploads\/2023\/03\/Reseaux-locaux-twiza-4-750x570px-300x228.jpeg 300w\" sizes=\"(max-width: 750px) 100vw, 750px\" \/><\/figure>\n\n\n\n<figure class=\"wp-block-image size-large\"><img loading=\"lazy\" decoding=\"async\" width=\"750\" height=\"570\" data-id=\"8392\" src=\"https:\/\/fr.twiza.org\/portail\/wp-content\/uploads\/2023\/03\/Reseaux-locaux-twiza-RNT-correze-1-750x570px-1.jpeg\" alt=\"\" class=\"wp-image-8392\" srcset=\"https:\/\/fr.twiza.org\/portail\/wp-content\/uploads\/2023\/03\/Reseaux-locaux-twiza-RNT-correze-1-750x570px-1.jpeg 750w, https:\/\/fr.twiza.org\/portail\/wp-content\/uploads\/2023\/03\/Reseaux-locaux-twiza-RNT-correze-1-750x570px-1-600x456.jpeg 600w, https:\/\/fr.twiza.org\/portail\/wp-content\/uploads\/2023\/03\/Reseaux-locaux-twiza-RNT-correze-1-750x570px-1-300x228.jpeg 300w\" sizes=\"(max-width: 750px) 100vw, 750px\" \/><\/figure>\n\n\n\n<figure class=\"wp-block-image size-large\"><img loading=\"lazy\" decoding=\"async\" width=\"750\" height=\"570\" data-id=\"8393\" src=\"https:\/\/fr.twiza.org\/portail\/wp-content\/uploads\/2023\/03\/Reseaux-locaux-twiza-weekend-pouliguen-750x570px-1.jpeg\" alt=\"\" class=\"wp-image-8393\" srcset=\"https:\/\/fr.twiza.org\/portail\/wp-content\/uploads\/2023\/03\/Reseaux-locaux-twiza-weekend-pouliguen-750x570px-1.jpeg 750w, https:\/\/fr.twiza.org\/portail\/wp-content\/uploads\/2023\/03\/Reseaux-locaux-twiza-weekend-pouliguen-750x570px-1-600x456.jpeg 600w, https:\/\/fr.twiza.org\/portail\/wp-content\/uploads\/2023\/03\/Reseaux-locaux-twiza-weekend-pouliguen-750x570px-1-300x228.jpeg 300w\" sizes=\"(max-width: 750px) 100vw, 750px\" \/><\/figure>\n<\/figure>\n\n\n\n<div style=\"height:35px\" aria-hidden=\"true\" class=\"wp-block-spacer\"><\/div>\n\n\n\n<blockquote class=\"wp-block-quote has-text-align-center is-style-default is-layout-flow wp-block-quote-is-layout-flow\">\n<p>\u00ab\u00a0Les groupes locaux Twiza sont des espaces de rencontre o\u00f9 on partage autour de nos projets ou r\u00eave de construction \u00e9cologique en \u00e9changeant nos retours d&rsquo;exp\u00e9rience, relayant des bons plans du coin et en passant de tr\u00e8s bons moment de convivialit\u00e9 avec des voisin. C&rsquo;est toute la richesse du r\u00e9seau Twiza au plus proche de chez toi.\u00a0\u00bb<\/p>\n<cite>Emi, coordinatrice du r\u00e9seau Twiza<\/cite><\/blockquote>\n\n\n\n<div style=\"height:30px\" aria-hidden=\"true\" class=\"wp-block-spacer\"><\/div>\n\n\n\n<p>Les <strong>groupes locaux Twiza<\/strong>, c&rsquo;est une dynamique locale qui permet de faciliter la mise en relation sur un m\u00eame territoire autour des th\u00e9matiques de l&rsquo;\u00e9co-construction et de la r\u00e9silience, et de cr\u00e9er ou recr\u00e9er du lien via des rencontres, des sessions d&rsquo;entraides, des partages de bons plans, &#8230;<\/p>\n\n\n\n<h2 class=\"wp-block-heading\" id=\"h-un-groupe-local-twiza-pourquoi\">Un groupe local Twiza, pourquoi ?<\/h2>\n\n\n\n<p>Parce que la construction de ton habitat est avant tout une histoire de <strong>proximit\u00e9<\/strong>, les groupes locaux sont destin\u00e9s \u00e0 t&rsquo;accompagner au plus pr\u00e8s de chez toi sur tes projets d&rsquo;habitat \u00e9cologique et de r\u00e9silience.<\/p>\n\n\n\n<p>D&rsquo;un point de vue pratique, les <strong>groupes locaux<\/strong> permettent :<\/p>\n\n\n\n<ul class=\"wp-block-list\">\n<li>des <strong>rencontres<\/strong> entre membres d&rsquo;un m\u00eame territoire avec un <strong>agenda local<\/strong><\/li>\n\n\n\n<li>des espaces de <strong>discussion<\/strong> en ligne pour poser ses questions, partager des bons plans et des retours d&rsquo;exp\u00e9rience<\/li>\n\n\n\n<li>de trouver des <strong>professionnel\u00b7le\u00b7s locaux<\/strong> de l&rsquo;\u00e9coconstruction<\/li>\n\n\n\n<li>un <strong>accompagnement<\/strong> des auto-constructeurs<\/li>\n\n\n\n<li>des <strong>petites annonces<\/strong> pour revendre son mat\u00e9riel de chantier ou ses surplus de mat\u00e9riaux<\/li>\n\n\n\n<li>des <strong>actus locales<\/strong> en lien avec l&rsquo;\u00e9co-construction<\/li>\n<\/ul>\n\n\n\n<p>Ces groupes sont anim\u00e9s par un ou plusieurs membres actifs du r\u00e9seau et ont un espace de discussion priv\u00e9 sur le forum pour annoncer les rencontres et se partager des infos locales. Tu peux donc aller d\u00e9couvrir s&rsquo;il y a d\u00e9j\u00e0 un groupe local pr\u00e8s de chez toi <a href=\"https:\/\/forum.twiza.org\/c\/reseaux-locaux\/62\">ICI<\/a> et t&rsquo;abonner \u00e0 ce canal pour recevoir les info sur ta boite mail. Et s&rsquo;il n&rsquo;y en a pas encore et que tu aimerais en voir un \u00e9merger, tu es le\/la bienvenu dans le groupe des <a href=\"https:\/\/fr.twiza.org\/portail\/devenir-membre-actif-twiza\/\">membres actifs TWIZA<\/a> pour qu&rsquo;on t&rsquo;accompagne \u00e0 cr\u00e9er un groupe local pr\u00e8s de chez toi !<\/p>\n\n\n\n<p><strong>Liste des Groupes locaux actifs fin 2025<\/strong><\/p>\n\n\n\n<ul class=\"wp-block-list\">\n<li>Groupe local du <a href=\"https:\/\/forum.twiza.org\/t\/49-groupe-local-du-maine-et-loire\/8150\/77\">Maine et Loire<\/a><\/li>\n\n\n\n<li>Groupe local de <a href=\"https:\/\/forum.twiza.org\/t\/24-groupe-local-dordogne\/8303\/9\">Dordogne<\/a><\/li>\n\n\n\n<li>Groupe local d&rsquo;<a href=\"https:\/\/forum.twiza.org\/t\/38-groupe-local-isere\/8158\">Is\u00e8re<\/a><\/li>\n\n\n\n<li>Groupe local du <a href=\"https:\/\/forum.twiza.org\/t\/29-finistere\/2177\/9\">Finist\u00e8re<\/a><\/li>\n\n\n\n<li>Groupe local de <a href=\"https:\/\/forum.twiza.org\/t\/80-groupe-local-de-la-somme\/8149\/34\">la Somme<\/a><\/li>\n\n\n\n<li>Groupe local <a href=\"https:\/\/forum.twiza.org\/t\/09-11-31-groupe-local-auriege\/8148\/29\">Auri\u00e8ge (Aude &amp; Ari\u00e8ge)<\/a><\/li>\n\n\n\n<li>Groupe local des <a href=\"https:\/\/forum.twiza.org\/t\/64-pyrenees-atlantiques\/2208\">Pyr\u00e9n\u00e9es Atlantique<\/a><\/li>\n\n\n\n<li>Groupe local <a href=\"https:\/\/forum.twiza.org\/t\/idf-groupe-local-dile-de-france\/11493\">\u00cele-de-France<\/a><\/li>\n\n\n\n<li>Groupe local <a href=\"https:\/\/forum.twiza.org\/t\/33-groupe-local-gironde\/8169\">Gironde<\/a><\/li>\n<\/ul>\n\n\n\n<p>Et d&rsquo;autres sont en cr\u00e9ation !!! Toutes les infos ici : <a href=\"https:\/\/forum.twiza.org\/c\/reseaux-locaux\/62\">Groupes Locaux Twiza<\/a><\/p>\n\n\n\n<h2 class=\"wp-block-heading\" id=\"h-ca-te-dit-de-nous-rejoindre\">\u00c7a te dit de nous rejoindre ?<\/h2>\n\n\n\n<p>Avant de pouvoir commencer \u00e0 d\u00e9ployer un groupe local chez toi , nous te proposons de rejoindre le groupe des membres actifs pour qu&rsquo;on te partage nos outils pour tisser ton r\u00e9seau local et que tu puisses aussi b\u00e9n\u00e9ficier des retours d&rsquo;exp\u00e9riences des membres actifs qui animent d\u00e9j\u00e0 un groupe local<\/p>\n\n\n\n<p>Tous les profils sont les bienvenus chez les membres actifs :<\/p>\n\n\n\n<ul class=\"wp-block-list\">\n<li><strong>auto-constructeur\u00b7trice<\/strong>,<\/li>\n\n\n\n<li><strong>professionnel\u00b7le <\/strong>de la fili\u00e8re,<\/li>\n\n\n\n<li><strong>b\u00e9n\u00e9vole<\/strong> sur des <strong>chantiers participatifs<\/strong>,<\/li>\n\n\n\n<li><strong>\u00e9tudiant\u00b7e<\/strong>,&#8230;<\/li>\n<\/ul>\n\n\n\n<div class=\"wp-block-buttons is-horizontal is-content-justification-center is-layout-flex wp-container-core-buttons-is-layout-03627597 wp-block-buttons-is-layout-flex\">\n<div class=\"wp-block-button is-style-fill\"><a class=\"wp-block-button__link wp-element-button\" href=\"https:\/\/fr.twiza.org\/portail\/devenir-membre-actif-twiza\/\" style=\"border-radius:3px\" target=\"_blank\" rel=\"noreferrer noopener\"><meta charset=\"utf-8\"><\/meta>Rejoindre les membres actifs<\/a><\/div>\n<\/div>\n\n\n\n<p><\/p>\n\n\n\n<p>D\u00e9couvre ici les <strong>membres actifs<\/strong> du <strong>r\u00e9seau Twiza<\/strong> :<\/p>\n\n\n<div class=\"wp-block-image\">\n<figure class=\"aligncenter size-large is-resized\"><a href=\"https:\/\/fr.twiza.org\/portail\/devenir-membre-actif-twiza\/\"><img loading=\"lazy\" decoding=\"async\" width=\"1024\" height=\"492\" src=\"https:\/\/fr.twiza.org\/portail\/wp-content\/uploads\/2023\/08\/Capture-decran-2023-08-28-a-10.50.54-1024x492.png\" alt=\"\" class=\"wp-image-9229\" style=\"width:768px;height:428px\" srcset=\"https:\/\/fr.twiza.org\/portail\/wp-content\/uploads\/2023\/08\/Capture-decran-2023-08-28-a-10.50.54-1024x492.png 1024w, https:\/\/fr.twiza.org\/portail\/wp-content\/uploads\/2023\/08\/Capture-decran-2023-08-28-a-10.50.54-600x288.png 600w, https:\/\/fr.twiza.org\/portail\/wp-content\/uploads\/2023\/08\/Capture-decran-2023-08-28-a-10.50.54-300x144.png 300w, https:\/\/fr.twiza.org\/portail\/wp-content\/uploads\/2023\/08\/Capture-decran-2023-08-28-a-10.50.54-768x369.png 768w, https:\/\/fr.twiza.org\/portail\/wp-content\/uploads\/2023\/08\/Capture-decran-2023-08-28-a-10.50.54-1536x738.png 1536w, https:\/\/fr.twiza.org\/portail\/wp-content\/uploads\/2023\/08\/Capture-decran-2023-08-28-a-10.50.54-2048x984.png 2048w\" sizes=\"(max-width: 1024px) 100vw, 1024px\" \/><\/a><\/figure>\n<\/div>\n\n\n<div style=\"height:50px\" aria-hidden=\"true\" class=\"wp-block-spacer\"><\/div>\n\n\n\n<p><\/p>\n","protected":false},"excerpt":{"rendered":"<p>\u00ab\u00a0Les groupes locaux Twiza sont des espaces de rencontre o\u00f9 on partage autour de nos projets ou r\u00eave de construction \u00e9cologique en \u00e9changeant nos retours d&rsquo;exp\u00e9rience, relayant des bons plans du coin et en passant de tr\u00e8s bons moment de convivialit\u00e9 avec des voisin. C&rsquo;est toute la richesse du r\u00e9seau [&hellip;]<\/p>\n","protected":false},"author":2,"featured_media":0,"parent":0,"menu_order":0,"comment_status":"closed","ping_status":"closed","template":"","meta":{"_eb_attr":"","_themeisle_gutenberg_block_has_review":false,"footnotes":""},"class_list":["post-591","page","type-page","status-publish","hentry"],"yoast_head":"<!-- This site is optimized with the Yoast SEO Premium plugin v27.2 (Yoast SEO v27.3) - https:\/\/yoast.com\/product\/yoast-seo-premium-wordpress\/ -->\n<title>Les Groupes locaux<\/title>\n<meta name=\"robots\" content=\"index, follow, max-snippet:-1, max-image-preview:large, max-video-preview:-1\" \/>\n<link rel=\"canonical\" href=\"https:\/\/fr.twiza.org\/portail\/reseaux-locaux-twiza\/\" \/>\n<meta property=\"og:locale\" content=\"fr_FR\" \/>\n<meta property=\"og:type\" content=\"article\" \/>\n<meta property=\"og:title\" content=\"Les Groupes locaux\" \/>\n<meta property=\"og:description\" content=\"\u00ab\u00a0Les groupes locaux Twiza sont des espaces de rencontre o\u00f9 on partage autour de nos projets ou r\u00eave de construction \u00e9cologique en \u00e9changeant nos retours d&rsquo;exp\u00e9rience, relayant des bons plans du coin et en passant de tr\u00e8s bons moment de convivialit\u00e9 avec des voisin. C&rsquo;est toute la richesse du r\u00e9seau [&hellip;]\" \/>\n<meta property=\"og:url\" content=\"https:\/\/fr.twiza.org\/portail\/reseaux-locaux-twiza\/\" \/>\n<meta property=\"og:site_name\" content=\"R\u00e9seau Twiza\" \/>\n<meta property=\"article:publisher\" content=\"https:\/\/fr-fr.facebook.com\/Twiza.fr\/\" \/>\n<meta property=\"article:modified_time\" content=\"2026-01-21T14:47:21+00:00\" \/>\n<meta property=\"og:image\" content=\"https:\/\/fr.twiza.org\/portail\/wp-content\/uploads\/2023\/03\/Reseaux-locaux-twiza-alsace-750x570px.jpeg\" \/>\n\t<meta property=\"og:image:width\" content=\"750\" \/>\n\t<meta property=\"og:image:height\" content=\"570\" \/>\n\t<meta property=\"og:image:type\" content=\"image\/jpeg\" \/>\n<meta name=\"twitter:card\" content=\"summary_large_image\" \/>\n<script type=\"application\/ld+json\" class=\"yoast-schema-graph\">{\"@context\":\"https:\\\/\\\/schema.org\",\"@graph\":[{\"@type\":\"WebPage\",\"@id\":\"https:\\\/\\\/fr.twiza.org\\\/portail\\\/reseaux-locaux-twiza\\\/\",\"url\":\"https:\\\/\\\/fr.twiza.org\\\/portail\\\/reseaux-locaux-twiza\\\/\",\"name\":\"Les Groupes locaux\",\"isPartOf\":{\"@id\":\"https:\\\/\\\/fr.twiza.org\\\/portail\\\/#website\"},\"primaryImageOfPage\":{\"@id\":\"https:\\\/\\\/fr.twiza.org\\\/portail\\\/reseaux-locaux-twiza\\\/#primaryimage\"},\"image\":{\"@id\":\"https:\\\/\\\/fr.twiza.org\\\/portail\\\/reseaux-locaux-twiza\\\/#primaryimage\"},\"thumbnailUrl\":\"https:\\\/\\\/fr.twiza.org\\\/portail\\\/wp-content\\\/uploads\\\/2023\\\/03\\\/Reseaux-locaux-twiza-alsace-750x570px.jpeg\",\"datePublished\":\"2021-03-07T14:17:34+00:00\",\"dateModified\":\"2026-01-21T14:47:21+00:00\",\"breadcrumb\":{\"@id\":\"https:\\\/\\\/fr.twiza.org\\\/portail\\\/reseaux-locaux-twiza\\\/#breadcrumb\"},\"inLanguage\":\"fr-FR\",\"potentialAction\":[{\"@type\":\"ReadAction\",\"target\":[\"https:\\\/\\\/fr.twiza.org\\\/portail\\\/reseaux-locaux-twiza\\\/\"]}]},{\"@type\":\"ImageObject\",\"inLanguage\":\"fr-FR\",\"@id\":\"https:\\\/\\\/fr.twiza.org\\\/portail\\\/reseaux-locaux-twiza\\\/#primaryimage\",\"url\":\"https:\\\/\\\/fr.twiza.org\\\/portail\\\/wp-content\\\/uploads\\\/2023\\\/03\\\/Reseaux-locaux-twiza-alsace-750x570px.jpeg\",\"contentUrl\":\"https:\\\/\\\/fr.twiza.org\\\/portail\\\/wp-content\\\/uploads\\\/2023\\\/03\\\/Reseaux-locaux-twiza-alsace-750x570px.jpeg\",\"width\":750,\"height\":570},{\"@type\":\"BreadcrumbList\",\"@id\":\"https:\\\/\\\/fr.twiza.org\\\/portail\\\/reseaux-locaux-twiza\\\/#breadcrumb\",\"itemListElement\":[{\"@type\":\"ListItem\",\"position\":1,\"name\":\"Accueil\",\"item\":\"https:\\\/\\\/fr.twiza.org\\\/portail\\\/\"},{\"@type\":\"ListItem\",\"position\":2,\"name\":\"Les Groupes locaux\"}]},{\"@type\":\"WebSite\",\"@id\":\"https:\\\/\\\/fr.twiza.org\\\/portail\\\/#website\",\"url\":\"https:\\\/\\\/fr.twiza.org\\\/portail\\\/\",\"name\":\"R\u00e9seau Twiza\",\"description\":\"Entraide pour un habitat \u00e9cologique, convivial et r\u00e9silient\",\"publisher\":{\"@id\":\"https:\\\/\\\/fr.twiza.org\\\/portail\\\/#organization\"},\"potentialAction\":[{\"@type\":\"SearchAction\",\"target\":{\"@type\":\"EntryPoint\",\"urlTemplate\":\"https:\\\/\\\/fr.twiza.org\\\/portail\\\/?s={search_term_string}\"},\"query-input\":{\"@type\":\"PropertyValueSpecification\",\"valueRequired\":true,\"valueName\":\"search_term_string\"}}],\"inLanguage\":\"fr-FR\"},{\"@type\":\"Organization\",\"@id\":\"https:\\\/\\\/fr.twiza.org\\\/portail\\\/#organization\",\"name\":\"R\u00e9seau Twiza\",\"url\":\"https:\\\/\\\/fr.twiza.org\\\/portail\\\/\",\"logo\":{\"@type\":\"ImageObject\",\"inLanguage\":\"fr-FR\",\"@id\":\"https:\\\/\\\/fr.twiza.org\\\/portail\\\/#\\\/schema\\\/logo\\\/image\\\/\",\"url\":\"https:\\\/\\\/fr.twiza.org\\\/portail\\\/wp-content\\\/uploads\\\/2021\\\/05\\\/cropped-logo-reseau-twiza.jpg\",\"contentUrl\":\"https:\\\/\\\/fr.twiza.org\\\/portail\\\/wp-content\\\/uploads\\\/2021\\\/05\\\/cropped-logo-reseau-twiza.jpg\",\"width\":400,\"height\":102,\"caption\":\"R\u00e9seau Twiza\"},\"image\":{\"@id\":\"https:\\\/\\\/fr.twiza.org\\\/portail\\\/#\\\/schema\\\/logo\\\/image\\\/\"},\"sameAs\":[\"https:\\\/\\\/fr-fr.facebook.com\\\/Twiza.fr\\\/\",\"https:\\\/\\\/www.instagram.com\\\/twiza_fr\\\/\",\"https:\\\/\\\/www.linkedin.com\\\/company\\\/reseautwiza\\\/\"]}]}<\/script>\n<!-- \/ Yoast SEO Premium plugin. -->","yoast_head_json":{"title":"Les Groupes locaux","robots":{"index":"index","follow":"follow","max-snippet":"max-snippet:-1","max-image-preview":"max-image-preview:large","max-video-preview":"max-video-preview:-1"},"canonical":"https:\/\/fr.twiza.org\/portail\/reseaux-locaux-twiza\/","og_locale":"fr_FR","og_type":"article","og_title":"Les Groupes locaux","og_description":"\u00ab\u00a0Les groupes locaux Twiza sont des espaces de rencontre o\u00f9 on partage autour de nos projets ou r\u00eave de construction \u00e9cologique en \u00e9changeant nos retours d&rsquo;exp\u00e9rience, relayant des bons plans du coin et en passant de tr\u00e8s bons moment de convivialit\u00e9 avec des voisin. C&rsquo;est toute la richesse du r\u00e9seau [&hellip;]","og_url":"https:\/\/fr.twiza.org\/portail\/reseaux-locaux-twiza\/","og_site_name":"R\u00e9seau Twiza","article_publisher":"https:\/\/fr-fr.facebook.com\/Twiza.fr\/","article_modified_time":"2026-01-21T14:47:21+00:00","og_image":[{"width":750,"height":570,"url":"https:\/\/fr.twiza.org\/portail\/wp-content\/uploads\/2023\/03\/Reseaux-locaux-twiza-alsace-750x570px.jpeg","type":"image\/jpeg"}],"twitter_card":"summary_large_image","schema":{"@context":"https:\/\/schema.org","@graph":[{"@type":"WebPage","@id":"https:\/\/fr.twiza.org\/portail\/reseaux-locaux-twiza\/","url":"https:\/\/fr.twiza.org\/portail\/reseaux-locaux-twiza\/","name":"Les Groupes locaux","isPartOf":{"@id":"https:\/\/fr.twiza.org\/portail\/#website"},"primaryImageOfPage":{"@id":"https:\/\/fr.twiza.org\/portail\/reseaux-locaux-twiza\/#primaryimage"},"image":{"@id":"https:\/\/fr.twiza.org\/portail\/reseaux-locaux-twiza\/#primaryimage"},"thumbnailUrl":"https:\/\/fr.twiza.org\/portail\/wp-content\/uploads\/2023\/03\/Reseaux-locaux-twiza-alsace-750x570px.jpeg","datePublished":"2021-03-07T14:17:34+00:00","dateModified":"2026-01-21T14:47:21+00:00","breadcrumb":{"@id":"https:\/\/fr.twiza.org\/portail\/reseaux-locaux-twiza\/#breadcrumb"},"inLanguage":"fr-FR","potentialAction":[{"@type":"ReadAction","target":["https:\/\/fr.twiza.org\/portail\/reseaux-locaux-twiza\/"]}]},{"@type":"ImageObject","inLanguage":"fr-FR","@id":"https:\/\/fr.twiza.org\/portail\/reseaux-locaux-twiza\/#primaryimage","url":"https:\/\/fr.twiza.org\/portail\/wp-content\/uploads\/2023\/03\/Reseaux-locaux-twiza-alsace-750x570px.jpeg","contentUrl":"https:\/\/fr.twiza.org\/portail\/wp-content\/uploads\/2023\/03\/Reseaux-locaux-twiza-alsace-750x570px.jpeg","width":750,"height":570},{"@type":"BreadcrumbList","@id":"https:\/\/fr.twiza.org\/portail\/reseaux-locaux-twiza\/#breadcrumb","itemListElement":[{"@type":"ListItem","position":1,"name":"Accueil","item":"https:\/\/fr.twiza.org\/portail\/"},{"@type":"ListItem","position":2,"name":"Les Groupes locaux"}]},{"@type":"WebSite","@id":"https:\/\/fr.twiza.org\/portail\/#website","url":"https:\/\/fr.twiza.org\/portail\/","name":"R\u00e9seau Twiza","description":"Entraide pour un habitat \u00e9cologique, convivial et r\u00e9silient","publisher":{"@id":"https:\/\/fr.twiza.org\/portail\/#organization"},"potentialAction":[{"@type":"SearchAction","target":{"@type":"EntryPoint","urlTemplate":"https:\/\/fr.twiza.org\/portail\/?s={search_term_string}"},"query-input":{"@type":"PropertyValueSpecification","valueRequired":true,"valueName":"search_term_string"}}],"inLanguage":"fr-FR"},{"@type":"Organization","@id":"https:\/\/fr.twiza.org\/portail\/#organization","name":"R\u00e9seau Twiza","url":"https:\/\/fr.twiza.org\/portail\/","logo":{"@type":"ImageObject","inLanguage":"fr-FR","@id":"https:\/\/fr.twiza.org\/portail\/#\/schema\/logo\/image\/","url":"https:\/\/fr.twiza.org\/portail\/wp-content\/uploads\/2021\/05\/cropped-logo-reseau-twiza.jpg","contentUrl":"https:\/\/fr.twiza.org\/portail\/wp-content\/uploads\/2021\/05\/cropped-logo-reseau-twiza.jpg","width":400,"height":102,"caption":"R\u00e9seau Twiza"},"image":{"@id":"https:\/\/fr.twiza.org\/portail\/#\/schema\/logo\/image\/"},"sameAs":["https:\/\/fr-fr.facebook.com\/Twiza.fr\/","https:\/\/www.instagram.com\/twiza_fr\/","https:\/\/www.linkedin.com\/company\/reseautwiza\/"]}]}},"jetpack_sharing_enabled":true,"_links":{"self":[{"href":"https:\/\/fr.twiza.org\/portail\/wp-json\/wp\/v2\/pages\/591","targetHints":{"allow":["GET"]}}],"collection":[{"href":"https:\/\/fr.twiza.org\/portail\/wp-json\/wp\/v2\/pages"}],"about":[{"href":"https:\/\/fr.twiza.org\/portail\/wp-json\/wp\/v2\/types\/page"}],"author":[{"embeddable":true,"href":"https:\/\/fr.twiza.org\/portail\/wp-json\/wp\/v2\/users\/2"}],"replies":[{"embeddable":true,"href":"https:\/\/fr.twiza.org\/portail\/wp-json\/wp\/v2\/comments?post=591"}],"version-history":[{"count":27,"href":"https:\/\/fr.twiza.org\/portail\/wp-json\/wp\/v2\/pages\/591\/revisions"}],"predecessor-version":[{"id":13926,"href":"https:\/\/fr.twiza.org\/portail\/wp-json\/wp\/v2\/pages\/591\/revisions\/13926"}],"wp:attachment":[{"href":"https:\/\/fr.twiza.org\/portail\/wp-json\/wp\/v2\/media?parent=591"}],"curies":[{"name":"wp","href":"https:\/\/api.w.org\/{rel}","templated":true}]}}