{"id":6620,"date":"2023-10-24T18:47:42","date_gmt":"2023-10-24T16:47:42","guid":{"rendered":"https:\/\/fr.twiza.org\/portail\/?page_id=6620"},"modified":"2025-05-27T09:40:20","modified_gmt":"2025-05-27T07:40:20","slug":"quelles-assurances-pour-les-chantiers-participatifs","status":"publish","type":"page","link":"https:\/\/fr.twiza.org\/portail\/quelles-assurances-pour-les-chantiers-participatifs\/","title":{"rendered":"Quelles assurances pour les chantiers participatifs ?"},"content":{"rendered":"\n<figure class=\"wp-block-image size-full\"><img fetchpriority=\"high\" decoding=\"async\" width=\"1024\" height=\"532\" src=\"https:\/\/fr.twiza.org\/portail\/wp-content\/uploads\/2022\/10\/Chantier-participatif-assurance-1024px.jpeg\" alt=\"Autoconstructeurs \u00e0 l'\u0153uvre sur un chantier participatif \" class=\"wp-image-6621\" srcset=\"https:\/\/fr.twiza.org\/portail\/wp-content\/uploads\/2022\/10\/Chantier-participatif-assurance-1024px.jpeg 1024w, https:\/\/fr.twiza.org\/portail\/wp-content\/uploads\/2022\/10\/Chantier-participatif-assurance-1024px-600x312.jpeg 600w, https:\/\/fr.twiza.org\/portail\/wp-content\/uploads\/2022\/10\/Chantier-participatif-assurance-1024px-300x156.jpeg 300w, https:\/\/fr.twiza.org\/portail\/wp-content\/uploads\/2022\/10\/Chantier-participatif-assurance-1024px-768x399.jpeg 768w\" sizes=\"(max-width: 1024px) 100vw, 1024px\" \/><\/figure>\n\n\n\n<div style=\"height:20px\" aria-hidden=\"true\" class=\"wp-block-spacer\"><\/div>\n\n\n\n<p>L\u2019assurance dans le cadre d\u2019un chantier participatif\u00a0; sujet complexe et anxiog\u00e8ne.<\/p>\n\n\n\n<p>Assurance d\u00e9cennale, Responsabilit\u00e9 Civile, Dommage Ouvrage, Individuelle accidents\u2026 la question assurantielle est technique et il est difficile de faire des choix \u00e9clair\u00e9s.<\/p>\n\n\n\n<p>La cons\u00e9quence est que dans de nombreux cas les personnes sont mal, voire pas couvert\u00b7e\u00b7s en cas de probl\u00e8me.<\/p>\n\n\n\n<p>Voil\u00e0 pourtant des sources de pr\u00e9occupations l\u00e9gitimes ! Faisons le point !<\/p>\n\n\n\n<p>Au sein du r\u00e9seau Twiza, nous avons donc pris le temps de bien explorer le sujet et de n\u00e9gocier une <em><strong><a href=\"https:\/\/fr.twiza.org\/portail\/lassurance-chantiers-participatifs-de-twiza\/\">solution d&rsquo;assurance simple<\/a><\/strong><\/em> et solide pour tous nos <em><strong><a href=\"https:\/\/fr.twiza.org\/portail\/rejoins-le-reseau-twiza\/\" target=\"_blank\" rel=\"noreferrer noopener\">adh\u00e9rents \u00e0 jour<\/a><\/strong><\/em> de leur cotisation.<\/p>\n\n\n\n<p>Quoi qu&rsquo;il en soit il est important que tu lises la suite de cette page, pour t&rsquo;aider \u00e0 bien comprendre les enjeux en terme d&rsquo;assurance. Cette base de connaissance te servira dans bien d&rsquo;autres domaines de la vie courante.<\/p>\n\n\n\n<h2 class=\"wp-block-heading\" id=\"h-comprendre\">Comprendre <\/h2>\n\n\n\n<p>La promesse d\u2019\u00eatre \u00ab&nbsp;assur\u00e9&nbsp;\u00bb ne veut rien dire si l\u2019on ne sait pas expliquer pour quoi, comment et \u00e0 quelle hauteur. T\u00e2chons donc de remettre un peu d\u2019ordre dans les esprits sans s\u2019enliser dans les d\u00e9tails (que les experts pardonnent l\u2019effort de vulgarisation) afin que tu puisses y voir plus clair la prochaine fois que tu parleras \u00ab&nbsp;assurance&nbsp;\u00bb.<\/p>\n\n\n\n<h3 class=\"wp-block-heading\">Diff\u00e9rencier les dommages mat\u00e9riels des dommages corporels<\/h3>\n\n\n\n<p><strong>Dommages mat\u00e9riels<\/strong> :<\/p>\n\n\n\n<p>\u00ab&nbsp;Assurance d\u00e9cennale&nbsp;\u00bb et \u00ab&nbsp;dommage ouvrage&nbsp;\u00bb pour citer les plus connues, sont des dispositifs d\u2019assurance des dommages mat\u00e9riels (et cons\u00e9cutifs). Pour l\u2019instant nous nous concentrerons sur l\u2019autre famille de dommages, les corporels.<\/p>\n\n\n\n<p>Pour plus d\u2019informations sur les assurances li\u00e9es au b\u00e2ti parles-en avec le\u00b7la professionnel\u00b7le qui t\u2019accompagne.<\/p>\n\n\n\n<p><strong>Dommages corporels<\/strong> :<\/p>\n\n\n\n<p>La garantie de type \u00ab&nbsp;individuelle accident&nbsp;\u00bb indemnise en cas de dommages corporels subis au cours d\u2019un accident.<\/p>\n\n\n\n<h3 class=\"wp-block-heading\">Diff\u00e9rencier la responsabilit\u00e9 civile (RC) et l&rsquo;individuelle accident (IAC)<\/h3>\n\n\n\n<p>La responsabilit\u00e9 civile garantit les dommages caus\u00e9s par l&rsquo;assur\u00e9\u00b7e \u00e0 un tiers alors que les garanties de \u00ab\u00a0dommages corporels\u00a0\u00bb comme l&rsquo;individuelle accident et l&rsquo;assurance des accidents de la vie r\u00e9parent le pr\u00e9judice corporel de l&rsquo;assur\u00e9\u00b7e sans recherche de responsabilit\u00e9.<\/p>\n\n\n\n<p><strong>La responsabilit\u00e9 civile (RC)<\/strong> :<\/p>\n\n\n\n<p>En principe on dispose tous de cette couverture avec notre assurance multirisque habitation (en cas de doute v\u00e9rifiez en questionnant votre assureur).<\/p>\n\n\n\n<p>Ton contrat de responsabilit\u00e9 civile garantit <strong>les dommages que tu causes \u00e0 un tiers<\/strong>, \u00e0 la condition que ta responsabilit\u00e9 soit engag\u00e9e au regard des r\u00e8gles de droit applicables (selon la loi et le contrat que tu as fait avec ton assureur donc).<\/p>\n\n\n\n<p>Concr\u00e8tement en cas d\u2019accident, du point de vue de la victime \u00e7a signifie que pour \u00eatre indemnis\u00e9e elle doit engager la responsabilit\u00e9 d\u2019une personne couverte en RC.<\/p>\n\n\n\n<p>De m\u00eame les dommages que l&rsquo;assur\u00e9\u00b7e se cause \u00e0 lui-m\u00eame ne peuvent pas \u00eatre r\u00e9par\u00e9s au titre de ce contrat.<\/p>\n\n\n\n<p>NB : La Responsabilit\u00e9 Civile peut aussi \u00eatre engag\u00e9e en cas de d\u00e9t\u00e9rioration du mat\u00e9riel (un outil par exemple) d\u2019une autre personne.<\/p>\n\n\n\n<p><strong>L&rsquo;individuelle accident (IAC)<\/strong> :<\/p>\n\n\n\n<p>Ton contrat de type \u00ab\u00a0individuelle accident\u00a0\u00bb indemnise le dommage corporel que tu as subi \u00e0 la suite d&rsquo;un \u00e9v\u00e9nement accidentel.<\/p>\n\n\n\n<p>Peu importe que l&rsquo;accident en question soit la cons\u00e9quence d&rsquo;une faute de ta part ou d\u2019une autre personne.<\/p>\n\n\n\n<p><strong>Exemple<\/strong> : <strong>cas concret<\/strong><\/p>\n\n\n\n<p><em>Je tombe d\u2019une \u00e9chelle et je subis un dommage corporel grave (invalidit\u00e9) alors je pourrai \u00eatre pris en charge par la RC d\u2019un tiers si et seulement si sa responsabilit\u00e9 est engag\u00e9e.<\/em><\/p>\n\n\n\n<p><em>Il faut donc d&rsquo;une part que le tiers soit responsable, et ensuite qu&rsquo;il soit couvert en RC, et que cette RC couvre l&rsquo;activit\u00e9 d&rsquo;entraide sur un chantier priv\u00e9.<\/em><\/p>\n\n\n\n<p><em>Si je suis couvert en IAC (Individuelle accident) pour l&rsquo;activit\u00e9 d&rsquo;entraide sur un chantier priv\u00e9 alors je serai indemnis\u00e9 sans recherche de responsabilit\u00e9.<\/em><\/p>\n\n\n\n<p>On comprend rapidement que la seconde situation est plus confortable pour tous.<\/p>\n\n\n\n<h2 class=\"wp-block-heading\">Choisir la solution qui te convient le mieux<\/h2>\n\n\n\n<h3 class=\"wp-block-heading\">Comparer les solutions<\/h3>\n\n\n\n<p>N\u2019attends pas d\u2019avoir un probl\u00e8me pour d\u00e9couvrir la vraie nature de ta protection. Les 2 principaux points \u00e0 analyser dans une solution assurantielle sont&nbsp;:<\/p>\n\n\n\n<ul class=\"wp-block-list\">\n<li>les <strong>clauses d\u2019exclusions<\/strong> (les petites lignes) qui parfois concernent les activit\u00e9s de construction, r\u00e9novation etc. ce qui est probl\u00e9matique pour se prot\u00e9ger en contexte de chantier participatif.<\/li>\n<\/ul>\n\n\n\n<ul class=\"wp-block-list\">\n<li>les <strong>conditions et montants d\u2019indemnisations<\/strong>. Parfois deux contrats proposent de vous couvrir pour le m\u00eame dommage, mais en y regardant de pr\u00e8s l\u2019un vous indemnise beaucoup mieux. On peut constater des \u00e9carts d\u2019un facteur 5 ou 10.<\/li>\n<\/ul>\n\n\n\n<h3 class=\"wp-block-heading\">R\u00e9sum\u00e9 et conseils de Twiza<\/h3>\n\n\n\n<p>Pour r\u00e9sumer, il y a deux familles de risques \u00e9voqu\u00e9es ici. Les dommages que l\u2019on peut&nbsp;:<\/p>\n\n\n\n<ul class=\"wp-block-list\">\n<li><strong>causer aux tiers<\/strong> : couverts par la RC (Responsabilit\u00e9 Civile)<\/li>\n\n\n\n<li><strong>subir en cas d&rsquo;accident<\/strong> : couverts par l&rsquo;IAC (Individuelle Accidents)<\/li>\n<\/ul>\n\n\n\n<h4 class=\"wp-block-heading\">Notre conseil concernant les risques de dommages caus\u00e9s aux tiers <\/h4>\n\n\n\n<p>Que tu sois b\u00e9n\u00e9vole ou organisateur\u00b7trice : V\u00e9rifie aupr\u00e8s de ton assureur habitation que ta Responsabilit\u00e9 Civile te couvre bien pour les dommages que tu pourrais causer aux tiers pendant ton chantier, qui rel\u00e8ve de ta vie priv\u00e9e.<\/p>\n\n\n\n<p>En principe c&rsquo;est ok mais si non, l\u2019Agent G\u00e9n\u00e9ral AXA Bruno MAZURAS sera en mesure de te proposer une assurance Multirisques Habitation <strong>int\u00e9grant ta couverture Responsabilit\u00e9 Civile et celle des Aides B\u00e9n\u00e9voles pendant leurs actions sur votre chantier<\/strong>.<\/p>\n\n\n\n<h4 class=\"wp-block-heading\">Notre conseil concernant les risques de dommages corporels subits<\/h4>\n\n\n\n<p>Si \u00e7a n\u2019est pas d\u00e9j\u00e0 le cas : <em><strong><a href=\"https:\/\/fr.twiza.org\/portail\/rejoins-le-reseau-twiza\/\">adh\u00e8re<\/a><\/strong><\/em> au r\u00e9seau Twiza \ud83d\ude42<\/p>\n\n\n\n<p>En plus de soutenir le projet et de pouvoir y prendre part activement, tu b\u00e9n\u00e9ficieras de la couverture de l&rsquo;<strong><em>assurance mutualis\u00e9e individuelle accident sur chantier participatif<\/em><\/strong> inclue dans l&rsquo;adh\u00e9sion Twiza.<\/p>\n\n\n\n<div style=\"height:20px\" aria-hidden=\"true\" class=\"wp-block-spacer\"><\/div>\n\n\n\n<p><\/p>\n","protected":false},"excerpt":{"rendered":"<p>L\u2019assurance dans le cadre d\u2019un chantier participatif\u00a0; sujet complexe et anxiog\u00e8ne. Assurance d\u00e9cennale, Responsabilit\u00e9 Civile, Dommage Ouvrage, Individuelle accidents\u2026 la question assurantielle est technique et il est difficile de faire des choix \u00e9clair\u00e9s. La cons\u00e9quence est que dans de nombreux cas les personnes sont mal, voire pas couvert\u00b7e\u00b7s en cas [&hellip;]<\/p>\n","protected":false},"author":3,"featured_media":0,"parent":0,"menu_order":0,"comment_status":"closed","ping_status":"closed","template":"","meta":{"_eb_attr":"","_themeisle_gutenberg_block_has_review":false,"footnotes":""},"class_list":["post-6620","page","type-page","status-publish","hentry"],"yoast_head":"<!-- This site is optimized with the Yoast SEO Premium plugin v27.2 (Yoast SEO v27.4) - https:\/\/yoast.com\/product\/yoast-seo-premium-wordpress\/ -->\n<title>Quelles assurances pour les chantiers participatifs ?<\/title>\n<meta name=\"description\" content=\"Quels sont les diff\u00e9rents enjeux en terme d&#039;assurance sur un chantier participatif : Assurance Responsabilit\u00e9 Civile, Individuelle accidents\u2026\" \/>\n<meta name=\"robots\" content=\"index, follow, max-snippet:-1, max-image-preview:large, max-video-preview:-1\" \/>\n<link rel=\"canonical\" href=\"https:\/\/fr.twiza.org\/portail\/quelles-assurances-pour-les-chantiers-participatifs\/\" \/>\n<meta property=\"og:locale\" content=\"fr_FR\" \/>\n<meta property=\"og:type\" content=\"article\" \/>\n<meta property=\"og:title\" content=\"Quelles assurances pour les chantiers participatifs ?\" \/>\n<meta property=\"og:description\" content=\"Quels sont les diff\u00e9rents enjeux en terme d&#039;assurance sur un chantier participatif : Assurance Responsabilit\u00e9 Civile, Individuelle accidents\u2026\" \/>\n<meta property=\"og:url\" content=\"https:\/\/fr.twiza.org\/portail\/quelles-assurances-pour-les-chantiers-participatifs\/\" \/>\n<meta property=\"og:site_name\" content=\"R\u00e9seau Twiza\" \/>\n<meta property=\"article:publisher\" content=\"https:\/\/fr-fr.facebook.com\/Twiza.fr\/\" \/>\n<meta property=\"article:modified_time\" content=\"2025-05-27T07:40:20+00:00\" \/>\n<meta property=\"og:image\" content=\"https:\/\/fr.twiza.org\/portail\/wp-content\/uploads\/2022\/10\/Chantier-participatif-assurance-1024px.jpeg\" \/>\n\t<meta property=\"og:image:width\" content=\"1024\" \/>\n\t<meta property=\"og:image:height\" content=\"532\" \/>\n\t<meta property=\"og:image:type\" content=\"image\/jpeg\" \/>\n<meta name=\"twitter:card\" content=\"summary_large_image\" \/>\n<script type=\"application\/ld+json\" class=\"yoast-schema-graph\">{\"@context\":\"https:\\\/\\\/schema.org\",\"@graph\":[{\"@type\":\"WebPage\",\"@id\":\"https:\\\/\\\/fr.twiza.org\\\/portail\\\/quelles-assurances-pour-les-chantiers-participatifs\\\/\",\"url\":\"https:\\\/\\\/fr.twiza.org\\\/portail\\\/quelles-assurances-pour-les-chantiers-participatifs\\\/\",\"name\":\"Quelles assurances pour les chantiers participatifs ?\",\"isPartOf\":{\"@id\":\"https:\\\/\\\/fr.twiza.org\\\/portail\\\/#website\"},\"primaryImageOfPage\":{\"@id\":\"https:\\\/\\\/fr.twiza.org\\\/portail\\\/quelles-assurances-pour-les-chantiers-participatifs\\\/#primaryimage\"},\"image\":{\"@id\":\"https:\\\/\\\/fr.twiza.org\\\/portail\\\/quelles-assurances-pour-les-chantiers-participatifs\\\/#primaryimage\"},\"thumbnailUrl\":\"https:\\\/\\\/fr.twiza.org\\\/portail\\\/wp-content\\\/uploads\\\/2022\\\/10\\\/Chantier-participatif-assurance-1024px.jpeg\",\"datePublished\":\"2023-10-24T16:47:42+00:00\",\"dateModified\":\"2025-05-27T07:40:20+00:00\",\"description\":\"Quels sont les diff\u00e9rents enjeux en terme d'assurance sur un chantier participatif : Assurance Responsabilit\u00e9 Civile, Individuelle accidents\u2026\",\"breadcrumb\":{\"@id\":\"https:\\\/\\\/fr.twiza.org\\\/portail\\\/quelles-assurances-pour-les-chantiers-participatifs\\\/#breadcrumb\"},\"inLanguage\":\"fr-FR\",\"potentialAction\":[{\"@type\":\"ReadAction\",\"target\":[\"https:\\\/\\\/fr.twiza.org\\\/portail\\\/quelles-assurances-pour-les-chantiers-participatifs\\\/\"]}]},{\"@type\":\"ImageObject\",\"inLanguage\":\"fr-FR\",\"@id\":\"https:\\\/\\\/fr.twiza.org\\\/portail\\\/quelles-assurances-pour-les-chantiers-participatifs\\\/#primaryimage\",\"url\":\"https:\\\/\\\/fr.twiza.org\\\/portail\\\/wp-content\\\/uploads\\\/2022\\\/10\\\/Chantier-participatif-assurance-1024px.jpeg\",\"contentUrl\":\"https:\\\/\\\/fr.twiza.org\\\/portail\\\/wp-content\\\/uploads\\\/2022\\\/10\\\/Chantier-participatif-assurance-1024px.jpeg\",\"width\":1024,\"height\":532},{\"@type\":\"BreadcrumbList\",\"@id\":\"https:\\\/\\\/fr.twiza.org\\\/portail\\\/quelles-assurances-pour-les-chantiers-participatifs\\\/#breadcrumb\",\"itemListElement\":[{\"@type\":\"ListItem\",\"position\":1,\"name\":\"Accueil\",\"item\":\"https:\\\/\\\/fr.twiza.org\\\/portail\\\/\"},{\"@type\":\"ListItem\",\"position\":2,\"name\":\"Quelles assurances pour les chantiers participatifs ?\"}]},{\"@type\":\"WebSite\",\"@id\":\"https:\\\/\\\/fr.twiza.org\\\/portail\\\/#website\",\"url\":\"https:\\\/\\\/fr.twiza.org\\\/portail\\\/\",\"name\":\"R\u00e9seau Twiza\",\"description\":\"Entraide pour un habitat \u00e9cologique, convivial et r\u00e9silient\",\"publisher\":{\"@id\":\"https:\\\/\\\/fr.twiza.org\\\/portail\\\/#organization\"},\"potentialAction\":[{\"@type\":\"SearchAction\",\"target\":{\"@type\":\"EntryPoint\",\"urlTemplate\":\"https:\\\/\\\/fr.twiza.org\\\/portail\\\/?s={search_term_string}\"},\"query-input\":{\"@type\":\"PropertyValueSpecification\",\"valueRequired\":true,\"valueName\":\"search_term_string\"}}],\"inLanguage\":\"fr-FR\"},{\"@type\":\"Organization\",\"@id\":\"https:\\\/\\\/fr.twiza.org\\\/portail\\\/#organization\",\"name\":\"R\u00e9seau Twiza\",\"url\":\"https:\\\/\\\/fr.twiza.org\\\/portail\\\/\",\"logo\":{\"@type\":\"ImageObject\",\"inLanguage\":\"fr-FR\",\"@id\":\"https:\\\/\\\/fr.twiza.org\\\/portail\\\/#\\\/schema\\\/logo\\\/image\\\/\",\"url\":\"https:\\\/\\\/fr.twiza.org\\\/portail\\\/wp-content\\\/uploads\\\/2021\\\/05\\\/cropped-logo-reseau-twiza.jpg\",\"contentUrl\":\"https:\\\/\\\/fr.twiza.org\\\/portail\\\/wp-content\\\/uploads\\\/2021\\\/05\\\/cropped-logo-reseau-twiza.jpg\",\"width\":400,\"height\":102,\"caption\":\"R\u00e9seau Twiza\"},\"image\":{\"@id\":\"https:\\\/\\\/fr.twiza.org\\\/portail\\\/#\\\/schema\\\/logo\\\/image\\\/\"},\"sameAs\":[\"https:\\\/\\\/fr-fr.facebook.com\\\/Twiza.fr\\\/\",\"https:\\\/\\\/www.instagram.com\\\/twiza_fr\\\/\",\"https:\\\/\\\/www.linkedin.com\\\/company\\\/reseautwiza\\\/\"]}]}<\/script>\n<!-- \/ Yoast SEO Premium plugin. -->","yoast_head_json":{"title":"Quelles assurances pour les chantiers participatifs ?","description":"Quels sont les diff\u00e9rents enjeux en terme d'assurance sur un chantier participatif : Assurance Responsabilit\u00e9 Civile, Individuelle accidents\u2026","robots":{"index":"index","follow":"follow","max-snippet":"max-snippet:-1","max-image-preview":"max-image-preview:large","max-video-preview":"max-video-preview:-1"},"canonical":"https:\/\/fr.twiza.org\/portail\/quelles-assurances-pour-les-chantiers-participatifs\/","og_locale":"fr_FR","og_type":"article","og_title":"Quelles assurances pour les chantiers participatifs ?","og_description":"Quels sont les diff\u00e9rents enjeux en terme d'assurance sur un chantier participatif : Assurance Responsabilit\u00e9 Civile, Individuelle accidents\u2026","og_url":"https:\/\/fr.twiza.org\/portail\/quelles-assurances-pour-les-chantiers-participatifs\/","og_site_name":"R\u00e9seau Twiza","article_publisher":"https:\/\/fr-fr.facebook.com\/Twiza.fr\/","article_modified_time":"2025-05-27T07:40:20+00:00","og_image":[{"width":1024,"height":532,"url":"https:\/\/fr.twiza.org\/portail\/wp-content\/uploads\/2022\/10\/Chantier-participatif-assurance-1024px.jpeg","type":"image\/jpeg"}],"twitter_card":"summary_large_image","schema":{"@context":"https:\/\/schema.org","@graph":[{"@type":"WebPage","@id":"https:\/\/fr.twiza.org\/portail\/quelles-assurances-pour-les-chantiers-participatifs\/","url":"https:\/\/fr.twiza.org\/portail\/quelles-assurances-pour-les-chantiers-participatifs\/","name":"Quelles assurances pour les chantiers participatifs ?","isPartOf":{"@id":"https:\/\/fr.twiza.org\/portail\/#website"},"primaryImageOfPage":{"@id":"https:\/\/fr.twiza.org\/portail\/quelles-assurances-pour-les-chantiers-participatifs\/#primaryimage"},"image":{"@id":"https:\/\/fr.twiza.org\/portail\/quelles-assurances-pour-les-chantiers-participatifs\/#primaryimage"},"thumbnailUrl":"https:\/\/fr.twiza.org\/portail\/wp-content\/uploads\/2022\/10\/Chantier-participatif-assurance-1024px.jpeg","datePublished":"2023-10-24T16:47:42+00:00","dateModified":"2025-05-27T07:40:20+00:00","description":"Quels sont les diff\u00e9rents enjeux en terme d'assurance sur un chantier participatif : Assurance Responsabilit\u00e9 Civile, Individuelle accidents\u2026","breadcrumb":{"@id":"https:\/\/fr.twiza.org\/portail\/quelles-assurances-pour-les-chantiers-participatifs\/#breadcrumb"},"inLanguage":"fr-FR","potentialAction":[{"@type":"ReadAction","target":["https:\/\/fr.twiza.org\/portail\/quelles-assurances-pour-les-chantiers-participatifs\/"]}]},{"@type":"ImageObject","inLanguage":"fr-FR","@id":"https:\/\/fr.twiza.org\/portail\/quelles-assurances-pour-les-chantiers-participatifs\/#primaryimage","url":"https:\/\/fr.twiza.org\/portail\/wp-content\/uploads\/2022\/10\/Chantier-participatif-assurance-1024px.jpeg","contentUrl":"https:\/\/fr.twiza.org\/portail\/wp-content\/uploads\/2022\/10\/Chantier-participatif-assurance-1024px.jpeg","width":1024,"height":532},{"@type":"BreadcrumbList","@id":"https:\/\/fr.twiza.org\/portail\/quelles-assurances-pour-les-chantiers-participatifs\/#breadcrumb","itemListElement":[{"@type":"ListItem","position":1,"name":"Accueil","item":"https:\/\/fr.twiza.org\/portail\/"},{"@type":"ListItem","position":2,"name":"Quelles assurances pour les chantiers participatifs ?"}]},{"@type":"WebSite","@id":"https:\/\/fr.twiza.org\/portail\/#website","url":"https:\/\/fr.twiza.org\/portail\/","name":"R\u00e9seau Twiza","description":"Entraide pour un habitat \u00e9cologique, convivial et r\u00e9silient","publisher":{"@id":"https:\/\/fr.twiza.org\/portail\/#organization"},"potentialAction":[{"@type":"SearchAction","target":{"@type":"EntryPoint","urlTemplate":"https:\/\/fr.twiza.org\/portail\/?s={search_term_string}"},"query-input":{"@type":"PropertyValueSpecification","valueRequired":true,"valueName":"search_term_string"}}],"inLanguage":"fr-FR"},{"@type":"Organization","@id":"https:\/\/fr.twiza.org\/portail\/#organization","name":"R\u00e9seau Twiza","url":"https:\/\/fr.twiza.org\/portail\/","logo":{"@type":"ImageObject","inLanguage":"fr-FR","@id":"https:\/\/fr.twiza.org\/portail\/#\/schema\/logo\/image\/","url":"https:\/\/fr.twiza.org\/portail\/wp-content\/uploads\/2021\/05\/cropped-logo-reseau-twiza.jpg","contentUrl":"https:\/\/fr.twiza.org\/portail\/wp-content\/uploads\/2021\/05\/cropped-logo-reseau-twiza.jpg","width":400,"height":102,"caption":"R\u00e9seau Twiza"},"image":{"@id":"https:\/\/fr.twiza.org\/portail\/#\/schema\/logo\/image\/"},"sameAs":["https:\/\/fr-fr.facebook.com\/Twiza.fr\/","https:\/\/www.instagram.com\/twiza_fr\/","https:\/\/www.linkedin.com\/company\/reseautwiza\/"]}]}},"jetpack_sharing_enabled":true,"_links":{"self":[{"href":"https:\/\/fr.twiza.org\/portail\/wp-json\/wp\/v2\/pages\/6620","targetHints":{"allow":["GET"]}}],"collection":[{"href":"https:\/\/fr.twiza.org\/portail\/wp-json\/wp\/v2\/pages"}],"about":[{"href":"https:\/\/fr.twiza.org\/portail\/wp-json\/wp\/v2\/types\/page"}],"author":[{"embeddable":true,"href":"https:\/\/fr.twiza.org\/portail\/wp-json\/wp\/v2\/users\/3"}],"replies":[{"embeddable":true,"href":"https:\/\/fr.twiza.org\/portail\/wp-json\/wp\/v2\/comments?post=6620"}],"version-history":[{"count":10,"href":"https:\/\/fr.twiza.org\/portail\/wp-json\/wp\/v2\/pages\/6620\/revisions"}],"predecessor-version":[{"id":12619,"href":"https:\/\/fr.twiza.org\/portail\/wp-json\/wp\/v2\/pages\/6620\/revisions\/12619"}],"wp:attachment":[{"href":"https:\/\/fr.twiza.org\/portail\/wp-json\/wp\/v2\/media?parent=6620"}],"curies":[{"name":"wp","href":"https:\/\/api.w.org\/{rel}","templated":true}]}}