{"id":6985,"date":"2023-10-25T19:17:15","date_gmt":"2023-10-25T17:17:15","guid":{"rendered":"https:\/\/fr.twiza.org\/portail\/?page_id=6985"},"modified":"2023-10-25T19:17:16","modified_gmt":"2023-10-25T17:17:16","slug":"charte-des-pros-du-reseau-twiza","status":"publish","type":"page","link":"https:\/\/fr.twiza.org\/portail\/charte-des-pros-du-reseau-twiza\/","title":{"rendered":"Charte des pros du r\u00e9seau Twiza"},"content":{"rendered":"\n<figure class=\"wp-block-image size-full\"><img fetchpriority=\"high\" decoding=\"async\" width=\"1024\" height=\"576\" src=\"https:\/\/fr.twiza.org\/portail\/wp-content\/uploads\/2022\/10\/Charte-des-pros-re\u0301seau-twiza-1-1024px-edited.jpeg\" alt=\"\" class=\"wp-image-6990\" srcset=\"https:\/\/fr.twiza.org\/portail\/wp-content\/uploads\/2022\/10\/Charte-des-pros-re\u0301seau-twiza-1-1024px-edited.jpeg 1024w, https:\/\/fr.twiza.org\/portail\/wp-content\/uploads\/2022\/10\/Charte-des-pros-re\u0301seau-twiza-1-1024px-edited-600x338.jpeg 600w, https:\/\/fr.twiza.org\/portail\/wp-content\/uploads\/2022\/10\/Charte-des-pros-re\u0301seau-twiza-1-1024px-edited-300x169.jpeg 300w, https:\/\/fr.twiza.org\/portail\/wp-content\/uploads\/2022\/10\/Charte-des-pros-re\u0301seau-twiza-1-1024px-edited-768x432.jpeg 768w\" sizes=\"(max-width: 1024px) 100vw, 1024px\" \/><\/figure>\n\n\n\n<div style=\"height:30px\" aria-hidden=\"true\" class=\"wp-block-spacer\"><\/div>\n\n\n\n<p>Tous les <a href=\"https:\/\/fr.twiza.org\/portail\/reseau-professionnel-twiza\/\" target=\"_blank\" rel=\"noreferrer noopener\">professionnels r\u00e9f\u00e9renc\u00e9s<\/a> par <strong>Twiza<\/strong> se reconnaissent dans cette charte et s&rsquo;engagent \u00e0 la respecter.<\/p>\n\n\n\n<p><\/p>\n\n\n\n<h2 class=\"wp-block-heading\" id=\"h-l-habitat-sain-et-ecologique-pour-tous\">L&rsquo;habitat sain et \u00e9cologique pour tous<\/h2>\n\n\n\n<p>Au sein du r\u00e9seau Twiza nous voulons rendre les solutions d&rsquo;habitat sain et \u00e9cologique accessibles au plus grand nombre. Ces solutions regroupent les techniques de l&rsquo;\u00e9co-construction et de l&rsquo;\u00e9co-r\u00e9novation incluant l&rsquo;ensemble des savoir-faire traditionnels. Pour atteindre cet objectif nous promouvons tous les moyens, qu&rsquo;il s&rsquo;agisse de :<\/p>\n\n\n\n<ul class=\"wp-block-list\">\n<li>techniques (ex : maison paille, enduit terre, colombage etc&#8230;)<\/li>\n\n\n\n<li>pratiques (ex : faire faire par des professionnels, faire avec son r\u00e9seau ou des professionnels, faire soi-m\u00eame&#8230;)<\/li>\n<\/ul>\n\n\n\n<h2 class=\"wp-block-heading\">L&rsquo;environnement et la sant\u00e9<\/h2>\n\n\n\n<p>La construction ou la r\u00e9novation doivent aboutir \u00e0 des habitats qui pr\u00e9servent la sant\u00e9 de leurs occupants, la sant\u00e9 des intervenants (professionnels, participants volontaires, etc..) pendant la mise en \u0153uvre et plus largement l&rsquo;environnement. Lors de l&rsquo;utilisation, de l&rsquo;exploitation et de la transformation des ressources naturelles \u00e0 finalit\u00e9 de construction, nous cherchons \u00e0 r\u00e9duire les d\u00e9s\u00e9quilibres sociaux et environnementaux provoqu\u00e9s par nos interventions sur l&rsquo;\u00e9cosyst\u00e8me. Lors du choix des techniques de construction et de gestion des b\u00e2timents, nous cherchons \u00e0 optimiser les ressources locales, territoriales et plan\u00e9taires, \u00e0 court, moyen et long terme.<\/p>\n\n\n\n<h2 class=\"wp-block-heading\">L&rsquo;\u00e9quilibre et la confiance<\/h2>\n\n\n\n<p>Nous voulons passer de la recherche constante du moindre co\u00fbt, \u00e0 une \u00e9conomie \u00e9quitable prenant en compte la globalit\u00e9 du processus de production d&rsquo;un b\u00e2ti performant. Cela implique la transparence des prix, la coop\u00e9ration et la valorisation des comp\u00e9tences. La construction doit rester une activit\u00e9 \u00e9conomique dans laquelle les r\u00e9ponses technologiques rel\u00e8vent d&rsquo;une prise en compte des enjeux et besoins authentiques. Cette production d&rsquo;un b\u00e2ti de qualit\u00e9 facilite son appropriation par les usagers et contribue au renforcement du tissu social.<\/p>\n\n\n\n<h2 class=\"wp-block-heading\">Culture et savoir-faire<\/h2>\n\n\n\n<p>Les pratiques enracin\u00e9es dans l&rsquo;histoire et constamment r\u00e9actualis\u00e9es mettent en lumi\u00e8re les cultures locales, fond\u00e9es sur l&rsquo;ing\u00e9niosit\u00e9 et la richesse des individus. Les mat\u00e9riaux premiers repr\u00e9sentent un gisement de ressources permettant de r\u00e9pondre tr\u00e8s favorablement \u00e0 la plupart des contraintes et des attentes d&rsquo;une construction contemporaine, et ce conform\u00e9ment aux r\u00e8gles de l&rsquo;art. La remise en valeur du chantier \u00ab\u00a0<em><strong>participatif ?<\/strong><\/em>\u00ab\u00a0s&rsquo;accomplit comme lieu d&rsquo;apprentissage, d&rsquo;\u00e9changes sociaux, \u00e9conomiques et culturels, pour passer de la logique de la division du travail \u00e0 celle de la coproduction.<\/p>\n\n\n\n<h2 class=\"wp-block-heading\">Convivialit\u00e9 et partage<\/h2>\n\n\n\n<p>Au sein du r\u00e9seau Twiza, nous consid\u00e9rons que l&rsquo;habitat \u00e9cologique n&rsquo;est pas qu&rsquo;une finalit\u00e9, c&rsquo;est aussi un moyen pour des\u00a0\u00bb <em><strong>&#8230;..?&#8230;..<\/strong><\/em> \u00ab\u00a0activit\u00e9s d&rsquo;ordre social. Les dynamiques d&rsquo;entraide et de participation au chantier sont d&rsquo;une intensit\u00e9 sociale rare :<\/p>\n\n\n\n<ul class=\"wp-block-list\">\n<li>A l&rsquo;\u00e9chelle d&rsquo;un individu, le fait de faire soi-m\u00eame (autoconstruction) et le fait d&rsquo;\u00eatre utile en aidant un tiers <strong><em>solidaire<\/em><\/strong><em>?<\/em> (entraide) sont de puissants moyens de d\u00e9veloppement personnel et parfois m\u00eame de reconstruction des individualit\u00e9s.<\/li>\n\n\n\n<li>A l&rsquo;\u00e9chelle d&rsquo;un groupe, les d\u00e9marches d&rsquo;entraide sont les lieux d&rsquo;\u00e9changes intenses et de cr\u00e9ation de lien social durable.<\/li>\n<\/ul>\n\n\n\n<p>La convivialit\u00e9 s&rsquo;entend donc au sens commun, c&rsquo;est-\u00e0-dire le caract\u00e8re chaleureux des relations entre les individus d&rsquo;un groupe. Mais elle s&rsquo;entend \u00e9galement au sens philosophique : le r\u00e9seau Twiza fait la promotion de solutions conviviales, c&rsquo;est-\u00e0-dire de solutions qui favorisent la r\u00e9appropriation des savoirs et savoir-faire, la ma\u00eetrise des usages, l&rsquo;ind\u00e9pendance, ceci pour les habitants et les autres acteurs impliqu\u00e9s.<\/p>\n\n\n\n<h2 class=\"wp-block-heading\">Notre engagement<\/h2>\n\n\n\n<p>Nous, usagers, concepteurs, consultants, prescripteurs, fabricants, artisans, entrepreneurs, distributeurs de mat\u00e9riaux, autoconstructeurs, associations agissons pour que :<\/p>\n\n\n\n<ul class=\"wp-block-list\">\n<li>Les \u00e9changes \u00e9conomiques entre les intervenants de l&rsquo;acte de construire soient fond\u00e9s sur le respect mutuel et la valorisation de la qualit\u00e9 du travail<\/li>\n<\/ul>\n\n\n\n<ul class=\"wp-block-list\">\n<li>Les mat\u00e9riaux soient appr\u00e9hend\u00e9s et utilis\u00e9s d&rsquo;une fa\u00e7on raisonn\u00e9e en privil\u00e9giant ceux qui valorisent les ressources locales, le travail et le savoir-faire de l&rsquo;ensemble des acteurs de la construction, du producteur de mat\u00e9riaux aux personnes qui les mettent en \u0153uvre.<\/li>\n<\/ul>\n\n\n\n<ul class=\"wp-block-list\">\n<li>Les choix techniques soient r\u00e9alis\u00e9s en prenant en compte, au maximum, les besoins et souhaits des usagers et des caract\u00e9ristiques du b\u00e2ti existant, le cas \u00e9ch\u00e9ant.<\/li>\n<\/ul>\n\n\n\n<ul class=\"wp-block-list\">\n<li>Les \u00e9cosyst\u00e8mes soient respect\u00e9s et pris en compte tout au long du cycle de vie des mat\u00e9riaux (fabrication, mise en \u0153uvre, utilisation, recyclage).<\/li>\n<\/ul>\n\n\n\n<ul class=\"wp-block-list\">\n<li>L&rsquo;action de b\u00e2tir s&rsquo;inscrive dans une logique durable et s&rsquo;attache \u00e0 constituer un patrimoine que nous serons l\u00e9gitimement fiers de l\u00e9guer aux g\u00e9n\u00e9rations \u00e0 venir.<\/li>\n<\/ul>\n\n\n\n<p>Les entrepreneurs int\u00e9grant le r\u00e9seau Twiza attachent une importance particuli\u00e8re \u00e0 la qualit\u00e9 de leur travail et proposent des solutions d&rsquo;habitat saines et \u00e9cologiques.<\/p>\n\n\n\n<p>Nous, professionnels, nous engageons \u00e0 :<\/p>\n\n\n\n<ul class=\"wp-block-list\">\n<li>Satisfaire aux conditions d&rsquo;admission au r\u00e9seau Twiza<\/li>\n\n\n\n<li>Appliquer les principes de cette charte<\/li>\n\n\n\n<li>R\u00e9aliser nos prestations dans les r\u00e8gles de l&rsquo;art<\/li>\n<\/ul>\n\n\n\n<p>Tu es professionnel de l&rsquo;habitat et tu te reconnais dans ces valeurs : n&rsquo;attends pas plus et rejoins-nous en compl\u00e9tant ce <a href=\"https:\/\/airtable.com\/shr4bEC5fP5OFrFDH?hide_src=true\" target=\"_blank\" rel=\"noreferrer noopener\">formulaire<\/a>.<\/p>\n\n\n\n<p>&#8212;<\/p>\n\n\n\n<p><em>Merci \u00e0 l&rsquo;association <a href=\"http:\/\/www.areso.asso.fr\/\" target=\"_blank\" rel=\"noreferrer noopener\">ARESO<\/a> (Toulouse) \u00e0 laquelle nous avons emprunt\u00e9 l&rsquo;essentiel de cette charte.<\/em><\/p>\n\n\n\n<p><\/p>\n\n\n\n<p class=\"has-text-align-right\">Charte mise \u00e0 jour le 05\/08\/2020<\/p>\n","protected":false},"excerpt":{"rendered":"<p>Tous les professionnels r\u00e9f\u00e9renc\u00e9s par Twiza se reconnaissent dans cette charte et s&rsquo;engagent \u00e0 la respecter. L&rsquo;habitat sain et \u00e9cologique pour tous Au sein du r\u00e9seau Twiza nous voulons rendre les solutions d&rsquo;habitat sain et \u00e9cologique accessibles au plus grand nombre. Ces solutions regroupent les techniques de l&rsquo;\u00e9co-construction et de [&hellip;]<\/p>\n","protected":false},"author":3,"featured_media":0,"parent":0,"menu_order":0,"comment_status":"closed","ping_status":"closed","template":"","meta":{"_eb_attr":"","_themeisle_gutenberg_block_has_review":false,"footnotes":""},"class_list":["post-6985","page","type-page","status-publish","hentry"],"yoast_head":"<!-- This site is optimized with the Yoast SEO Premium plugin v27.2 (Yoast SEO v27.3) - https:\/\/yoast.com\/product\/yoast-seo-premium-wordpress\/ -->\n<title>Charte des pros du r\u00e9seau Twiza<\/title>\n<meta name=\"robots\" content=\"index, follow, max-snippet:-1, max-image-preview:large, max-video-preview:-1\" \/>\n<link rel=\"canonical\" href=\"https:\/\/fr.twiza.org\/portail\/charte-des-pros-du-reseau-twiza\/\" \/>\n<meta property=\"og:locale\" content=\"fr_FR\" \/>\n<meta property=\"og:type\" content=\"article\" \/>\n<meta property=\"og:title\" content=\"Charte des pros du r\u00e9seau Twiza\" \/>\n<meta property=\"og:description\" content=\"Tous les professionnels r\u00e9f\u00e9renc\u00e9s par Twiza se reconnaissent dans cette charte et s&rsquo;engagent \u00e0 la respecter. L&rsquo;habitat sain et \u00e9cologique pour tous Au sein du r\u00e9seau Twiza nous voulons rendre les solutions d&rsquo;habitat sain et \u00e9cologique accessibles au plus grand nombre. Ces solutions regroupent les techniques de l&rsquo;\u00e9co-construction et de [&hellip;]\" \/>\n<meta property=\"og:url\" content=\"https:\/\/fr.twiza.org\/portail\/charte-des-pros-du-reseau-twiza\/\" \/>\n<meta property=\"og:site_name\" content=\"R\u00e9seau Twiza\" \/>\n<meta property=\"article:publisher\" content=\"https:\/\/fr-fr.facebook.com\/Twiza.fr\/\" \/>\n<meta property=\"article:modified_time\" content=\"2023-10-25T17:17:16+00:00\" \/>\n<meta name=\"twitter:card\" content=\"summary_large_image\" \/>\n<script type=\"application\/ld+json\" class=\"yoast-schema-graph\">{\"@context\":\"https:\\\/\\\/schema.org\",\"@graph\":[{\"@type\":\"WebPage\",\"@id\":\"https:\\\/\\\/fr.twiza.org\\\/portail\\\/charte-des-pros-du-reseau-twiza\\\/\",\"url\":\"https:\\\/\\\/fr.twiza.org\\\/portail\\\/charte-des-pros-du-reseau-twiza\\\/\",\"name\":\"Charte des pros du r\u00e9seau Twiza\",\"isPartOf\":{\"@id\":\"https:\\\/\\\/fr.twiza.org\\\/portail\\\/#website\"},\"datePublished\":\"2023-10-25T17:17:15+00:00\",\"dateModified\":\"2023-10-25T17:17:16+00:00\",\"breadcrumb\":{\"@id\":\"https:\\\/\\\/fr.twiza.org\\\/portail\\\/charte-des-pros-du-reseau-twiza\\\/#breadcrumb\"},\"inLanguage\":\"fr-FR\",\"potentialAction\":[{\"@type\":\"ReadAction\",\"target\":[\"https:\\\/\\\/fr.twiza.org\\\/portail\\\/charte-des-pros-du-reseau-twiza\\\/\"]}]},{\"@type\":\"BreadcrumbList\",\"@id\":\"https:\\\/\\\/fr.twiza.org\\\/portail\\\/charte-des-pros-du-reseau-twiza\\\/#breadcrumb\",\"itemListElement\":[{\"@type\":\"ListItem\",\"position\":1,\"name\":\"Accueil\",\"item\":\"https:\\\/\\\/fr.twiza.org\\\/portail\\\/\"},{\"@type\":\"ListItem\",\"position\":2,\"name\":\"Charte des pros du r\u00e9seau Twiza\"}]},{\"@type\":\"WebSite\",\"@id\":\"https:\\\/\\\/fr.twiza.org\\\/portail\\\/#website\",\"url\":\"https:\\\/\\\/fr.twiza.org\\\/portail\\\/\",\"name\":\"R\u00e9seau Twiza\",\"description\":\"Entraide pour un habitat \u00e9cologique, convivial et r\u00e9silient\",\"publisher\":{\"@id\":\"https:\\\/\\\/fr.twiza.org\\\/portail\\\/#organization\"},\"potentialAction\":[{\"@type\":\"SearchAction\",\"target\":{\"@type\":\"EntryPoint\",\"urlTemplate\":\"https:\\\/\\\/fr.twiza.org\\\/portail\\\/?s={search_term_string}\"},\"query-input\":{\"@type\":\"PropertyValueSpecification\",\"valueRequired\":true,\"valueName\":\"search_term_string\"}}],\"inLanguage\":\"fr-FR\"},{\"@type\":\"Organization\",\"@id\":\"https:\\\/\\\/fr.twiza.org\\\/portail\\\/#organization\",\"name\":\"R\u00e9seau Twiza\",\"url\":\"https:\\\/\\\/fr.twiza.org\\\/portail\\\/\",\"logo\":{\"@type\":\"ImageObject\",\"inLanguage\":\"fr-FR\",\"@id\":\"https:\\\/\\\/fr.twiza.org\\\/portail\\\/#\\\/schema\\\/logo\\\/image\\\/\",\"url\":\"https:\\\/\\\/fr.twiza.org\\\/portail\\\/wp-content\\\/uploads\\\/2021\\\/05\\\/cropped-logo-reseau-twiza.jpg\",\"contentUrl\":\"https:\\\/\\\/fr.twiza.org\\\/portail\\\/wp-content\\\/uploads\\\/2021\\\/05\\\/cropped-logo-reseau-twiza.jpg\",\"width\":400,\"height\":102,\"caption\":\"R\u00e9seau Twiza\"},\"image\":{\"@id\":\"https:\\\/\\\/fr.twiza.org\\\/portail\\\/#\\\/schema\\\/logo\\\/image\\\/\"},\"sameAs\":[\"https:\\\/\\\/fr-fr.facebook.com\\\/Twiza.fr\\\/\",\"https:\\\/\\\/www.instagram.com\\\/twiza_fr\\\/\",\"https:\\\/\\\/www.linkedin.com\\\/company\\\/reseautwiza\\\/\"]}]}<\/script>\n<!-- \/ Yoast SEO Premium plugin. -->","yoast_head_json":{"title":"Charte des pros du r\u00e9seau Twiza","robots":{"index":"index","follow":"follow","max-snippet":"max-snippet:-1","max-image-preview":"max-image-preview:large","max-video-preview":"max-video-preview:-1"},"canonical":"https:\/\/fr.twiza.org\/portail\/charte-des-pros-du-reseau-twiza\/","og_locale":"fr_FR","og_type":"article","og_title":"Charte des pros du r\u00e9seau Twiza","og_description":"Tous les professionnels r\u00e9f\u00e9renc\u00e9s par Twiza se reconnaissent dans cette charte et s&rsquo;engagent \u00e0 la respecter. L&rsquo;habitat sain et \u00e9cologique pour tous Au sein du r\u00e9seau Twiza nous voulons rendre les solutions d&rsquo;habitat sain et \u00e9cologique accessibles au plus grand nombre. Ces solutions regroupent les techniques de l&rsquo;\u00e9co-construction et de [&hellip;]","og_url":"https:\/\/fr.twiza.org\/portail\/charte-des-pros-du-reseau-twiza\/","og_site_name":"R\u00e9seau Twiza","article_publisher":"https:\/\/fr-fr.facebook.com\/Twiza.fr\/","article_modified_time":"2023-10-25T17:17:16+00:00","twitter_card":"summary_large_image","schema":{"@context":"https:\/\/schema.org","@graph":[{"@type":"WebPage","@id":"https:\/\/fr.twiza.org\/portail\/charte-des-pros-du-reseau-twiza\/","url":"https:\/\/fr.twiza.org\/portail\/charte-des-pros-du-reseau-twiza\/","name":"Charte des pros du r\u00e9seau Twiza","isPartOf":{"@id":"https:\/\/fr.twiza.org\/portail\/#website"},"datePublished":"2023-10-25T17:17:15+00:00","dateModified":"2023-10-25T17:17:16+00:00","breadcrumb":{"@id":"https:\/\/fr.twiza.org\/portail\/charte-des-pros-du-reseau-twiza\/#breadcrumb"},"inLanguage":"fr-FR","potentialAction":[{"@type":"ReadAction","target":["https:\/\/fr.twiza.org\/portail\/charte-des-pros-du-reseau-twiza\/"]}]},{"@type":"BreadcrumbList","@id":"https:\/\/fr.twiza.org\/portail\/charte-des-pros-du-reseau-twiza\/#breadcrumb","itemListElement":[{"@type":"ListItem","position":1,"name":"Accueil","item":"https:\/\/fr.twiza.org\/portail\/"},{"@type":"ListItem","position":2,"name":"Charte des pros du r\u00e9seau Twiza"}]},{"@type":"WebSite","@id":"https:\/\/fr.twiza.org\/portail\/#website","url":"https:\/\/fr.twiza.org\/portail\/","name":"R\u00e9seau Twiza","description":"Entraide pour un habitat \u00e9cologique, convivial et r\u00e9silient","publisher":{"@id":"https:\/\/fr.twiza.org\/portail\/#organization"},"potentialAction":[{"@type":"SearchAction","target":{"@type":"EntryPoint","urlTemplate":"https:\/\/fr.twiza.org\/portail\/?s={search_term_string}"},"query-input":{"@type":"PropertyValueSpecification","valueRequired":true,"valueName":"search_term_string"}}],"inLanguage":"fr-FR"},{"@type":"Organization","@id":"https:\/\/fr.twiza.org\/portail\/#organization","name":"R\u00e9seau Twiza","url":"https:\/\/fr.twiza.org\/portail\/","logo":{"@type":"ImageObject","inLanguage":"fr-FR","@id":"https:\/\/fr.twiza.org\/portail\/#\/schema\/logo\/image\/","url":"https:\/\/fr.twiza.org\/portail\/wp-content\/uploads\/2021\/05\/cropped-logo-reseau-twiza.jpg","contentUrl":"https:\/\/fr.twiza.org\/portail\/wp-content\/uploads\/2021\/05\/cropped-logo-reseau-twiza.jpg","width":400,"height":102,"caption":"R\u00e9seau Twiza"},"image":{"@id":"https:\/\/fr.twiza.org\/portail\/#\/schema\/logo\/image\/"},"sameAs":["https:\/\/fr-fr.facebook.com\/Twiza.fr\/","https:\/\/www.instagram.com\/twiza_fr\/","https:\/\/www.linkedin.com\/company\/reseautwiza\/"]}]}},"jetpack_sharing_enabled":true,"_links":{"self":[{"href":"https:\/\/fr.twiza.org\/portail\/wp-json\/wp\/v2\/pages\/6985","targetHints":{"allow":["GET"]}}],"collection":[{"href":"https:\/\/fr.twiza.org\/portail\/wp-json\/wp\/v2\/pages"}],"about":[{"href":"https:\/\/fr.twiza.org\/portail\/wp-json\/wp\/v2\/types\/page"}],"author":[{"embeddable":true,"href":"https:\/\/fr.twiza.org\/portail\/wp-json\/wp\/v2\/users\/3"}],"replies":[{"embeddable":true,"href":"https:\/\/fr.twiza.org\/portail\/wp-json\/wp\/v2\/comments?post=6985"}],"version-history":[{"count":8,"href":"https:\/\/fr.twiza.org\/portail\/wp-json\/wp\/v2\/pages\/6985\/revisions"}],"predecessor-version":[{"id":8891,"href":"https:\/\/fr.twiza.org\/portail\/wp-json\/wp\/v2\/pages\/6985\/revisions\/8891"}],"wp:attachment":[{"href":"https:\/\/fr.twiza.org\/portail\/wp-json\/wp\/v2\/media?parent=6985"}],"curies":[{"name":"wp","href":"https:\/\/api.w.org\/{rel}","templated":true}]}}