{"id":7284,"date":"2022-11-16T11:10:06","date_gmt":"2022-11-16T10:10:06","guid":{"rendered":"https:\/\/fr.twiza.org\/portail\/?page_id=7284"},"modified":"2025-02-27T17:33:18","modified_gmt":"2025-02-27T16:33:18","slug":"se-fournir","status":"publish","type":"page","link":"https:\/\/fr.twiza.org\/portail\/se-fournir\/","title":{"rendered":"Se fournir"},"content":{"rendered":"\n<p>Pour r\u00e9ussir son projet, il est imp\u00e9ratif d&rsquo;avoir les bons mat\u00e9riaux. Plusieurs&nbsp;<strong>fournisseurs \u2013 adh\u00e9rents du r\u00e9seau Twiza<\/strong>&nbsp;\u2013 ont \u00e0 c\u0153ur de&nbsp;<strong>te conseiller, de t&rsquo;accompagner et de te fournir dans les meilleurs d\u00e9lais<\/strong> les mat\u00e9riaux dont tu as besoin pour avancer sur ton chantier.<\/p>\n\n\n\n<h2 class=\"wp-block-heading\">Tous les fournisseurs<\/h2>\n\n\n<p><iframe src=\"https:\/\/fr.twiza.org\/professionnels\/v3\/se24635\/p7,8\/c0?only=frame&#038;frameHide=title,text,search\" style=\"width:100%;height:700px\"><\/iframe><\/p>\n\n\n\n<h2 class=\"wp-block-heading\" id=\"h-annuaire-des-pros-fournisseurs\">Annuaire des pros Fournisseurs<\/h2>\n\n\n<p><iframe class=\"airtable-embed\" src=\"https:\/\/airtable.com\/embed\/appITLWh1SlQo1yNX\/shrcglgmthZ9hX6vZ?layout=card\" frameborder=\"0\" onmousewheel=\"\" width=\"100%\" height=\"533\" style=\"background: transparent; border: 1px solid #ccc;\"><\/iframe><\/p>\n\n\n\n<h2 class=\"wp-block-heading\">Achats group\u00e9s : tes menuiseries avec Twiza &amp; MINCO<\/h2>\n\n\n\n<p>Quand vient la question des&nbsp;<strong>menuiseries<\/strong>, il n&rsquo;est pas rare de se retrouver face \u00e0 des devis d\u00e9concertants. Il s&rsquo;agit pourtant d&rsquo;un poste essentiel dans tout projet de construction ou de r\u00e9novation \u00e9cologique.<\/p>\n\n\n\n<p>Pour ne pas rester seul face \u00e0 tes choix,&nbsp;<strong>Olivier<\/strong>&nbsp;aura \u00e0 c\u0153ur de te partager son expertise et ses conseils pour&nbsp;<strong>optimiser l&rsquo;aspect technique&nbsp;<\/strong>et&nbsp;<strong>financier&nbsp;<\/strong>de ton projet avant achat. Il te fournira un&nbsp;<strong>chiffrage d\u00e9taill\u00e9&nbsp;<\/strong>(adapt\u00e9 \u00e0 tes besoins) et t&rsquo;accompagnera de la&nbsp;<strong>fourniture&nbsp;<\/strong>(par notre partenaire Minco) \u00e0 la&nbsp;<strong>pose&nbsp;<\/strong>de tes portes\/fen\u00eatres par une entreprise locale.<\/p>\n\n\n\n<p>C&rsquo;est toujours riche pour nous de comprendre ce qui am\u00e8ne les membres du r\u00e9seau \u00e0 nous rejoindre.<\/p>\n\n\n\n<div class=\"wp-block-buttons is-content-justification-center is-layout-flex wp-container-core-buttons-is-layout-a89b3969 wp-block-buttons-is-layout-flex\">\n<div class=\"wp-block-button\"><a class=\"wp-block-button__link wp-element-button\" href=\"https:\/\/forum.twiza.org\/t\/menuiseries-fournies-et-posees-par-une-entreprise-rge-locale-ouvert\/5978\" target=\"_blank\" rel=\"noreferrer noopener\">Contacter Olivier<\/a><\/div>\n<\/div>\n\n\n\n<div style=\"height:25px\" aria-hidden=\"true\" class=\"wp-block-spacer\"><\/div>\n\n\n\n<figure class=\"wp-block-image alignwide size-large\"><a href=\"https:\/\/forum.twiza.org\/t\/menuiseries-fournies-et-posees-par-une-entreprise-rge-locale-ouvert\/5978\" target=\"_blank\" rel=\"noreferrer noopener\"><img fetchpriority=\"high\" decoding=\"async\" width=\"1024\" height=\"412\" src=\"https:\/\/fr.twiza.org\/portail\/wp-content\/uploads\/2024\/06\/Capture-decran-2024-06-19-a-16.17.24-1024x412.png\" alt=\"\" class=\"wp-image-10766\" srcset=\"https:\/\/fr.twiza.org\/portail\/wp-content\/uploads\/2024\/06\/Capture-decran-2024-06-19-a-16.17.24-1024x412.png 1024w, https:\/\/fr.twiza.org\/portail\/wp-content\/uploads\/2024\/06\/Capture-decran-2024-06-19-a-16.17.24-600x242.png 600w, https:\/\/fr.twiza.org\/portail\/wp-content\/uploads\/2024\/06\/Capture-decran-2024-06-19-a-16.17.24-300x121.png 300w, https:\/\/fr.twiza.org\/portail\/wp-content\/uploads\/2024\/06\/Capture-decran-2024-06-19-a-16.17.24-768x309.png 768w, https:\/\/fr.twiza.org\/portail\/wp-content\/uploads\/2024\/06\/Capture-decran-2024-06-19-a-16.17.24-1536x619.png 1536w, https:\/\/fr.twiza.org\/portail\/wp-content\/uploads\/2024\/06\/Capture-decran-2024-06-19-a-16.17.24.png 1748w\" sizes=\"(max-width: 1024px) 100vw, 1024px\" \/><\/a><\/figure>\n\n\n\n<div style=\"height:33px\" aria-hidden=\"true\" class=\"wp-block-spacer\"><\/div>\n\n\n\n<p>Si tu es fournisseur de mat\u00e9riaux sains, <strong>rejoins-nous<\/strong> comme pro adh\u00e9rent Twiza au printemps (r\u00e9f\u00e9rence-toi d&rsquo;ici l\u00e0). Nous serons ravis d&rsquo;en faire la promotion de notre communaut\u00e9 de constructeurs :<\/p>\n\n\n\n<div class=\"wp-block-buttons is-content-justification-center is-layout-flex wp-container-core-buttons-is-layout-a89b3969 wp-block-buttons-is-layout-flex\">\n<div class=\"wp-block-button\"><a class=\"wp-block-button__link wp-element-button\" href=\"https:\/\/fr.twiza.org\/portail\/je-suis-un-pro-de-lhabitat-sain\/\">Devenir pro Twiza<\/a><\/div>\n<\/div>\n\n\n\n<div style=\"height:100px\" aria-hidden=\"true\" class=\"wp-block-spacer\"><\/div>\n","protected":false},"excerpt":{"rendered":"<p>Pour r\u00e9ussir son projet, il est imp\u00e9ratif d&rsquo;avoir les bons mat\u00e9riaux. Plusieurs&nbsp;fournisseurs \u2013 adh\u00e9rents du r\u00e9seau Twiza&nbsp;\u2013 ont \u00e0 c\u0153ur de&nbsp;te conseiller, de t&rsquo;accompagner et de te fournir dans les meilleurs d\u00e9lais les mat\u00e9riaux dont tu as besoin pour avancer sur ton chantier. Tous les fournisseurs Annuaire des pros Fournisseurs [&hellip;]<\/p>\n","protected":false},"author":10,"featured_media":0,"parent":0,"menu_order":0,"comment_status":"closed","ping_status":"closed","template":"page-templates\/template-fullwidth.php","meta":{"_eb_attr":"","_themeisle_gutenberg_block_has_review":false,"footnotes":""},"class_list":["post-7284","page","type-page","status-publish","hentry"],"yoast_head":"<!-- This site is optimized with the Yoast SEO Premium plugin v27.2 (Yoast SEO v27.4) - https:\/\/yoast.com\/product\/yoast-seo-premium-wordpress\/ -->\n<title>Se fournir<\/title>\n<meta name=\"robots\" content=\"index, follow, max-snippet:-1, max-image-preview:large, max-video-preview:-1\" \/>\n<link rel=\"canonical\" href=\"https:\/\/fr.twiza.org\/portail\/se-fournir\/\" \/>\n<meta property=\"og:locale\" content=\"fr_FR\" \/>\n<meta property=\"og:type\" content=\"article\" \/>\n<meta property=\"og:title\" content=\"Se fournir\" \/>\n<meta property=\"og:description\" content=\"Pour r\u00e9ussir son projet, il est imp\u00e9ratif d&rsquo;avoir les bons mat\u00e9riaux. Plusieurs&nbsp;fournisseurs \u2013 adh\u00e9rents du r\u00e9seau Twiza&nbsp;\u2013 ont \u00e0 c\u0153ur de&nbsp;te conseiller, de t&rsquo;accompagner et de te fournir dans les meilleurs d\u00e9lais les mat\u00e9riaux dont tu as besoin pour avancer sur ton chantier. Tous les fournisseurs Annuaire des pros Fournisseurs [&hellip;]\" \/>\n<meta property=\"og:url\" content=\"https:\/\/fr.twiza.org\/portail\/se-fournir\/\" \/>\n<meta property=\"og:site_name\" content=\"R\u00e9seau Twiza\" \/>\n<meta property=\"article:publisher\" content=\"https:\/\/fr-fr.facebook.com\/Twiza.fr\/\" \/>\n<meta property=\"article:modified_time\" content=\"2025-02-27T16:33:18+00:00\" \/>\n<meta property=\"og:image\" content=\"https:\/\/fr.twiza.org\/portail\/wp-content\/uploads\/2024\/06\/Capture-decran-2024-06-19-a-16.17.24-1024x412.png\" \/>\n\t<meta property=\"og:image:width\" content=\"1024\" \/>\n\t<meta property=\"og:image:height\" content=\"412\" \/>\n\t<meta property=\"og:image:type\" content=\"image\/png\" \/>\n<meta name=\"twitter:card\" content=\"summary_large_image\" \/>\n<script type=\"application\/ld+json\" class=\"yoast-schema-graph\">{\"@context\":\"https:\\\/\\\/schema.org\",\"@graph\":[{\"@type\":\"WebPage\",\"@id\":\"https:\\\/\\\/fr.twiza.org\\\/portail\\\/se-fournir\\\/\",\"url\":\"https:\\\/\\\/fr.twiza.org\\\/portail\\\/se-fournir\\\/\",\"name\":\"Se fournir\",\"isPartOf\":{\"@id\":\"https:\\\/\\\/fr.twiza.org\\\/portail\\\/#website\"},\"primaryImageOfPage\":{\"@id\":\"https:\\\/\\\/fr.twiza.org\\\/portail\\\/se-fournir\\\/#primaryimage\"},\"image\":{\"@id\":\"https:\\\/\\\/fr.twiza.org\\\/portail\\\/se-fournir\\\/#primaryimage\"},\"thumbnailUrl\":\"https:\\\/\\\/fr.twiza.org\\\/portail\\\/wp-content\\\/uploads\\\/2024\\\/06\\\/Capture-decran-2024-06-19-a-16.17.24-1024x412.png\",\"datePublished\":\"2022-11-16T10:10:06+00:00\",\"dateModified\":\"2025-02-27T16:33:18+00:00\",\"breadcrumb\":{\"@id\":\"https:\\\/\\\/fr.twiza.org\\\/portail\\\/se-fournir\\\/#breadcrumb\"},\"inLanguage\":\"fr-FR\",\"potentialAction\":[{\"@type\":\"ReadAction\",\"target\":[\"https:\\\/\\\/fr.twiza.org\\\/portail\\\/se-fournir\\\/\"]}]},{\"@type\":\"ImageObject\",\"inLanguage\":\"fr-FR\",\"@id\":\"https:\\\/\\\/fr.twiza.org\\\/portail\\\/se-fournir\\\/#primaryimage\",\"url\":\"https:\\\/\\\/fr.twiza.org\\\/portail\\\/wp-content\\\/uploads\\\/2024\\\/06\\\/Capture-decran-2024-06-19-a-16.17.24.png\",\"contentUrl\":\"https:\\\/\\\/fr.twiza.org\\\/portail\\\/wp-content\\\/uploads\\\/2024\\\/06\\\/Capture-decran-2024-06-19-a-16.17.24.png\",\"width\":1748,\"height\":704},{\"@type\":\"BreadcrumbList\",\"@id\":\"https:\\\/\\\/fr.twiza.org\\\/portail\\\/se-fournir\\\/#breadcrumb\",\"itemListElement\":[{\"@type\":\"ListItem\",\"position\":1,\"name\":\"Accueil\",\"item\":\"https:\\\/\\\/fr.twiza.org\\\/portail\\\/\"},{\"@type\":\"ListItem\",\"position\":2,\"name\":\"Se fournir\"}]},{\"@type\":\"WebSite\",\"@id\":\"https:\\\/\\\/fr.twiza.org\\\/portail\\\/#website\",\"url\":\"https:\\\/\\\/fr.twiza.org\\\/portail\\\/\",\"name\":\"R\u00e9seau Twiza\",\"description\":\"Entraide pour un habitat \u00e9cologique, convivial et r\u00e9silient\",\"publisher\":{\"@id\":\"https:\\\/\\\/fr.twiza.org\\\/portail\\\/#organization\"},\"potentialAction\":[{\"@type\":\"SearchAction\",\"target\":{\"@type\":\"EntryPoint\",\"urlTemplate\":\"https:\\\/\\\/fr.twiza.org\\\/portail\\\/?s={search_term_string}\"},\"query-input\":{\"@type\":\"PropertyValueSpecification\",\"valueRequired\":true,\"valueName\":\"search_term_string\"}}],\"inLanguage\":\"fr-FR\"},{\"@type\":\"Organization\",\"@id\":\"https:\\\/\\\/fr.twiza.org\\\/portail\\\/#organization\",\"name\":\"R\u00e9seau Twiza\",\"url\":\"https:\\\/\\\/fr.twiza.org\\\/portail\\\/\",\"logo\":{\"@type\":\"ImageObject\",\"inLanguage\":\"fr-FR\",\"@id\":\"https:\\\/\\\/fr.twiza.org\\\/portail\\\/#\\\/schema\\\/logo\\\/image\\\/\",\"url\":\"https:\\\/\\\/fr.twiza.org\\\/portail\\\/wp-content\\\/uploads\\\/2021\\\/05\\\/cropped-logo-reseau-twiza.jpg\",\"contentUrl\":\"https:\\\/\\\/fr.twiza.org\\\/portail\\\/wp-content\\\/uploads\\\/2021\\\/05\\\/cropped-logo-reseau-twiza.jpg\",\"width\":400,\"height\":102,\"caption\":\"R\u00e9seau Twiza\"},\"image\":{\"@id\":\"https:\\\/\\\/fr.twiza.org\\\/portail\\\/#\\\/schema\\\/logo\\\/image\\\/\"},\"sameAs\":[\"https:\\\/\\\/fr-fr.facebook.com\\\/Twiza.fr\\\/\",\"https:\\\/\\\/www.instagram.com\\\/twiza_fr\\\/\",\"https:\\\/\\\/www.linkedin.com\\\/company\\\/reseautwiza\\\/\"]}]}<\/script>\n<!-- \/ Yoast SEO Premium plugin. -->","yoast_head_json":{"title":"Se fournir","robots":{"index":"index","follow":"follow","max-snippet":"max-snippet:-1","max-image-preview":"max-image-preview:large","max-video-preview":"max-video-preview:-1"},"canonical":"https:\/\/fr.twiza.org\/portail\/se-fournir\/","og_locale":"fr_FR","og_type":"article","og_title":"Se fournir","og_description":"Pour r\u00e9ussir son projet, il est imp\u00e9ratif d&rsquo;avoir les bons mat\u00e9riaux. Plusieurs&nbsp;fournisseurs \u2013 adh\u00e9rents du r\u00e9seau Twiza&nbsp;\u2013 ont \u00e0 c\u0153ur de&nbsp;te conseiller, de t&rsquo;accompagner et de te fournir dans les meilleurs d\u00e9lais les mat\u00e9riaux dont tu as besoin pour avancer sur ton chantier. Tous les fournisseurs Annuaire des pros Fournisseurs [&hellip;]","og_url":"https:\/\/fr.twiza.org\/portail\/se-fournir\/","og_site_name":"R\u00e9seau Twiza","article_publisher":"https:\/\/fr-fr.facebook.com\/Twiza.fr\/","article_modified_time":"2025-02-27T16:33:18+00:00","og_image":[{"width":1024,"height":412,"url":"https:\/\/fr.twiza.org\/portail\/wp-content\/uploads\/2024\/06\/Capture-decran-2024-06-19-a-16.17.24-1024x412.png","type":"image\/png"}],"twitter_card":"summary_large_image","schema":{"@context":"https:\/\/schema.org","@graph":[{"@type":"WebPage","@id":"https:\/\/fr.twiza.org\/portail\/se-fournir\/","url":"https:\/\/fr.twiza.org\/portail\/se-fournir\/","name":"Se fournir","isPartOf":{"@id":"https:\/\/fr.twiza.org\/portail\/#website"},"primaryImageOfPage":{"@id":"https:\/\/fr.twiza.org\/portail\/se-fournir\/#primaryimage"},"image":{"@id":"https:\/\/fr.twiza.org\/portail\/se-fournir\/#primaryimage"},"thumbnailUrl":"https:\/\/fr.twiza.org\/portail\/wp-content\/uploads\/2024\/06\/Capture-decran-2024-06-19-a-16.17.24-1024x412.png","datePublished":"2022-11-16T10:10:06+00:00","dateModified":"2025-02-27T16:33:18+00:00","breadcrumb":{"@id":"https:\/\/fr.twiza.org\/portail\/se-fournir\/#breadcrumb"},"inLanguage":"fr-FR","potentialAction":[{"@type":"ReadAction","target":["https:\/\/fr.twiza.org\/portail\/se-fournir\/"]}]},{"@type":"ImageObject","inLanguage":"fr-FR","@id":"https:\/\/fr.twiza.org\/portail\/se-fournir\/#primaryimage","url":"https:\/\/fr.twiza.org\/portail\/wp-content\/uploads\/2024\/06\/Capture-decran-2024-06-19-a-16.17.24.png","contentUrl":"https:\/\/fr.twiza.org\/portail\/wp-content\/uploads\/2024\/06\/Capture-decran-2024-06-19-a-16.17.24.png","width":1748,"height":704},{"@type":"BreadcrumbList","@id":"https:\/\/fr.twiza.org\/portail\/se-fournir\/#breadcrumb","itemListElement":[{"@type":"ListItem","position":1,"name":"Accueil","item":"https:\/\/fr.twiza.org\/portail\/"},{"@type":"ListItem","position":2,"name":"Se fournir"}]},{"@type":"WebSite","@id":"https:\/\/fr.twiza.org\/portail\/#website","url":"https:\/\/fr.twiza.org\/portail\/","name":"R\u00e9seau Twiza","description":"Entraide pour un habitat \u00e9cologique, convivial et r\u00e9silient","publisher":{"@id":"https:\/\/fr.twiza.org\/portail\/#organization"},"potentialAction":[{"@type":"SearchAction","target":{"@type":"EntryPoint","urlTemplate":"https:\/\/fr.twiza.org\/portail\/?s={search_term_string}"},"query-input":{"@type":"PropertyValueSpecification","valueRequired":true,"valueName":"search_term_string"}}],"inLanguage":"fr-FR"},{"@type":"Organization","@id":"https:\/\/fr.twiza.org\/portail\/#organization","name":"R\u00e9seau Twiza","url":"https:\/\/fr.twiza.org\/portail\/","logo":{"@type":"ImageObject","inLanguage":"fr-FR","@id":"https:\/\/fr.twiza.org\/portail\/#\/schema\/logo\/image\/","url":"https:\/\/fr.twiza.org\/portail\/wp-content\/uploads\/2021\/05\/cropped-logo-reseau-twiza.jpg","contentUrl":"https:\/\/fr.twiza.org\/portail\/wp-content\/uploads\/2021\/05\/cropped-logo-reseau-twiza.jpg","width":400,"height":102,"caption":"R\u00e9seau Twiza"},"image":{"@id":"https:\/\/fr.twiza.org\/portail\/#\/schema\/logo\/image\/"},"sameAs":["https:\/\/fr-fr.facebook.com\/Twiza.fr\/","https:\/\/www.instagram.com\/twiza_fr\/","https:\/\/www.linkedin.com\/company\/reseautwiza\/"]}]}},"jetpack_sharing_enabled":true,"_links":{"self":[{"href":"https:\/\/fr.twiza.org\/portail\/wp-json\/wp\/v2\/pages\/7284","targetHints":{"allow":["GET"]}}],"collection":[{"href":"https:\/\/fr.twiza.org\/portail\/wp-json\/wp\/v2\/pages"}],"about":[{"href":"https:\/\/fr.twiza.org\/portail\/wp-json\/wp\/v2\/types\/page"}],"author":[{"embeddable":true,"href":"https:\/\/fr.twiza.org\/portail\/wp-json\/wp\/v2\/users\/10"}],"replies":[{"embeddable":true,"href":"https:\/\/fr.twiza.org\/portail\/wp-json\/wp\/v2\/comments?post=7284"}],"version-history":[{"count":41,"href":"https:\/\/fr.twiza.org\/portail\/wp-json\/wp\/v2\/pages\/7284\/revisions"}],"predecessor-version":[{"id":12257,"href":"https:\/\/fr.twiza.org\/portail\/wp-json\/wp\/v2\/pages\/7284\/revisions\/12257"}],"wp:attachment":[{"href":"https:\/\/fr.twiza.org\/portail\/wp-json\/wp\/v2\/media?parent=7284"}],"curies":[{"name":"wp","href":"https:\/\/api.w.org\/{rel}","templated":true}]}}