{"id":8045,"date":"2023-03-10T13:56:45","date_gmt":"2023-03-10T12:56:45","guid":{"rendered":"https:\/\/fr.twiza.org\/portail\/?page_id=8045"},"modified":"2026-02-13T09:16:28","modified_gmt":"2026-02-13T08:16:28","slug":"chantiers-participatifs","status":"publish","type":"page","link":"https:\/\/fr.twiza.org\/portail\/chantiers-participatifs\/","title":{"rendered":"Chantiers participatifs"},"content":{"rendered":"\n<div style=\"height:100px\" aria-hidden=\"true\" class=\"wp-block-spacer\"><\/div>\n\n\n\n<div class=\"wp-block-media-text alignwide has-media-on-the-right is-stacked-on-mobile\"><div class=\"wp-block-media-text__content\">\n<div class=\"wp-block-buttons is-content-justification-center is-layout-flex wp-container-core-buttons-is-layout-a89b3969 wp-block-buttons-is-layout-flex\">\n<div class=\"wp-block-button\"><a class=\"wp-block-button__link has-custom-font-size wp-element-button\" href=\"https:\/\/fr.twiza.org\/chantiers-participatifs\/v2\" style=\"font-size:23px\" target=\"_blank\" rel=\"noreferrer noopener\"><strong>Trouver un chantier participatif<\/strong><\/a><\/div>\n<\/div>\n\n\n\n<p class=\"has-text-align-center\"><a href=\"https:\/\/fr.twiza.org\/portail\/participer-chantier-participatif\/\">Clique-ici pour participer directement \u00e0 un projet.<\/a><\/p>\n<\/div><figure class=\"wp-block-media-text__media\"><a href=\"https:\/\/fr.twiza.org\/chantiers-participatifs\/v2\" target=\"_blank\" rel=\"noreferrer noopener\"><img fetchpriority=\"high\" decoding=\"async\" width=\"762\" height=\"450\" src=\"https:\/\/fr.twiza.org\/portail\/wp-content\/uploads\/2023\/02\/Chantiers-participatifs-trouver-un-chantier-1-recadree-1.jpeg\" alt=\"\" class=\"wp-image-8050 size-full\" srcset=\"https:\/\/fr.twiza.org\/portail\/wp-content\/uploads\/2023\/02\/Chantiers-participatifs-trouver-un-chantier-1-recadree-1.jpeg 762w, https:\/\/fr.twiza.org\/portail\/wp-content\/uploads\/2023\/02\/Chantiers-participatifs-trouver-un-chantier-1-recadree-1-600x354.jpeg 600w, https:\/\/fr.twiza.org\/portail\/wp-content\/uploads\/2023\/02\/Chantiers-participatifs-trouver-un-chantier-1-recadree-1-300x177.jpeg 300w\" sizes=\"(max-width: 762px) 100vw, 762px\" \/><\/a><\/figure><\/div>\n\n\n\n<div style=\"height:50px\" aria-hidden=\"true\" class=\"wp-block-spacer\"><\/div>\n\n\n\n<div class=\"wp-block-media-text alignwide is-stacked-on-mobile\"><figure class=\"wp-block-media-text__media\"><a href=\"https:\/\/airtable.com\/shrHpAymxv0n3lfhM\" target=\"_blank\" rel=\"noreferrer noopener\"><img decoding=\"async\" width=\"762\" height=\"450\" src=\"https:\/\/fr.twiza.org\/portail\/wp-content\/uploads\/2023\/02\/Chantiers-participatifs-proposer-mon-chantier-2-recadree-1.jpeg\" alt=\"\" class=\"wp-image-8053 size-full\" srcset=\"https:\/\/fr.twiza.org\/portail\/wp-content\/uploads\/2023\/02\/Chantiers-participatifs-proposer-mon-chantier-2-recadree-1.jpeg 762w, https:\/\/fr.twiza.org\/portail\/wp-content\/uploads\/2023\/02\/Chantiers-participatifs-proposer-mon-chantier-2-recadree-1-600x354.jpeg 600w, https:\/\/fr.twiza.org\/portail\/wp-content\/uploads\/2023\/02\/Chantiers-participatifs-proposer-mon-chantier-2-recadree-1-300x177.jpeg 300w\" sizes=\"(max-width: 762px) 100vw, 762px\" \/><\/a><\/figure><div class=\"wp-block-media-text__content\">\n<div class=\"wp-block-buttons is-content-justification-center is-layout-flex wp-container-core-buttons-is-layout-a89b3969 wp-block-buttons-is-layout-flex\">\n<div class=\"wp-block-button\"><a class=\"wp-block-button__link has-custom-font-size wp-element-button\" href=\"https:\/\/fr.twiza.org\/portail\/proposer-chantier-participatif\/\" style=\"font-size:23px\"><strong>Proposer mon chantier participatif<\/strong><\/a><\/div>\n<\/div>\n<\/div><\/div>\n\n\n\n<div style=\"height:50px\" aria-hidden=\"true\" class=\"wp-block-spacer\"><\/div>\n\n\n\n<iframe src=\"https:\/\/fr.twiza.org\/chantiers-participatifs\/v2?only=frame&amp;frameHide=title,text\" style=\"width:100%;height:1000px\"><\/iframe>\n\n\n\n<div style=\"height:50px\" aria-hidden=\"true\" class=\"wp-block-spacer\"><\/div>\n\n\n\n<h2 class=\"wp-block-heading\" id=\"h-chantiers-participatifs-pour-aller-plus-loin\">Chantiers participatifs : pour aller plus loin<\/h2>\n\n\n\n<p>Qu&rsquo;est-ce qu&rsquo;un chantier participatif ?<\/p>\n\n\n\n<p><a href=\"https:\/\/fr.twiza.org\/etre-benevole-sur-un-chantier-participatif,pa105.html\" target=\"_blank\" rel=\"noreferrer noopener\">Etre b\u00e9n\u00e9vole sur un chantier participatif<\/a><\/p>\n\n\n\n<p>Comment bien organiser un chantier participatif ?<\/p>\n\n\n\n<p><a href=\"https:\/\/fr.twiza.org\/chantiers-participatifs-sur-twiza-cadre-et-engagements,pa7.html\" target=\"_blank\" rel=\"noreferrer noopener\">Charte des chantiers participatifs<\/a><\/p>\n\n\n\n<p><a href=\"https:\/\/fr.twiza.org\/l-assurance-chantiers-participatifs-de-twiza,pa50.html\" target=\"_blank\" rel=\"noreferrer noopener\">L&rsquo;assurance des abonn\u00e9s<\/a><\/p>\n\n\n\n<p><a href=\"https:\/\/fr.twiza.org\/demarche-qualite-twiza,pa222.html\" target=\"_blank\" rel=\"noreferrer noopener\">D\u00e9marche qualit\u00e9 Twiza<\/a><\/p>\n\n\n\n<div style=\"height:50px\" aria-hidden=\"true\" class=\"wp-block-spacer\"><\/div>\n","protected":false},"excerpt":{"rendered":"<p>Chantiers participatifs : pour aller plus loin Qu&rsquo;est-ce qu&rsquo;un chantier participatif ? Etre b\u00e9n\u00e9vole sur un chantier participatif Comment bien organiser un chantier participatif ? Charte des chantiers participatifs L&rsquo;assurance des abonn\u00e9s D\u00e9marche qualit\u00e9 Twiza<\/p>\n","protected":false},"author":3,"featured_media":0,"parent":0,"menu_order":0,"comment_status":"closed","ping_status":"closed","template":"","meta":{"_eb_attr":"","_themeisle_gutenberg_block_has_review":false,"footnotes":""},"class_list":["post-8045","page","type-page","status-publish","hentry"],"yoast_head":"<!-- This site is optimized with the Yoast SEO Premium plugin v27.2 (Yoast SEO v27.4) - https:\/\/yoast.com\/product\/yoast-seo-premium-wordpress\/ -->\n<title>Chantiers participatifs<\/title>\n<meta name=\"robots\" content=\"index, follow, max-snippet:-1, max-image-preview:large, max-video-preview:-1\" \/>\n<link rel=\"canonical\" href=\"https:\/\/fr.twiza.org\/portail\/chantiers-participatifs\/\" \/>\n<meta property=\"og:locale\" content=\"fr_FR\" \/>\n<meta property=\"og:type\" content=\"article\" \/>\n<meta property=\"og:title\" content=\"Chantiers participatifs\" \/>\n<meta property=\"og:description\" content=\"Chantiers participatifs : pour aller plus loin Qu&rsquo;est-ce qu&rsquo;un chantier participatif ? Etre b\u00e9n\u00e9vole sur un chantier participatif Comment bien organiser un chantier participatif ? Charte des chantiers participatifs L&rsquo;assurance des abonn\u00e9s D\u00e9marche qualit\u00e9 Twiza\" \/>\n<meta property=\"og:url\" content=\"https:\/\/fr.twiza.org\/portail\/chantiers-participatifs\/\" \/>\n<meta property=\"og:site_name\" content=\"R\u00e9seau Twiza\" \/>\n<meta property=\"article:publisher\" content=\"https:\/\/fr-fr.facebook.com\/Twiza.fr\/\" \/>\n<meta property=\"article:modified_time\" content=\"2026-02-13T08:16:28+00:00\" \/>\n<meta property=\"og:image\" content=\"https:\/\/fr.twiza.org\/portail\/wp-content\/uploads\/2023\/02\/Chantiers-participatifs-trouver-un-chantier-1-recadree-1.jpeg\" \/>\n\t<meta property=\"og:image:width\" content=\"762\" \/>\n\t<meta property=\"og:image:height\" content=\"450\" \/>\n\t<meta property=\"og:image:type\" content=\"image\/jpeg\" \/>\n<meta name=\"twitter:card\" content=\"summary_large_image\" \/>\n<script type=\"application\/ld+json\" class=\"yoast-schema-graph\">{\"@context\":\"https:\\\/\\\/schema.org\",\"@graph\":[{\"@type\":\"WebPage\",\"@id\":\"https:\\\/\\\/fr.twiza.org\\\/portail\\\/chantiers-participatifs\\\/\",\"url\":\"https:\\\/\\\/fr.twiza.org\\\/portail\\\/chantiers-participatifs\\\/\",\"name\":\"Chantiers participatifs\",\"isPartOf\":{\"@id\":\"https:\\\/\\\/fr.twiza.org\\\/portail\\\/#website\"},\"primaryImageOfPage\":{\"@id\":\"https:\\\/\\\/fr.twiza.org\\\/portail\\\/chantiers-participatifs\\\/#primaryimage\"},\"image\":{\"@id\":\"https:\\\/\\\/fr.twiza.org\\\/portail\\\/chantiers-participatifs\\\/#primaryimage\"},\"thumbnailUrl\":\"https:\\\/\\\/fr.twiza.org\\\/portail\\\/wp-content\\\/uploads\\\/2023\\\/02\\\/Chantiers-participatifs-trouver-un-chantier-1-recadree-1.jpeg\",\"datePublished\":\"2023-03-10T12:56:45+00:00\",\"dateModified\":\"2026-02-13T08:16:28+00:00\",\"breadcrumb\":{\"@id\":\"https:\\\/\\\/fr.twiza.org\\\/portail\\\/chantiers-participatifs\\\/#breadcrumb\"},\"inLanguage\":\"fr-FR\",\"potentialAction\":[{\"@type\":\"ReadAction\",\"target\":[\"https:\\\/\\\/fr.twiza.org\\\/portail\\\/chantiers-participatifs\\\/\"]}]},{\"@type\":\"ImageObject\",\"inLanguage\":\"fr-FR\",\"@id\":\"https:\\\/\\\/fr.twiza.org\\\/portail\\\/chantiers-participatifs\\\/#primaryimage\",\"url\":\"https:\\\/\\\/fr.twiza.org\\\/portail\\\/wp-content\\\/uploads\\\/2023\\\/02\\\/Chantiers-participatifs-trouver-un-chantier-1-recadree-1.jpeg\",\"contentUrl\":\"https:\\\/\\\/fr.twiza.org\\\/portail\\\/wp-content\\\/uploads\\\/2023\\\/02\\\/Chantiers-participatifs-trouver-un-chantier-1-recadree-1.jpeg\",\"width\":762,\"height\":450},{\"@type\":\"BreadcrumbList\",\"@id\":\"https:\\\/\\\/fr.twiza.org\\\/portail\\\/chantiers-participatifs\\\/#breadcrumb\",\"itemListElement\":[{\"@type\":\"ListItem\",\"position\":1,\"name\":\"Accueil\",\"item\":\"https:\\\/\\\/fr.twiza.org\\\/portail\\\/\"},{\"@type\":\"ListItem\",\"position\":2,\"name\":\"Chantiers participatifs\"}]},{\"@type\":\"WebSite\",\"@id\":\"https:\\\/\\\/fr.twiza.org\\\/portail\\\/#website\",\"url\":\"https:\\\/\\\/fr.twiza.org\\\/portail\\\/\",\"name\":\"R\u00e9seau Twiza\",\"description\":\"Entraide pour un habitat \u00e9cologique, convivial et r\u00e9silient\",\"publisher\":{\"@id\":\"https:\\\/\\\/fr.twiza.org\\\/portail\\\/#organization\"},\"potentialAction\":[{\"@type\":\"SearchAction\",\"target\":{\"@type\":\"EntryPoint\",\"urlTemplate\":\"https:\\\/\\\/fr.twiza.org\\\/portail\\\/?s={search_term_string}\"},\"query-input\":{\"@type\":\"PropertyValueSpecification\",\"valueRequired\":true,\"valueName\":\"search_term_string\"}}],\"inLanguage\":\"fr-FR\"},{\"@type\":\"Organization\",\"@id\":\"https:\\\/\\\/fr.twiza.org\\\/portail\\\/#organization\",\"name\":\"R\u00e9seau Twiza\",\"url\":\"https:\\\/\\\/fr.twiza.org\\\/portail\\\/\",\"logo\":{\"@type\":\"ImageObject\",\"inLanguage\":\"fr-FR\",\"@id\":\"https:\\\/\\\/fr.twiza.org\\\/portail\\\/#\\\/schema\\\/logo\\\/image\\\/\",\"url\":\"https:\\\/\\\/fr.twiza.org\\\/portail\\\/wp-content\\\/uploads\\\/2021\\\/05\\\/cropped-logo-reseau-twiza.jpg\",\"contentUrl\":\"https:\\\/\\\/fr.twiza.org\\\/portail\\\/wp-content\\\/uploads\\\/2021\\\/05\\\/cropped-logo-reseau-twiza.jpg\",\"width\":400,\"height\":102,\"caption\":\"R\u00e9seau Twiza\"},\"image\":{\"@id\":\"https:\\\/\\\/fr.twiza.org\\\/portail\\\/#\\\/schema\\\/logo\\\/image\\\/\"},\"sameAs\":[\"https:\\\/\\\/fr-fr.facebook.com\\\/Twiza.fr\\\/\",\"https:\\\/\\\/www.instagram.com\\\/twiza_fr\\\/\",\"https:\\\/\\\/www.linkedin.com\\\/company\\\/reseautwiza\\\/\"]}]}<\/script>\n<!-- \/ Yoast SEO Premium plugin. -->","yoast_head_json":{"title":"Chantiers participatifs","robots":{"index":"index","follow":"follow","max-snippet":"max-snippet:-1","max-image-preview":"max-image-preview:large","max-video-preview":"max-video-preview:-1"},"canonical":"https:\/\/fr.twiza.org\/portail\/chantiers-participatifs\/","og_locale":"fr_FR","og_type":"article","og_title":"Chantiers participatifs","og_description":"Chantiers participatifs : pour aller plus loin Qu&rsquo;est-ce qu&rsquo;un chantier participatif ? Etre b\u00e9n\u00e9vole sur un chantier participatif Comment bien organiser un chantier participatif ? Charte des chantiers participatifs L&rsquo;assurance des abonn\u00e9s D\u00e9marche qualit\u00e9 Twiza","og_url":"https:\/\/fr.twiza.org\/portail\/chantiers-participatifs\/","og_site_name":"R\u00e9seau Twiza","article_publisher":"https:\/\/fr-fr.facebook.com\/Twiza.fr\/","article_modified_time":"2026-02-13T08:16:28+00:00","og_image":[{"width":762,"height":450,"url":"https:\/\/fr.twiza.org\/portail\/wp-content\/uploads\/2023\/02\/Chantiers-participatifs-trouver-un-chantier-1-recadree-1.jpeg","type":"image\/jpeg"}],"twitter_card":"summary_large_image","schema":{"@context":"https:\/\/schema.org","@graph":[{"@type":"WebPage","@id":"https:\/\/fr.twiza.org\/portail\/chantiers-participatifs\/","url":"https:\/\/fr.twiza.org\/portail\/chantiers-participatifs\/","name":"Chantiers participatifs","isPartOf":{"@id":"https:\/\/fr.twiza.org\/portail\/#website"},"primaryImageOfPage":{"@id":"https:\/\/fr.twiza.org\/portail\/chantiers-participatifs\/#primaryimage"},"image":{"@id":"https:\/\/fr.twiza.org\/portail\/chantiers-participatifs\/#primaryimage"},"thumbnailUrl":"https:\/\/fr.twiza.org\/portail\/wp-content\/uploads\/2023\/02\/Chantiers-participatifs-trouver-un-chantier-1-recadree-1.jpeg","datePublished":"2023-03-10T12:56:45+00:00","dateModified":"2026-02-13T08:16:28+00:00","breadcrumb":{"@id":"https:\/\/fr.twiza.org\/portail\/chantiers-participatifs\/#breadcrumb"},"inLanguage":"fr-FR","potentialAction":[{"@type":"ReadAction","target":["https:\/\/fr.twiza.org\/portail\/chantiers-participatifs\/"]}]},{"@type":"ImageObject","inLanguage":"fr-FR","@id":"https:\/\/fr.twiza.org\/portail\/chantiers-participatifs\/#primaryimage","url":"https:\/\/fr.twiza.org\/portail\/wp-content\/uploads\/2023\/02\/Chantiers-participatifs-trouver-un-chantier-1-recadree-1.jpeg","contentUrl":"https:\/\/fr.twiza.org\/portail\/wp-content\/uploads\/2023\/02\/Chantiers-participatifs-trouver-un-chantier-1-recadree-1.jpeg","width":762,"height":450},{"@type":"BreadcrumbList","@id":"https:\/\/fr.twiza.org\/portail\/chantiers-participatifs\/#breadcrumb","itemListElement":[{"@type":"ListItem","position":1,"name":"Accueil","item":"https:\/\/fr.twiza.org\/portail\/"},{"@type":"ListItem","position":2,"name":"Chantiers participatifs"}]},{"@type":"WebSite","@id":"https:\/\/fr.twiza.org\/portail\/#website","url":"https:\/\/fr.twiza.org\/portail\/","name":"R\u00e9seau Twiza","description":"Entraide pour un habitat \u00e9cologique, convivial et r\u00e9silient","publisher":{"@id":"https:\/\/fr.twiza.org\/portail\/#organization"},"potentialAction":[{"@type":"SearchAction","target":{"@type":"EntryPoint","urlTemplate":"https:\/\/fr.twiza.org\/portail\/?s={search_term_string}"},"query-input":{"@type":"PropertyValueSpecification","valueRequired":true,"valueName":"search_term_string"}}],"inLanguage":"fr-FR"},{"@type":"Organization","@id":"https:\/\/fr.twiza.org\/portail\/#organization","name":"R\u00e9seau Twiza","url":"https:\/\/fr.twiza.org\/portail\/","logo":{"@type":"ImageObject","inLanguage":"fr-FR","@id":"https:\/\/fr.twiza.org\/portail\/#\/schema\/logo\/image\/","url":"https:\/\/fr.twiza.org\/portail\/wp-content\/uploads\/2021\/05\/cropped-logo-reseau-twiza.jpg","contentUrl":"https:\/\/fr.twiza.org\/portail\/wp-content\/uploads\/2021\/05\/cropped-logo-reseau-twiza.jpg","width":400,"height":102,"caption":"R\u00e9seau Twiza"},"image":{"@id":"https:\/\/fr.twiza.org\/portail\/#\/schema\/logo\/image\/"},"sameAs":["https:\/\/fr-fr.facebook.com\/Twiza.fr\/","https:\/\/www.instagram.com\/twiza_fr\/","https:\/\/www.linkedin.com\/company\/reseautwiza\/"]}]}},"jetpack_sharing_enabled":true,"_links":{"self":[{"href":"https:\/\/fr.twiza.org\/portail\/wp-json\/wp\/v2\/pages\/8045","targetHints":{"allow":["GET"]}}],"collection":[{"href":"https:\/\/fr.twiza.org\/portail\/wp-json\/wp\/v2\/pages"}],"about":[{"href":"https:\/\/fr.twiza.org\/portail\/wp-json\/wp\/v2\/types\/page"}],"author":[{"embeddable":true,"href":"https:\/\/fr.twiza.org\/portail\/wp-json\/wp\/v2\/users\/3"}],"replies":[{"embeddable":true,"href":"https:\/\/fr.twiza.org\/portail\/wp-json\/wp\/v2\/comments?post=8045"}],"version-history":[{"count":45,"href":"https:\/\/fr.twiza.org\/portail\/wp-json\/wp\/v2\/pages\/8045\/revisions"}],"predecessor-version":[{"id":13982,"href":"https:\/\/fr.twiza.org\/portail\/wp-json\/wp\/v2\/pages\/8045\/revisions\/13982"}],"wp:attachment":[{"href":"https:\/\/fr.twiza.org\/portail\/wp-json\/wp\/v2\/media?parent=8045"}],"curies":[{"name":"wp","href":"https:\/\/api.w.org\/{rel}","templated":true}]}}