{"id":8187,"date":"2023-10-26T11:55:15","date_gmt":"2023-10-26T09:55:15","guid":{"rendered":"https:\/\/fr.twiza.org\/portail\/?page_id=8187"},"modified":"2024-08-26T13:05:57","modified_gmt":"2024-08-26T11:05:57","slug":"articles-des-pros","status":"publish","type":"page","link":"https:\/\/fr.twiza.org\/portail\/articles-des-pros\/","title":{"rendered":"Articles des pros"},"content":{"rendered":"\n<p>Au sein du <strong>r\u00e9seau Twiza<\/strong>, nous avons le plaisir de compter parmi nos membres adh\u00e9rents, des <strong>professionnels<\/strong> de la construction de <strong>confiance<\/strong>, align\u00e9s avec nos <strong>valeurs<\/strong> :  la pr\u00e9servation de l&rsquo;environnement et du vivant, le partage des savoirs, la transparence dans la gestion des co\u00fbts, la convivialit\u00e9, l&rsquo;entraide etc.<\/p>\n\n\n\n<p>L&rsquo;une de nos missions \u00e9tant de transmettre de l&rsquo;<strong>information de qualit\u00e9<\/strong> au plus grand nombre, nous faisons le choix de diffuser des <strong>articles<\/strong> \u00e9crits par des <strong>pros du r\u00e9seau Twiza<\/strong>. Les th\u00e8mes abord\u00e9s sont tr\u00e8s vari\u00e9s : r\u00e9cits de voyage autour du chantier participatif, techniques diverses de construction \u00e9cologique, confort thermique etc.<\/p>\n\n\n\n<h2 class=\"wp-block-heading\" id=\"h-recits-de-voyage-autour-de-l-habitat-ecologique\">R\u00e9cits de voyage autour de l&rsquo;habitat \u00e9cologique<\/h2>\n\n\n\n<div class=\"wp-block-media-text alignwide is-stacked-on-mobile\" style=\"grid-template-columns:35% auto\"><figure class=\"wp-block-media-text__media\"><img fetchpriority=\"high\" decoding=\"async\" width=\"900\" height=\"900\" src=\"https:\/\/fr.twiza.org\/portail\/wp-content\/uploads\/2023\/03\/Article-de-pros-Anatomie-architecture-7-carre-900x900px.jpeg\" alt=\"\" class=\"wp-image-8226 size-full\" srcset=\"https:\/\/fr.twiza.org\/portail\/wp-content\/uploads\/2023\/03\/Article-de-pros-Anatomie-architecture-7-carre-900x900px.jpeg 900w, https:\/\/fr.twiza.org\/portail\/wp-content\/uploads\/2023\/03\/Article-de-pros-Anatomie-architecture-7-carre-900x900px-230x230.jpeg 230w, https:\/\/fr.twiza.org\/portail\/wp-content\/uploads\/2023\/03\/Article-de-pros-Anatomie-architecture-7-carre-900x900px-160x160.jpeg 160w, https:\/\/fr.twiza.org\/portail\/wp-content\/uploads\/2023\/03\/Article-de-pros-Anatomie-architecture-7-carre-900x900px-600x600.jpeg 600w, https:\/\/fr.twiza.org\/portail\/wp-content\/uploads\/2023\/03\/Article-de-pros-Anatomie-architecture-7-carre-900x900px-300x300.jpeg 300w, https:\/\/fr.twiza.org\/portail\/wp-content\/uploads\/2023\/03\/Article-de-pros-Anatomie-architecture-7-carre-900x900px-234x234.jpeg 234w, https:\/\/fr.twiza.org\/portail\/wp-content\/uploads\/2023\/03\/Article-de-pros-Anatomie-architecture-7-carre-900x900px-768x768.jpeg 768w\" sizes=\"(max-width: 900px) 100vw, 900px\" \/><\/figure><div class=\"wp-block-media-text__content\">\n<p><a href=\"https:\/\/fr.twiza.org\/portail\/anatomies-darchitecture\/\" target=\"_blank\" rel=\"noreferrer noopener\">\u00ab\u00a0Le tour de France des maisons \u00e9cologiques\u00a0\u00bb<\/a><\/p>\n\n\n\n<p><em>Du collectif Anatomie d&rsquo;Architecture<\/em><\/p>\n\n\n\n<div class=\"wp-block-buttons is-content-justification-center is-layout-flex wp-container-core-buttons-is-layout-a89b3969 wp-block-buttons-is-layout-flex\"><\/div>\n<\/div><\/div>\n\n\n\n<hr class=\"wp-block-separator has-alpha-channel-opacity\"\/>\n\n\n\n<div class=\"wp-block-media-text alignwide is-stacked-on-mobile\" style=\"grid-template-columns:35% auto\"><figure class=\"wp-block-media-text__media\"><img decoding=\"async\" width=\"700\" height=\"700\" src=\"https:\/\/fr.twiza.org\/portail\/wp-content\/uploads\/2023\/03\/Article-de-pros-Tour-de-gaule-1-700x700px.jpeg\" alt=\"\" class=\"wp-image-8227 size-full\" srcset=\"https:\/\/fr.twiza.org\/portail\/wp-content\/uploads\/2023\/03\/Article-de-pros-Tour-de-gaule-1-700x700px.jpeg 700w, https:\/\/fr.twiza.org\/portail\/wp-content\/uploads\/2023\/03\/Article-de-pros-Tour-de-gaule-1-700x700px-230x230.jpeg 230w, https:\/\/fr.twiza.org\/portail\/wp-content\/uploads\/2023\/03\/Article-de-pros-Tour-de-gaule-1-700x700px-160x160.jpeg 160w, https:\/\/fr.twiza.org\/portail\/wp-content\/uploads\/2023\/03\/Article-de-pros-Tour-de-gaule-1-700x700px-600x600.jpeg 600w, https:\/\/fr.twiza.org\/portail\/wp-content\/uploads\/2023\/03\/Article-de-pros-Tour-de-gaule-1-700x700px-300x300.jpeg 300w, https:\/\/fr.twiza.org\/portail\/wp-content\/uploads\/2023\/03\/Article-de-pros-Tour-de-gaule-1-700x700px-234x234.jpeg 234w\" sizes=\"(max-width: 700px) 100vw, 700px\" \/><\/figure><div class=\"wp-block-media-text__content\">\n<p><a href=\"https:\/\/fr.twiza.org\/portail\/tour-de-gaule\/\" target=\"_blank\" rel=\"noreferrer noopener\">\u00ab\u00a0Tour de gaule\u00a0\u00bb<\/a><\/p>\n\n\n\n<p><em>De Pauline PUERTA<\/em><\/p>\n\n\n\n<div class=\"wp-block-buttons is-content-justification-center is-layout-flex wp-container-core-buttons-is-layout-a89b3969 wp-block-buttons-is-layout-flex\"><\/div>\n<\/div><\/div>\n\n\n\n<p><\/p>\n\n\n\n<div style=\"height:68px\" aria-hidden=\"true\" class=\"wp-block-spacer\"><\/div>\n","protected":false},"excerpt":{"rendered":"<p>Au sein du r\u00e9seau Twiza, nous avons le plaisir de compter parmi nos membres adh\u00e9rents, des professionnels de la construction de confiance, align\u00e9s avec nos valeurs : la pr\u00e9servation de l&rsquo;environnement et du vivant, le partage des savoirs, la transparence dans la gestion des co\u00fbts, la convivialit\u00e9, l&rsquo;entraide etc. L&rsquo;une [&hellip;]<\/p>\n","protected":false},"author":3,"featured_media":0,"parent":0,"menu_order":0,"comment_status":"closed","ping_status":"closed","template":"","meta":{"_eb_attr":"","_themeisle_gutenberg_block_has_review":false,"footnotes":""},"class_list":["post-8187","page","type-page","status-publish","hentry"],"yoast_head":"<!-- This site is optimized with the Yoast SEO Premium plugin v27.2 (Yoast SEO v27.3) - https:\/\/yoast.com\/product\/yoast-seo-premium-wordpress\/ -->\n<title>Articles des pros<\/title>\n<meta name=\"robots\" content=\"index, follow, max-snippet:-1, max-image-preview:large, max-video-preview:-1\" \/>\n<link rel=\"canonical\" href=\"https:\/\/fr.twiza.org\/portail\/articles-des-pros\/\" \/>\n<meta property=\"og:locale\" content=\"fr_FR\" \/>\n<meta property=\"og:type\" content=\"article\" \/>\n<meta property=\"og:title\" content=\"Articles des pros\" \/>\n<meta property=\"og:description\" content=\"Au sein du r\u00e9seau Twiza, nous avons le plaisir de compter parmi nos membres adh\u00e9rents, des professionnels de la construction de confiance, align\u00e9s avec nos valeurs : la pr\u00e9servation de l&rsquo;environnement et du vivant, le partage des savoirs, la transparence dans la gestion des co\u00fbts, la convivialit\u00e9, l&rsquo;entraide etc. L&rsquo;une [&hellip;]\" \/>\n<meta property=\"og:url\" content=\"https:\/\/fr.twiza.org\/portail\/articles-des-pros\/\" \/>\n<meta property=\"og:site_name\" content=\"R\u00e9seau Twiza\" \/>\n<meta property=\"article:publisher\" content=\"https:\/\/fr-fr.facebook.com\/Twiza.fr\/\" \/>\n<meta property=\"article:modified_time\" content=\"2024-08-26T11:05:57+00:00\" \/>\n<meta property=\"og:image\" content=\"https:\/\/fr.twiza.org\/portail\/wp-content\/uploads\/2023\/03\/Article-de-pros-Anatomie-architecture-7-carre-900x900px.jpeg\" \/>\n<meta name=\"twitter:card\" content=\"summary_large_image\" \/>\n<script type=\"application\/ld+json\" class=\"yoast-schema-graph\">{\"@context\":\"https:\\\/\\\/schema.org\",\"@graph\":[{\"@type\":\"WebPage\",\"@id\":\"https:\\\/\\\/fr.twiza.org\\\/portail\\\/articles-des-pros\\\/\",\"url\":\"https:\\\/\\\/fr.twiza.org\\\/portail\\\/articles-des-pros\\\/\",\"name\":\"Articles des pros\",\"isPartOf\":{\"@id\":\"https:\\\/\\\/fr.twiza.org\\\/portail\\\/#website\"},\"primaryImageOfPage\":{\"@id\":\"https:\\\/\\\/fr.twiza.org\\\/portail\\\/articles-des-pros\\\/#primaryimage\"},\"image\":{\"@id\":\"https:\\\/\\\/fr.twiza.org\\\/portail\\\/articles-des-pros\\\/#primaryimage\"},\"thumbnailUrl\":\"https:\\\/\\\/fr.twiza.org\\\/portail\\\/wp-content\\\/uploads\\\/2023\\\/03\\\/Article-de-pros-Anatomie-architecture-7-carre-900x900px.jpeg\",\"datePublished\":\"2023-10-26T09:55:15+00:00\",\"dateModified\":\"2024-08-26T11:05:57+00:00\",\"breadcrumb\":{\"@id\":\"https:\\\/\\\/fr.twiza.org\\\/portail\\\/articles-des-pros\\\/#breadcrumb\"},\"inLanguage\":\"fr-FR\",\"potentialAction\":[{\"@type\":\"ReadAction\",\"target\":[\"https:\\\/\\\/fr.twiza.org\\\/portail\\\/articles-des-pros\\\/\"]}]},{\"@type\":\"ImageObject\",\"inLanguage\":\"fr-FR\",\"@id\":\"https:\\\/\\\/fr.twiza.org\\\/portail\\\/articles-des-pros\\\/#primaryimage\",\"url\":\"https:\\\/\\\/fr.twiza.org\\\/portail\\\/wp-content\\\/uploads\\\/2023\\\/03\\\/Article-de-pros-Anatomie-architecture-7-carre-900x900px.jpeg\",\"contentUrl\":\"https:\\\/\\\/fr.twiza.org\\\/portail\\\/wp-content\\\/uploads\\\/2023\\\/03\\\/Article-de-pros-Anatomie-architecture-7-carre-900x900px.jpeg\",\"width\":900,\"height\":900},{\"@type\":\"BreadcrumbList\",\"@id\":\"https:\\\/\\\/fr.twiza.org\\\/portail\\\/articles-des-pros\\\/#breadcrumb\",\"itemListElement\":[{\"@type\":\"ListItem\",\"position\":1,\"name\":\"Accueil\",\"item\":\"https:\\\/\\\/fr.twiza.org\\\/portail\\\/\"},{\"@type\":\"ListItem\",\"position\":2,\"name\":\"Articles des pros\"}]},{\"@type\":\"WebSite\",\"@id\":\"https:\\\/\\\/fr.twiza.org\\\/portail\\\/#website\",\"url\":\"https:\\\/\\\/fr.twiza.org\\\/portail\\\/\",\"name\":\"R\u00e9seau Twiza\",\"description\":\"Entraide pour un habitat \u00e9cologique, convivial et r\u00e9silient\",\"publisher\":{\"@id\":\"https:\\\/\\\/fr.twiza.org\\\/portail\\\/#organization\"},\"potentialAction\":[{\"@type\":\"SearchAction\",\"target\":{\"@type\":\"EntryPoint\",\"urlTemplate\":\"https:\\\/\\\/fr.twiza.org\\\/portail\\\/?s={search_term_string}\"},\"query-input\":{\"@type\":\"PropertyValueSpecification\",\"valueRequired\":true,\"valueName\":\"search_term_string\"}}],\"inLanguage\":\"fr-FR\"},{\"@type\":\"Organization\",\"@id\":\"https:\\\/\\\/fr.twiza.org\\\/portail\\\/#organization\",\"name\":\"R\u00e9seau Twiza\",\"url\":\"https:\\\/\\\/fr.twiza.org\\\/portail\\\/\",\"logo\":{\"@type\":\"ImageObject\",\"inLanguage\":\"fr-FR\",\"@id\":\"https:\\\/\\\/fr.twiza.org\\\/portail\\\/#\\\/schema\\\/logo\\\/image\\\/\",\"url\":\"https:\\\/\\\/fr.twiza.org\\\/portail\\\/wp-content\\\/uploads\\\/2021\\\/05\\\/cropped-logo-reseau-twiza.jpg\",\"contentUrl\":\"https:\\\/\\\/fr.twiza.org\\\/portail\\\/wp-content\\\/uploads\\\/2021\\\/05\\\/cropped-logo-reseau-twiza.jpg\",\"width\":400,\"height\":102,\"caption\":\"R\u00e9seau Twiza\"},\"image\":{\"@id\":\"https:\\\/\\\/fr.twiza.org\\\/portail\\\/#\\\/schema\\\/logo\\\/image\\\/\"},\"sameAs\":[\"https:\\\/\\\/fr-fr.facebook.com\\\/Twiza.fr\\\/\",\"https:\\\/\\\/www.instagram.com\\\/twiza_fr\\\/\",\"https:\\\/\\\/www.linkedin.com\\\/company\\\/reseautwiza\\\/\"]}]}<\/script>\n<!-- \/ Yoast SEO Premium plugin. -->","yoast_head_json":{"title":"Articles des pros","robots":{"index":"index","follow":"follow","max-snippet":"max-snippet:-1","max-image-preview":"max-image-preview:large","max-video-preview":"max-video-preview:-1"},"canonical":"https:\/\/fr.twiza.org\/portail\/articles-des-pros\/","og_locale":"fr_FR","og_type":"article","og_title":"Articles des pros","og_description":"Au sein du r\u00e9seau Twiza, nous avons le plaisir de compter parmi nos membres adh\u00e9rents, des professionnels de la construction de confiance, align\u00e9s avec nos valeurs : la pr\u00e9servation de l&rsquo;environnement et du vivant, le partage des savoirs, la transparence dans la gestion des co\u00fbts, la convivialit\u00e9, l&rsquo;entraide etc. L&rsquo;une [&hellip;]","og_url":"https:\/\/fr.twiza.org\/portail\/articles-des-pros\/","og_site_name":"R\u00e9seau Twiza","article_publisher":"https:\/\/fr-fr.facebook.com\/Twiza.fr\/","article_modified_time":"2024-08-26T11:05:57+00:00","og_image":[{"url":"https:\/\/fr.twiza.org\/portail\/wp-content\/uploads\/2023\/03\/Article-de-pros-Anatomie-architecture-7-carre-900x900px.jpeg","type":"","width":"","height":""}],"twitter_card":"summary_large_image","schema":{"@context":"https:\/\/schema.org","@graph":[{"@type":"WebPage","@id":"https:\/\/fr.twiza.org\/portail\/articles-des-pros\/","url":"https:\/\/fr.twiza.org\/portail\/articles-des-pros\/","name":"Articles des pros","isPartOf":{"@id":"https:\/\/fr.twiza.org\/portail\/#website"},"primaryImageOfPage":{"@id":"https:\/\/fr.twiza.org\/portail\/articles-des-pros\/#primaryimage"},"image":{"@id":"https:\/\/fr.twiza.org\/portail\/articles-des-pros\/#primaryimage"},"thumbnailUrl":"https:\/\/fr.twiza.org\/portail\/wp-content\/uploads\/2023\/03\/Article-de-pros-Anatomie-architecture-7-carre-900x900px.jpeg","datePublished":"2023-10-26T09:55:15+00:00","dateModified":"2024-08-26T11:05:57+00:00","breadcrumb":{"@id":"https:\/\/fr.twiza.org\/portail\/articles-des-pros\/#breadcrumb"},"inLanguage":"fr-FR","potentialAction":[{"@type":"ReadAction","target":["https:\/\/fr.twiza.org\/portail\/articles-des-pros\/"]}]},{"@type":"ImageObject","inLanguage":"fr-FR","@id":"https:\/\/fr.twiza.org\/portail\/articles-des-pros\/#primaryimage","url":"https:\/\/fr.twiza.org\/portail\/wp-content\/uploads\/2023\/03\/Article-de-pros-Anatomie-architecture-7-carre-900x900px.jpeg","contentUrl":"https:\/\/fr.twiza.org\/portail\/wp-content\/uploads\/2023\/03\/Article-de-pros-Anatomie-architecture-7-carre-900x900px.jpeg","width":900,"height":900},{"@type":"BreadcrumbList","@id":"https:\/\/fr.twiza.org\/portail\/articles-des-pros\/#breadcrumb","itemListElement":[{"@type":"ListItem","position":1,"name":"Accueil","item":"https:\/\/fr.twiza.org\/portail\/"},{"@type":"ListItem","position":2,"name":"Articles des pros"}]},{"@type":"WebSite","@id":"https:\/\/fr.twiza.org\/portail\/#website","url":"https:\/\/fr.twiza.org\/portail\/","name":"R\u00e9seau Twiza","description":"Entraide pour un habitat \u00e9cologique, convivial et r\u00e9silient","publisher":{"@id":"https:\/\/fr.twiza.org\/portail\/#organization"},"potentialAction":[{"@type":"SearchAction","target":{"@type":"EntryPoint","urlTemplate":"https:\/\/fr.twiza.org\/portail\/?s={search_term_string}"},"query-input":{"@type":"PropertyValueSpecification","valueRequired":true,"valueName":"search_term_string"}}],"inLanguage":"fr-FR"},{"@type":"Organization","@id":"https:\/\/fr.twiza.org\/portail\/#organization","name":"R\u00e9seau Twiza","url":"https:\/\/fr.twiza.org\/portail\/","logo":{"@type":"ImageObject","inLanguage":"fr-FR","@id":"https:\/\/fr.twiza.org\/portail\/#\/schema\/logo\/image\/","url":"https:\/\/fr.twiza.org\/portail\/wp-content\/uploads\/2021\/05\/cropped-logo-reseau-twiza.jpg","contentUrl":"https:\/\/fr.twiza.org\/portail\/wp-content\/uploads\/2021\/05\/cropped-logo-reseau-twiza.jpg","width":400,"height":102,"caption":"R\u00e9seau Twiza"},"image":{"@id":"https:\/\/fr.twiza.org\/portail\/#\/schema\/logo\/image\/"},"sameAs":["https:\/\/fr-fr.facebook.com\/Twiza.fr\/","https:\/\/www.instagram.com\/twiza_fr\/","https:\/\/www.linkedin.com\/company\/reseautwiza\/"]}]}},"jetpack_sharing_enabled":true,"_links":{"self":[{"href":"https:\/\/fr.twiza.org\/portail\/wp-json\/wp\/v2\/pages\/8187","targetHints":{"allow":["GET"]}}],"collection":[{"href":"https:\/\/fr.twiza.org\/portail\/wp-json\/wp\/v2\/pages"}],"about":[{"href":"https:\/\/fr.twiza.org\/portail\/wp-json\/wp\/v2\/types\/page"}],"author":[{"embeddable":true,"href":"https:\/\/fr.twiza.org\/portail\/wp-json\/wp\/v2\/users\/3"}],"replies":[{"embeddable":true,"href":"https:\/\/fr.twiza.org\/portail\/wp-json\/wp\/v2\/comments?post=8187"}],"version-history":[{"count":16,"href":"https:\/\/fr.twiza.org\/portail\/wp-json\/wp\/v2\/pages\/8187\/revisions"}],"predecessor-version":[{"id":10647,"href":"https:\/\/fr.twiza.org\/portail\/wp-json\/wp\/v2\/pages\/8187\/revisions\/10647"}],"wp:attachment":[{"href":"https:\/\/fr.twiza.org\/portail\/wp-json\/wp\/v2\/media?parent=8187"}],"curies":[{"name":"wp","href":"https:\/\/api.w.org\/{rel}","templated":true}]}}