{"id":8252,"date":"2023-03-20T15:32:10","date_gmt":"2023-03-20T14:32:10","guid":{"rendered":"https:\/\/fr.twiza.org\/portail\/?page_id=8252"},"modified":"2024-08-26T12:38:52","modified_gmt":"2024-08-26T10:38:52","slug":"le-reseau","status":"publish","type":"page","link":"https:\/\/fr.twiza.org\/portail\/le-reseau\/","title":{"rendered":"Le r\u00e9seau Twiza, c&rsquo;est qui et quoi exactement ?"},"content":{"rendered":"\n<p>Le r\u00e9seau Twiza est unique, <strong>peut-\u00eatre que \u00e7a t&rsquo;intrigue<\/strong>. Ou alors avant d&rsquo;y accorder ta confiance tu voudrais en savoir plus et tu as bien raison. Voil\u00e0 de quoi \u00e9tancher ta curiosit\u00e9.<\/p>\n\n\n\n<p>Comme son nom l&rsquo;indique, <strong>Twiza<\/strong> est un <strong>r\u00e9seau<\/strong> !<\/p>\n\n\n\n<p>Sa vocation est donc de <strong>mettre en relation<\/strong> de multiples acteurs (curieux, pros, associations etc..) autour de sujets tels que : la <strong>construction<\/strong>, l&rsquo;<strong>habitat \u00e9cologique<\/strong>, l&rsquo;<strong>auto-construction<\/strong>, l&rsquo;<strong>entraide<\/strong>, les <strong>chantiers participatifs<\/strong>, le <strong>partage des savoirs<\/strong> et bien d&rsquo;autres qui se croisent et s&rsquo;entrecroisent entre eux&#8230;.<\/p>\n\n\n\n<p>Le <strong>r\u00e9seau Twiza<\/strong> rev\u00eat des formes assez diverses en fonction de l&rsquo;angle \u00e0 partir duquel tu l&rsquo;observes. En effet diff\u00e9rent\u00b7e\u00b7s acteurs et actrices s&rsquo;y croisent continuellement, cr\u00e9ant une grande vari\u00e9t\u00e9 de <strong>synergies<\/strong>.<\/p>\n\n\n\n<div class=\"wp-block-cover aligncenter has-medium-font-size\"><span aria-hidden=\"true\" class=\"wp-block-cover__background has-background-dim-20 has-background-dim\"><\/span><img decoding=\"async\" class=\"wp-block-cover__image-background wp-image-8280\" alt=\"\" src=\"https:\/\/fr.twiza.org\/portail\/wp-content\/uploads\/2023\/03\/Qui-sommes-nous-les-membres-actifs-2-800x750px.jpeg\" style=\"object-position:56% 55%\" data-object-fit=\"cover\" data-object-position=\"56% 55%\"\/><div class=\"wp-block-cover__inner-container is-layout-flow wp-block-cover-is-layout-flow\">\n<div style=\"height:200px\" aria-hidden=\"true\" class=\"wp-block-spacer\"><\/div>\n\n\n\n<div class=\"wp-block-buttons has-custom-font-size has-medium-font-size is-content-justification-center is-nowrap is-layout-flex wp-container-core-buttons-is-layout-be386958 wp-block-buttons-is-layout-flex\">\n<div class=\"wp-block-button has-custom-width wp-block-button__width-75 has-custom-font-size is-style-fill has-medium-font-size\"><a class=\"wp-block-button__link has-text-align-center wp-element-button\" href=\"https:\/\/fr.twiza.org\/portail\/qui-sommes-nous\/\">Qui sommes-nous ?<\/a><\/div>\n<\/div>\n<\/div><\/div>\n\n\n\n<div style=\"height:25px\" aria-hidden=\"true\" class=\"wp-block-spacer\"><\/div>\n\n\n\n<div class=\"wp-block-cover has-medium-font-size\"><span aria-hidden=\"true\" class=\"wp-block-cover__background has-background-dim-10 has-background-dim\"><\/span><img fetchpriority=\"high\" decoding=\"async\" width=\"700\" height=\"570\" class=\"wp-block-cover__image-background wp-image-8309\" alt=\"Rencontre organis\u00e9e par le groupe local Twiza d'Alsace en 2021, dans le jardin d'un des membres du groupe\" src=\"https:\/\/fr.twiza.org\/portail\/wp-content\/uploads\/2023\/03\/Le-reseau-les-reseaux-locaux-1-700x570px.jpeg\" style=\"object-position:50% 70%\" data-object-fit=\"cover\" data-object-position=\"50% 70%\" srcset=\"https:\/\/fr.twiza.org\/portail\/wp-content\/uploads\/2023\/03\/Le-reseau-les-reseaux-locaux-1-700x570px.jpeg 700w, https:\/\/fr.twiza.org\/portail\/wp-content\/uploads\/2023\/03\/Le-reseau-les-reseaux-locaux-1-700x570px-600x489.jpeg 600w, https:\/\/fr.twiza.org\/portail\/wp-content\/uploads\/2023\/03\/Le-reseau-les-reseaux-locaux-1-700x570px-300x244.jpeg 300w\" sizes=\"(max-width: 700px) 100vw, 700px\" \/><div class=\"wp-block-cover__inner-container is-layout-flow wp-block-cover-is-layout-flow\">\n<div style=\"height:200px\" aria-hidden=\"true\" class=\"wp-block-spacer\"><\/div>\n\n\n\n<div class=\"wp-block-buttons is-content-justification-center is-nowrap is-layout-flex wp-container-core-buttons-is-layout-be386958 wp-block-buttons-is-layout-flex\">\n<div class=\"wp-block-button has-custom-width wp-block-button__width-75 has-custom-font-size is-style-fill has-medium-font-size\"><a class=\"wp-block-button__link has-text-align-center wp-element-button\" href=\"https:\/\/fr.twiza.org\/portail\/reseaux-locaux-twiza\/\">Les r\u00e9seaux Locaux<\/a><\/div>\n<\/div>\n<\/div><\/div>\n\n\n\n<div style=\"height:25px\" aria-hidden=\"true\" class=\"wp-block-spacer\"><\/div>\n\n\n\n<div class=\"wp-block-cover aligncenter has-medium-font-size\"><span aria-hidden=\"true\" class=\"wp-block-cover__background has-background-dim-20 has-background-dim\"><\/span><img decoding=\"async\" width=\"700\" height=\"570\" class=\"wp-block-cover__image-background wp-image-8321\" alt=\"Des personnes qui fabriquent et bricolent des poutres de bois au sein d'un chantier participatif\" src=\"https:\/\/fr.twiza.org\/portail\/wp-content\/uploads\/2023\/03\/Le-reseau-chantiers-participatifs-700x570px.jpeg\" style=\"object-position:51% 31%\" data-object-fit=\"cover\" data-object-position=\"51% 31%\" srcset=\"https:\/\/fr.twiza.org\/portail\/wp-content\/uploads\/2023\/03\/Le-reseau-chantiers-participatifs-700x570px.jpeg 700w, https:\/\/fr.twiza.org\/portail\/wp-content\/uploads\/2023\/03\/Le-reseau-chantiers-participatifs-700x570px-600x489.jpeg 600w, https:\/\/fr.twiza.org\/portail\/wp-content\/uploads\/2023\/03\/Le-reseau-chantiers-participatifs-700x570px-300x244.jpeg 300w\" sizes=\"(max-width: 700px) 100vw, 700px\" \/><div class=\"wp-block-cover__inner-container is-layout-flow wp-block-cover-is-layout-flow\">\n<div style=\"height:200px\" aria-hidden=\"true\" class=\"wp-block-spacer\"><\/div>\n\n\n\n<div class=\"wp-block-buttons is-content-justification-center is-nowrap is-layout-flex wp-container-core-buttons-is-layout-12a27398 wp-block-buttons-is-layout-flex\">\n<div class=\"wp-block-button has-custom-width wp-block-button__width-75 has-custom-font-size has-medium-font-size\"><a class=\"wp-block-button__link wp-element-button\" href=\"https:\/\/fr.twiza.org\/chantiers-participatifs\/v2\" target=\"_blank\" rel=\"noreferrer noopener\">Chantiers participatifs<\/a><\/div>\n<\/div>\n<\/div><\/div>\n\n\n\n<div style=\"height:25px\" aria-hidden=\"true\" class=\"wp-block-spacer\"><\/div>\n\n\n\n<div class=\"wp-block-cover has-medium-font-size\"><span aria-hidden=\"true\" class=\"wp-block-cover__background has-background-dim-20 has-background-dim\"><\/span><img decoding=\"async\" width=\"700\" height=\"570\" class=\"wp-block-cover__image-background wp-image-8329\" alt=\"Des hommes et femmes venues pr\u00eater main forte pour monter le toit d'une yourte\" src=\"https:\/\/fr.twiza.org\/portail\/wp-content\/uploads\/2023\/03\/Le-reseau-forum-entraide-700x570px.jpeg\" style=\"object-position:58% 23%\" data-object-fit=\"cover\" data-object-position=\"58% 23%\" srcset=\"https:\/\/fr.twiza.org\/portail\/wp-content\/uploads\/2023\/03\/Le-reseau-forum-entraide-700x570px.jpeg 700w, https:\/\/fr.twiza.org\/portail\/wp-content\/uploads\/2023\/03\/Le-reseau-forum-entraide-700x570px-600x489.jpeg 600w, https:\/\/fr.twiza.org\/portail\/wp-content\/uploads\/2023\/03\/Le-reseau-forum-entraide-700x570px-300x244.jpeg 300w\" sizes=\"(max-width: 700px) 100vw, 700px\" \/><div class=\"wp-block-cover__inner-container is-layout-flow wp-block-cover-is-layout-flow\">\n<p><\/p>\n\n\n\n<div style=\"height:200px\" aria-hidden=\"true\" class=\"wp-block-spacer\"><\/div>\n\n\n\n<div class=\"wp-block-buttons has-custom-font-size has-medium-font-size is-content-justification-center is-nowrap is-layout-flex wp-container-core-buttons-is-layout-12a27398 wp-block-buttons-is-layout-flex\">\n<div class=\"wp-block-button has-custom-width wp-block-button__width-75 has-custom-font-size has-medium-font-size\"><a class=\"wp-block-button__link wp-element-button\" href=\"https:\/\/forum.twiza.org\/\" target=\"_blank\" rel=\"noreferrer noopener\">Forum d&rsquo;entraide<\/a><\/div>\n<\/div>\n<\/div><\/div>\n\n\n\n<div style=\"height:25px\" aria-hidden=\"true\" class=\"wp-block-spacer\"><\/div>\n\n\n\n<div class=\"wp-block-cover has-medium-font-size\"><span aria-hidden=\"true\" class=\"wp-block-cover__background has-background-dim-20 has-background-dim\"><\/span><img loading=\"lazy\" decoding=\"async\" width=\"700\" height=\"570\" class=\"wp-block-cover__image-background wp-image-8324\" alt=\"Menuiseries MINCO vendues via le Groupement d'achats Twiza \u00e0 des particuliers, eux-m\u00eames organisateurs de chantiers participatifs Twiza\" src=\"https:\/\/fr.twiza.org\/portail\/wp-content\/uploads\/2023\/03\/Le-reseau-menuiseries-700x570px.jpeg\" style=\"object-position:51% 35%\" data-object-fit=\"cover\" data-object-position=\"51% 35%\" srcset=\"https:\/\/fr.twiza.org\/portail\/wp-content\/uploads\/2023\/03\/Le-reseau-menuiseries-700x570px.jpeg 700w, https:\/\/fr.twiza.org\/portail\/wp-content\/uploads\/2023\/03\/Le-reseau-menuiseries-700x570px-600x489.jpeg 600w, https:\/\/fr.twiza.org\/portail\/wp-content\/uploads\/2023\/03\/Le-reseau-menuiseries-700x570px-300x244.jpeg 300w\" sizes=\"(max-width: 700px) 100vw, 700px\" \/><div class=\"wp-block-cover__inner-container is-layout-flow wp-block-cover-is-layout-flow\">\n<div style=\"height:200px\" aria-hidden=\"true\" class=\"wp-block-spacer\"><\/div>\n\n\n\n<div class=\"wp-block-buttons is-content-justification-center is-nowrap is-layout-flex wp-container-core-buttons-is-layout-12a27398 wp-block-buttons-is-layout-flex\">\n<div class=\"wp-block-button has-custom-width wp-block-button__width-75 has-custom-font-size has-medium-font-size\"><a class=\"wp-block-button__link wp-element-button\" href=\"https:\/\/forum.twiza.org\/t\/menuiseries-fournies-et-posees-en-garantie-decennale\/5978\" target=\"_blank\" rel=\"noreferrer noopener\">Menuiseries<\/a><\/div>\n<\/div>\n<\/div><\/div>\n\n\n\n<div style=\"height:50px\" aria-hidden=\"true\" class=\"wp-block-spacer\"><\/div>\n","protected":false},"excerpt":{"rendered":"<p>Le r\u00e9seau Twiza est unique, peut-\u00eatre que \u00e7a t&rsquo;intrigue. Ou alors avant d&rsquo;y accorder ta confiance tu voudrais en savoir plus et tu as bien raison. Voil\u00e0 de quoi \u00e9tancher ta curiosit\u00e9. Comme son nom l&rsquo;indique, Twiza est un r\u00e9seau ! Sa vocation est donc de mettre en relation de [&hellip;]<\/p>\n","protected":false},"author":3,"featured_media":0,"parent":0,"menu_order":0,"comment_status":"closed","ping_status":"closed","template":"","meta":{"_eb_attr":"","_themeisle_gutenberg_block_has_review":false,"footnotes":""},"class_list":["post-8252","page","type-page","status-publish","hentry"],"yoast_head":"<!-- This site is optimized with the Yoast SEO Premium plugin v27.2 (Yoast SEO v27.4) - https:\/\/yoast.com\/product\/yoast-seo-premium-wordpress\/ -->\n<title>Le r\u00e9seau Twiza, c&#039;est qui et quoi exactement ?<\/title>\n<meta name=\"robots\" content=\"index, follow, max-snippet:-1, max-image-preview:large, max-video-preview:-1\" \/>\n<link rel=\"canonical\" href=\"https:\/\/fr.twiza.org\/portail\/le-reseau\/\" \/>\n<meta property=\"og:locale\" content=\"fr_FR\" \/>\n<meta property=\"og:type\" content=\"article\" \/>\n<meta property=\"og:title\" content=\"Le r\u00e9seau Twiza, c&#039;est qui et quoi exactement ?\" \/>\n<meta property=\"og:description\" content=\"Le r\u00e9seau Twiza est unique, peut-\u00eatre que \u00e7a t&rsquo;intrigue. Ou alors avant d&rsquo;y accorder ta confiance tu voudrais en savoir plus et tu as bien raison. Voil\u00e0 de quoi \u00e9tancher ta curiosit\u00e9. Comme son nom l&rsquo;indique, Twiza est un r\u00e9seau ! Sa vocation est donc de mettre en relation de [&hellip;]\" \/>\n<meta property=\"og:url\" content=\"https:\/\/fr.twiza.org\/portail\/le-reseau\/\" \/>\n<meta property=\"og:site_name\" content=\"R\u00e9seau Twiza\" \/>\n<meta property=\"article:publisher\" content=\"https:\/\/fr-fr.facebook.com\/Twiza.fr\/\" \/>\n<meta property=\"article:modified_time\" content=\"2024-08-26T10:38:52+00:00\" \/>\n<meta property=\"og:image\" content=\"https:\/\/fr.twiza.org\/portail\/wp-content\/uploads\/2023\/03\/Qui-sommes-nous-les-membres-actifs-2-800x750px.jpeg\" \/>\n<meta name=\"twitter:card\" content=\"summary_large_image\" \/>\n<script type=\"application\/ld+json\" class=\"yoast-schema-graph\">{\"@context\":\"https:\\\/\\\/schema.org\",\"@graph\":[{\"@type\":\"WebPage\",\"@id\":\"https:\\\/\\\/fr.twiza.org\\\/portail\\\/le-reseau\\\/\",\"url\":\"https:\\\/\\\/fr.twiza.org\\\/portail\\\/le-reseau\\\/\",\"name\":\"Le r\u00e9seau Twiza, c'est qui et quoi exactement ?\",\"isPartOf\":{\"@id\":\"https:\\\/\\\/fr.twiza.org\\\/portail\\\/#website\"},\"primaryImageOfPage\":{\"@id\":\"https:\\\/\\\/fr.twiza.org\\\/portail\\\/le-reseau\\\/#primaryimage\"},\"image\":{\"@id\":\"https:\\\/\\\/fr.twiza.org\\\/portail\\\/le-reseau\\\/#primaryimage\"},\"thumbnailUrl\":\"https:\\\/\\\/fr.twiza.org\\\/portail\\\/wp-content\\\/uploads\\\/2023\\\/03\\\/Qui-sommes-nous-les-membres-actifs-2-800x750px.jpeg\",\"datePublished\":\"2023-03-20T14:32:10+00:00\",\"dateModified\":\"2024-08-26T10:38:52+00:00\",\"breadcrumb\":{\"@id\":\"https:\\\/\\\/fr.twiza.org\\\/portail\\\/le-reseau\\\/#breadcrumb\"},\"inLanguage\":\"fr-FR\",\"potentialAction\":[{\"@type\":\"ReadAction\",\"target\":[\"https:\\\/\\\/fr.twiza.org\\\/portail\\\/le-reseau\\\/\"]}]},{\"@type\":\"ImageObject\",\"inLanguage\":\"fr-FR\",\"@id\":\"https:\\\/\\\/fr.twiza.org\\\/portail\\\/le-reseau\\\/#primaryimage\",\"url\":\"https:\\\/\\\/fr.twiza.org\\\/portail\\\/wp-content\\\/uploads\\\/2023\\\/03\\\/Qui-sommes-nous-les-membres-actifs-2-800x750px-e1696862654500.jpeg\",\"contentUrl\":\"https:\\\/\\\/fr.twiza.org\\\/portail\\\/wp-content\\\/uploads\\\/2023\\\/03\\\/Qui-sommes-nous-les-membres-actifs-2-800x750px-e1696862654500.jpeg\",\"width\":800,\"height\":445},{\"@type\":\"BreadcrumbList\",\"@id\":\"https:\\\/\\\/fr.twiza.org\\\/portail\\\/le-reseau\\\/#breadcrumb\",\"itemListElement\":[{\"@type\":\"ListItem\",\"position\":1,\"name\":\"Accueil\",\"item\":\"https:\\\/\\\/fr.twiza.org\\\/portail\\\/\"},{\"@type\":\"ListItem\",\"position\":2,\"name\":\"Le r\u00e9seau Twiza, c&#8217;est qui et quoi exactement ?\"}]},{\"@type\":\"WebSite\",\"@id\":\"https:\\\/\\\/fr.twiza.org\\\/portail\\\/#website\",\"url\":\"https:\\\/\\\/fr.twiza.org\\\/portail\\\/\",\"name\":\"R\u00e9seau Twiza\",\"description\":\"Entraide pour un habitat \u00e9cologique, convivial et r\u00e9silient\",\"publisher\":{\"@id\":\"https:\\\/\\\/fr.twiza.org\\\/portail\\\/#organization\"},\"potentialAction\":[{\"@type\":\"SearchAction\",\"target\":{\"@type\":\"EntryPoint\",\"urlTemplate\":\"https:\\\/\\\/fr.twiza.org\\\/portail\\\/?s={search_term_string}\"},\"query-input\":{\"@type\":\"PropertyValueSpecification\",\"valueRequired\":true,\"valueName\":\"search_term_string\"}}],\"inLanguage\":\"fr-FR\"},{\"@type\":\"Organization\",\"@id\":\"https:\\\/\\\/fr.twiza.org\\\/portail\\\/#organization\",\"name\":\"R\u00e9seau Twiza\",\"url\":\"https:\\\/\\\/fr.twiza.org\\\/portail\\\/\",\"logo\":{\"@type\":\"ImageObject\",\"inLanguage\":\"fr-FR\",\"@id\":\"https:\\\/\\\/fr.twiza.org\\\/portail\\\/#\\\/schema\\\/logo\\\/image\\\/\",\"url\":\"https:\\\/\\\/fr.twiza.org\\\/portail\\\/wp-content\\\/uploads\\\/2021\\\/05\\\/cropped-logo-reseau-twiza.jpg\",\"contentUrl\":\"https:\\\/\\\/fr.twiza.org\\\/portail\\\/wp-content\\\/uploads\\\/2021\\\/05\\\/cropped-logo-reseau-twiza.jpg\",\"width\":400,\"height\":102,\"caption\":\"R\u00e9seau Twiza\"},\"image\":{\"@id\":\"https:\\\/\\\/fr.twiza.org\\\/portail\\\/#\\\/schema\\\/logo\\\/image\\\/\"},\"sameAs\":[\"https:\\\/\\\/fr-fr.facebook.com\\\/Twiza.fr\\\/\",\"https:\\\/\\\/www.instagram.com\\\/twiza_fr\\\/\",\"https:\\\/\\\/www.linkedin.com\\\/company\\\/reseautwiza\\\/\"]}]}<\/script>\n<!-- \/ Yoast SEO Premium plugin. -->","yoast_head_json":{"title":"Le r\u00e9seau Twiza, c'est qui et quoi exactement ?","robots":{"index":"index","follow":"follow","max-snippet":"max-snippet:-1","max-image-preview":"max-image-preview:large","max-video-preview":"max-video-preview:-1"},"canonical":"https:\/\/fr.twiza.org\/portail\/le-reseau\/","og_locale":"fr_FR","og_type":"article","og_title":"Le r\u00e9seau Twiza, c'est qui et quoi exactement ?","og_description":"Le r\u00e9seau Twiza est unique, peut-\u00eatre que \u00e7a t&rsquo;intrigue. Ou alors avant d&rsquo;y accorder ta confiance tu voudrais en savoir plus et tu as bien raison. Voil\u00e0 de quoi \u00e9tancher ta curiosit\u00e9. Comme son nom l&rsquo;indique, Twiza est un r\u00e9seau ! Sa vocation est donc de mettre en relation de [&hellip;]","og_url":"https:\/\/fr.twiza.org\/portail\/le-reseau\/","og_site_name":"R\u00e9seau Twiza","article_publisher":"https:\/\/fr-fr.facebook.com\/Twiza.fr\/","article_modified_time":"2024-08-26T10:38:52+00:00","og_image":[{"url":"https:\/\/fr.twiza.org\/portail\/wp-content\/uploads\/2023\/03\/Qui-sommes-nous-les-membres-actifs-2-800x750px.jpeg","type":"","width":"","height":""}],"twitter_card":"summary_large_image","schema":{"@context":"https:\/\/schema.org","@graph":[{"@type":"WebPage","@id":"https:\/\/fr.twiza.org\/portail\/le-reseau\/","url":"https:\/\/fr.twiza.org\/portail\/le-reseau\/","name":"Le r\u00e9seau Twiza, c'est qui et quoi exactement ?","isPartOf":{"@id":"https:\/\/fr.twiza.org\/portail\/#website"},"primaryImageOfPage":{"@id":"https:\/\/fr.twiza.org\/portail\/le-reseau\/#primaryimage"},"image":{"@id":"https:\/\/fr.twiza.org\/portail\/le-reseau\/#primaryimage"},"thumbnailUrl":"https:\/\/fr.twiza.org\/portail\/wp-content\/uploads\/2023\/03\/Qui-sommes-nous-les-membres-actifs-2-800x750px.jpeg","datePublished":"2023-03-20T14:32:10+00:00","dateModified":"2024-08-26T10:38:52+00:00","breadcrumb":{"@id":"https:\/\/fr.twiza.org\/portail\/le-reseau\/#breadcrumb"},"inLanguage":"fr-FR","potentialAction":[{"@type":"ReadAction","target":["https:\/\/fr.twiza.org\/portail\/le-reseau\/"]}]},{"@type":"ImageObject","inLanguage":"fr-FR","@id":"https:\/\/fr.twiza.org\/portail\/le-reseau\/#primaryimage","url":"https:\/\/fr.twiza.org\/portail\/wp-content\/uploads\/2023\/03\/Qui-sommes-nous-les-membres-actifs-2-800x750px-e1696862654500.jpeg","contentUrl":"https:\/\/fr.twiza.org\/portail\/wp-content\/uploads\/2023\/03\/Qui-sommes-nous-les-membres-actifs-2-800x750px-e1696862654500.jpeg","width":800,"height":445},{"@type":"BreadcrumbList","@id":"https:\/\/fr.twiza.org\/portail\/le-reseau\/#breadcrumb","itemListElement":[{"@type":"ListItem","position":1,"name":"Accueil","item":"https:\/\/fr.twiza.org\/portail\/"},{"@type":"ListItem","position":2,"name":"Le r\u00e9seau Twiza, c&#8217;est qui et quoi exactement ?"}]},{"@type":"WebSite","@id":"https:\/\/fr.twiza.org\/portail\/#website","url":"https:\/\/fr.twiza.org\/portail\/","name":"R\u00e9seau Twiza","description":"Entraide pour un habitat \u00e9cologique, convivial et r\u00e9silient","publisher":{"@id":"https:\/\/fr.twiza.org\/portail\/#organization"},"potentialAction":[{"@type":"SearchAction","target":{"@type":"EntryPoint","urlTemplate":"https:\/\/fr.twiza.org\/portail\/?s={search_term_string}"},"query-input":{"@type":"PropertyValueSpecification","valueRequired":true,"valueName":"search_term_string"}}],"inLanguage":"fr-FR"},{"@type":"Organization","@id":"https:\/\/fr.twiza.org\/portail\/#organization","name":"R\u00e9seau Twiza","url":"https:\/\/fr.twiza.org\/portail\/","logo":{"@type":"ImageObject","inLanguage":"fr-FR","@id":"https:\/\/fr.twiza.org\/portail\/#\/schema\/logo\/image\/","url":"https:\/\/fr.twiza.org\/portail\/wp-content\/uploads\/2021\/05\/cropped-logo-reseau-twiza.jpg","contentUrl":"https:\/\/fr.twiza.org\/portail\/wp-content\/uploads\/2021\/05\/cropped-logo-reseau-twiza.jpg","width":400,"height":102,"caption":"R\u00e9seau Twiza"},"image":{"@id":"https:\/\/fr.twiza.org\/portail\/#\/schema\/logo\/image\/"},"sameAs":["https:\/\/fr-fr.facebook.com\/Twiza.fr\/","https:\/\/www.instagram.com\/twiza_fr\/","https:\/\/www.linkedin.com\/company\/reseautwiza\/"]}]}},"jetpack_sharing_enabled":true,"_links":{"self":[{"href":"https:\/\/fr.twiza.org\/portail\/wp-json\/wp\/v2\/pages\/8252","targetHints":{"allow":["GET"]}}],"collection":[{"href":"https:\/\/fr.twiza.org\/portail\/wp-json\/wp\/v2\/pages"}],"about":[{"href":"https:\/\/fr.twiza.org\/portail\/wp-json\/wp\/v2\/types\/page"}],"author":[{"embeddable":true,"href":"https:\/\/fr.twiza.org\/portail\/wp-json\/wp\/v2\/users\/3"}],"replies":[{"embeddable":true,"href":"https:\/\/fr.twiza.org\/portail\/wp-json\/wp\/v2\/comments?post=8252"}],"version-history":[{"count":40,"href":"https:\/\/fr.twiza.org\/portail\/wp-json\/wp\/v2\/pages\/8252\/revisions"}],"predecessor-version":[{"id":10313,"href":"https:\/\/fr.twiza.org\/portail\/wp-json\/wp\/v2\/pages\/8252\/revisions\/10313"}],"wp:attachment":[{"href":"https:\/\/fr.twiza.org\/portail\/wp-json\/wp\/v2\/media?parent=8252"}],"curies":[{"name":"wp","href":"https:\/\/api.w.org\/{rel}","templated":true}]}}