{"id":12913,"date":"2025-06-27T12:21:46","date_gmt":"2025-06-27T10:21:46","guid":{"rendered":"https:\/\/fr.twiza.org\/portail\/?post_type=product&#038;p=12913"},"modified":"2026-04-10T11:44:47","modified_gmt":"2026-04-10T09:44:47","slug":"femme-batisseuse","status":"publish","type":"product","link":"https:\/\/fr.twiza.org\/portail\/produit\/femme-batisseuse\/","title":{"rendered":"Femme B\u00e2tisseuse : Construire ou R\u00e9nover Autonome et Confiante"},"content":{"rendered":"<h2 class=\"text-xl font-bold text-text-100 mt-1 -mb-0.5\" level=\"2\"><strong>Femme B\u00e2tisseuse : Construire ou R\u00e9nover Autonome et Confiante<\/strong><\/h2>\n<p class=\"whitespace-normal break-words\">Tu en as marre d&rsquo;attendre qu&rsquo;un homme s&rsquo;occupe de tes projets ? Cette formation r\u00e9v\u00e8le la b\u00e2tisseuse puissante qui sommeille en toi.<\/p>\n<p class=\"whitespace-normal break-words\"><strong>Ce que tu vas faire :<\/strong> Identifier tes ressources cach\u00e9es, clarifier ton projet, transformer tes croyances limitantes et cr\u00e9er ta feuille de route personnalis\u00e9e.<\/p>\n<p class=\"whitespace-normal break-words\"><strong>Ce que tu vas gagner :<\/strong> Tu ne d\u00e9pendras plus de personne pour faire avancer ton projet. Tu oseras prendre des d\u00e9cisions, te sentiras l\u00e9gitime face aux professionnels et assumeras enfin ton statut de femme b\u00e2tisseuse autonome.<\/p>\n<p class=\"whitespace-normal break-words\"><em>En visioconf\u00e9rence \u2022 8 participantes max<\/em><\/p>\n","protected":false},"excerpt":{"rendered":"<p style=\"text-align: center;\">Arr\u00eate d\u2019attendre la permission et prends enfin les commandes de ton projet de construction\u2026 Sublime ta force et ta l\u00e9gitimit\u00e9 !<\/p>\n<p style=\"text-align: center;\"><strong>\ud83d\udcc5 Du 02 au 30 juin 2026 <\/strong>(ou du 04 aout au 01 septembre 2026)<br \/>\nde 20h00 \u00e0 22h30, en distanciel<\/p>\n","protected":false},"featured_media":12883,"template":"","meta":{"_eb_attr":"","_themeisle_gutenberg_block_has_review":false},"product_brand":[],"product_cat":[68],"product_tag":[],"class_list":{"0":"post-12913","1":"product","2":"type-product","3":"status-publish","4":"has-post-thumbnail","6":"product_cat-formation","8":"first","9":"instock","10":"virtual","11":"taxable","12":"purchasable","13":"product-type-simple"},"yoast_head":"<!-- This site is optimized with the Yoast SEO Premium plugin v27.2 (Yoast SEO v27.4) - https:\/\/yoast.com\/product\/yoast-seo-premium-wordpress\/ -->\n<title>Femme B\u00e2tisseuse : Construire ou R\u00e9nover Autonome et Confiante | R\u00e9seau Twiza<\/title>\n<meta name=\"robots\" content=\"index, follow, max-snippet:-1, max-image-preview:large, max-video-preview:-1\" \/>\n<link rel=\"canonical\" href=\"https:\/\/fr.twiza.org\/portail\/produit\/femme-batisseuse\/\" \/>\n<meta property=\"og:locale\" content=\"fr_FR\" \/>\n<meta property=\"og:type\" content=\"article\" \/>\n<meta property=\"og:title\" content=\"Femme B\u00e2tisseuse : Construire ou R\u00e9nover Autonome et Confiante\" \/>\n<meta property=\"og:description\" content=\"Arr\u00eate d\u2019attendre la permission et prends enfin les commandes de ton projet de construction\u2026 Sublime ta force et ta l\u00e9gitimit\u00e9 ! \ud83d\udcc5 Du 02 au 30 juin 2026 (ou du 04 aout au 01 septembre 2026) de 20h00 \u00e0 22h30, en distanciel\" \/>\n<meta property=\"og:url\" content=\"https:\/\/fr.twiza.org\/portail\/produit\/femme-batisseuse\/\" \/>\n<meta property=\"og:site_name\" content=\"R\u00e9seau Twiza\" \/>\n<meta property=\"article:publisher\" content=\"https:\/\/fr-fr.facebook.com\/Twiza.fr\/\" \/>\n<meta property=\"article:modified_time\" content=\"2026-04-10T09:44:47+00:00\" \/>\n<meta property=\"og:image\" content=\"https:\/\/fr.twiza.org\/portail\/wp-content\/uploads\/2025\/06\/Formation-Femme-batisseuses-Carole-LP-2small.png\" \/>\n\t<meta property=\"og:image:width\" content=\"400\" \/>\n\t<meta property=\"og:image:height\" content=\"300\" \/>\n\t<meta property=\"og:image:type\" content=\"image\/png\" \/>\n<meta name=\"twitter:card\" content=\"summary_large_image\" \/>\n<script type=\"application\/ld+json\" class=\"yoast-schema-graph\">{\"@context\":\"https:\\\/\\\/schema.org\",\"@graph\":[{\"@type\":\"WebPage\",\"@id\":\"https:\\\/\\\/fr.twiza.org\\\/portail\\\/produit\\\/femme-batisseuse\\\/\",\"url\":\"https:\\\/\\\/fr.twiza.org\\\/portail\\\/produit\\\/femme-batisseuse\\\/\",\"name\":\"Femme B\u00e2tisseuse : Construire ou R\u00e9nover Autonome et Confiante | R\u00e9seau Twiza\",\"isPartOf\":{\"@id\":\"https:\\\/\\\/fr.twiza.org\\\/portail\\\/#website\"},\"primaryImageOfPage\":{\"@id\":\"https:\\\/\\\/fr.twiza.org\\\/portail\\\/produit\\\/femme-batisseuse\\\/#primaryimage\"},\"image\":{\"@id\":\"https:\\\/\\\/fr.twiza.org\\\/portail\\\/produit\\\/femme-batisseuse\\\/#primaryimage\"},\"thumbnailUrl\":\"https:\\\/\\\/fr.twiza.org\\\/portail\\\/wp-content\\\/uploads\\\/2025\\\/06\\\/Formation-Femme-batisseuses-Carole-LP-2small.png\",\"datePublished\":\"2025-06-27T10:21:46+00:00\",\"dateModified\":\"2026-04-10T09:44:47+00:00\",\"breadcrumb\":{\"@id\":\"https:\\\/\\\/fr.twiza.org\\\/portail\\\/produit\\\/femme-batisseuse\\\/#breadcrumb\"},\"inLanguage\":\"fr-FR\",\"potentialAction\":[{\"@type\":\"ReadAction\",\"target\":[\"https:\\\/\\\/fr.twiza.org\\\/portail\\\/produit\\\/femme-batisseuse\\\/\"]}]},{\"@type\":\"ImageObject\",\"inLanguage\":\"fr-FR\",\"@id\":\"https:\\\/\\\/fr.twiza.org\\\/portail\\\/produit\\\/femme-batisseuse\\\/#primaryimage\",\"url\":\"https:\\\/\\\/fr.twiza.org\\\/portail\\\/wp-content\\\/uploads\\\/2025\\\/06\\\/Formation-Femme-batisseuses-Carole-LP-2small.png\",\"contentUrl\":\"https:\\\/\\\/fr.twiza.org\\\/portail\\\/wp-content\\\/uploads\\\/2025\\\/06\\\/Formation-Femme-batisseuses-Carole-LP-2small.png\",\"width\":400,\"height\":300,\"caption\":\"Formation Femme batisseuses - Carole LP (2)small\"},{\"@type\":\"BreadcrumbList\",\"@id\":\"https:\\\/\\\/fr.twiza.org\\\/portail\\\/produit\\\/femme-batisseuse\\\/#breadcrumb\",\"itemListElement\":[{\"@type\":\"ListItem\",\"position\":1,\"name\":\"Accueil\",\"item\":\"https:\\\/\\\/fr.twiza.org\\\/portail\\\/\"},{\"@type\":\"ListItem\",\"position\":2,\"name\":\"Boutique\",\"item\":\"https:\\\/\\\/fr.twiza.org\\\/portail\\\/boutique\\\/\"},{\"@type\":\"ListItem\",\"position\":3,\"name\":\"Femme B\u00e2tisseuse : Construire ou R\u00e9nover Autonome et Confiante\"}]},{\"@type\":\"WebSite\",\"@id\":\"https:\\\/\\\/fr.twiza.org\\\/portail\\\/#website\",\"url\":\"https:\\\/\\\/fr.twiza.org\\\/portail\\\/\",\"name\":\"R\u00e9seau Twiza\",\"description\":\"Entraide pour un habitat \u00e9cologique, convivial et r\u00e9silient\",\"publisher\":{\"@id\":\"https:\\\/\\\/fr.twiza.org\\\/portail\\\/#organization\"},\"potentialAction\":[{\"@type\":\"SearchAction\",\"target\":{\"@type\":\"EntryPoint\",\"urlTemplate\":\"https:\\\/\\\/fr.twiza.org\\\/portail\\\/?s={search_term_string}\"},\"query-input\":{\"@type\":\"PropertyValueSpecification\",\"valueRequired\":true,\"valueName\":\"search_term_string\"}}],\"inLanguage\":\"fr-FR\"},{\"@type\":\"Organization\",\"@id\":\"https:\\\/\\\/fr.twiza.org\\\/portail\\\/#organization\",\"name\":\"R\u00e9seau Twiza\",\"url\":\"https:\\\/\\\/fr.twiza.org\\\/portail\\\/\",\"logo\":{\"@type\":\"ImageObject\",\"inLanguage\":\"fr-FR\",\"@id\":\"https:\\\/\\\/fr.twiza.org\\\/portail\\\/#\\\/schema\\\/logo\\\/image\\\/\",\"url\":\"https:\\\/\\\/fr.twiza.org\\\/portail\\\/wp-content\\\/uploads\\\/2021\\\/05\\\/cropped-logo-reseau-twiza.jpg\",\"contentUrl\":\"https:\\\/\\\/fr.twiza.org\\\/portail\\\/wp-content\\\/uploads\\\/2021\\\/05\\\/cropped-logo-reseau-twiza.jpg\",\"width\":400,\"height\":102,\"caption\":\"R\u00e9seau Twiza\"},\"image\":{\"@id\":\"https:\\\/\\\/fr.twiza.org\\\/portail\\\/#\\\/schema\\\/logo\\\/image\\\/\"},\"sameAs\":[\"https:\\\/\\\/fr-fr.facebook.com\\\/Twiza.fr\\\/\",\"https:\\\/\\\/www.instagram.com\\\/twiza_fr\\\/\",\"https:\\\/\\\/www.linkedin.com\\\/company\\\/reseautwiza\\\/\"]}]}<\/script>\n<!-- \/ Yoast SEO Premium plugin. -->","yoast_head_json":{"title":"Femme B\u00e2tisseuse : Construire ou R\u00e9nover Autonome et Confiante | R\u00e9seau Twiza","robots":{"index":"index","follow":"follow","max-snippet":"max-snippet:-1","max-image-preview":"max-image-preview:large","max-video-preview":"max-video-preview:-1"},"canonical":"https:\/\/fr.twiza.org\/portail\/produit\/femme-batisseuse\/","og_locale":"fr_FR","og_type":"article","og_title":"Femme B\u00e2tisseuse : Construire ou R\u00e9nover Autonome et Confiante","og_description":"Arr\u00eate d\u2019attendre la permission et prends enfin les commandes de ton projet de construction\u2026 Sublime ta force et ta l\u00e9gitimit\u00e9 ! \ud83d\udcc5 Du 02 au 30 juin 2026 (ou du 04 aout au 01 septembre 2026) de 20h00 \u00e0 22h30, en distanciel","og_url":"https:\/\/fr.twiza.org\/portail\/produit\/femme-batisseuse\/","og_site_name":"R\u00e9seau Twiza","article_publisher":"https:\/\/fr-fr.facebook.com\/Twiza.fr\/","article_modified_time":"2026-04-10T09:44:47+00:00","og_image":[{"width":400,"height":300,"url":"https:\/\/fr.twiza.org\/portail\/wp-content\/uploads\/2025\/06\/Formation-Femme-batisseuses-Carole-LP-2small.png","type":"image\/png"}],"twitter_card":"summary_large_image","schema":{"@context":"https:\/\/schema.org","@graph":[{"@type":"WebPage","@id":"https:\/\/fr.twiza.org\/portail\/produit\/femme-batisseuse\/","url":"https:\/\/fr.twiza.org\/portail\/produit\/femme-batisseuse\/","name":"Femme B\u00e2tisseuse : Construire ou R\u00e9nover Autonome et Confiante | R\u00e9seau Twiza","isPartOf":{"@id":"https:\/\/fr.twiza.org\/portail\/#website"},"primaryImageOfPage":{"@id":"https:\/\/fr.twiza.org\/portail\/produit\/femme-batisseuse\/#primaryimage"},"image":{"@id":"https:\/\/fr.twiza.org\/portail\/produit\/femme-batisseuse\/#primaryimage"},"thumbnailUrl":"https:\/\/fr.twiza.org\/portail\/wp-content\/uploads\/2025\/06\/Formation-Femme-batisseuses-Carole-LP-2small.png","datePublished":"2025-06-27T10:21:46+00:00","dateModified":"2026-04-10T09:44:47+00:00","breadcrumb":{"@id":"https:\/\/fr.twiza.org\/portail\/produit\/femme-batisseuse\/#breadcrumb"},"inLanguage":"fr-FR","potentialAction":[{"@type":"ReadAction","target":["https:\/\/fr.twiza.org\/portail\/produit\/femme-batisseuse\/"]}]},{"@type":"ImageObject","inLanguage":"fr-FR","@id":"https:\/\/fr.twiza.org\/portail\/produit\/femme-batisseuse\/#primaryimage","url":"https:\/\/fr.twiza.org\/portail\/wp-content\/uploads\/2025\/06\/Formation-Femme-batisseuses-Carole-LP-2small.png","contentUrl":"https:\/\/fr.twiza.org\/portail\/wp-content\/uploads\/2025\/06\/Formation-Femme-batisseuses-Carole-LP-2small.png","width":400,"height":300,"caption":"Formation Femme batisseuses - Carole LP (2)small"},{"@type":"BreadcrumbList","@id":"https:\/\/fr.twiza.org\/portail\/produit\/femme-batisseuse\/#breadcrumb","itemListElement":[{"@type":"ListItem","position":1,"name":"Accueil","item":"https:\/\/fr.twiza.org\/portail\/"},{"@type":"ListItem","position":2,"name":"Boutique","item":"https:\/\/fr.twiza.org\/portail\/boutique\/"},{"@type":"ListItem","position":3,"name":"Femme B\u00e2tisseuse : Construire ou R\u00e9nover Autonome et Confiante"}]},{"@type":"WebSite","@id":"https:\/\/fr.twiza.org\/portail\/#website","url":"https:\/\/fr.twiza.org\/portail\/","name":"R\u00e9seau Twiza","description":"Entraide pour un habitat \u00e9cologique, convivial et r\u00e9silient","publisher":{"@id":"https:\/\/fr.twiza.org\/portail\/#organization"},"potentialAction":[{"@type":"SearchAction","target":{"@type":"EntryPoint","urlTemplate":"https:\/\/fr.twiza.org\/portail\/?s={search_term_string}"},"query-input":{"@type":"PropertyValueSpecification","valueRequired":true,"valueName":"search_term_string"}}],"inLanguage":"fr-FR"},{"@type":"Organization","@id":"https:\/\/fr.twiza.org\/portail\/#organization","name":"R\u00e9seau Twiza","url":"https:\/\/fr.twiza.org\/portail\/","logo":{"@type":"ImageObject","inLanguage":"fr-FR","@id":"https:\/\/fr.twiza.org\/portail\/#\/schema\/logo\/image\/","url":"https:\/\/fr.twiza.org\/portail\/wp-content\/uploads\/2021\/05\/cropped-logo-reseau-twiza.jpg","contentUrl":"https:\/\/fr.twiza.org\/portail\/wp-content\/uploads\/2021\/05\/cropped-logo-reseau-twiza.jpg","width":400,"height":102,"caption":"R\u00e9seau Twiza"},"image":{"@id":"https:\/\/fr.twiza.org\/portail\/#\/schema\/logo\/image\/"},"sameAs":["https:\/\/fr-fr.facebook.com\/Twiza.fr\/","https:\/\/www.instagram.com\/twiza_fr\/","https:\/\/www.linkedin.com\/company\/reseautwiza\/"]}]}},"jetpack_sharing_enabled":true,"_links":{"self":[{"href":"https:\/\/fr.twiza.org\/portail\/wp-json\/wp\/v2\/product\/12913","targetHints":{"allow":["GET"]}}],"collection":[{"href":"https:\/\/fr.twiza.org\/portail\/wp-json\/wp\/v2\/product"}],"about":[{"href":"https:\/\/fr.twiza.org\/portail\/wp-json\/wp\/v2\/types\/product"}],"wp:featuredmedia":[{"embeddable":true,"href":"https:\/\/fr.twiza.org\/portail\/wp-json\/wp\/v2\/media\/12883"}],"wp:attachment":[{"href":"https:\/\/fr.twiza.org\/portail\/wp-json\/wp\/v2\/media?parent=12913"}],"wp:term":[{"taxonomy":"product_brand","embeddable":true,"href":"https:\/\/fr.twiza.org\/portail\/wp-json\/wp\/v2\/product_brand?post=12913"},{"taxonomy":"product_cat","embeddable":true,"href":"https:\/\/fr.twiza.org\/portail\/wp-json\/wp\/v2\/product_cat?post=12913"},{"taxonomy":"product_tag","embeddable":true,"href":"https:\/\/fr.twiza.org\/portail\/wp-json\/wp\/v2\/product_tag?post=12913"}],"curies":[{"name":"wp","href":"https:\/\/api.w.org\/{rel}","templated":true}]}}