{"id":14253,"date":"2026-03-26T17:17:49","date_gmt":"2026-03-26T16:17:49","guid":{"rendered":"https:\/\/fr.twiza.org\/portail\/?post_type=product&#038;p=14253"},"modified":"2026-03-26T17:36:20","modified_gmt":"2026-03-26T16:36:20","slug":"logiciel-phpp","status":"publish","type":"product","link":"https:\/\/fr.twiza.org\/portail\/produit\/logiciel-phpp\/","title":{"rendered":"Logiciel PHPP : aide \u00e0 la conception \u00e9nerg\u00e9tique d&rsquo;un b\u00e2timent"},"content":{"rendered":"","protected":false},"excerpt":{"rendered":"<p class=\"ai-optimize-32\" style=\"text-align: center;\">Et si tu arr\u00eatais de concevoir \u00e0 l&rsquo;aveugle ?<\/p>\n<p style=\"text-align: center;\"><span><strong>\ud83d\udcc5 Les 2 et 3 mai 2026, <\/strong>\u00e0 Va\u00efssac (82)<\/span><\/p>\n<p style=\"text-align: center;\"><span><!-- \/wp:list --><\/span><\/p>\n","protected":false},"featured_media":14239,"template":"","meta":{"_eb_attr":"","_themeisle_gutenberg_block_has_review":false},"product_brand":[],"product_cat":[68],"product_tag":[],"class_list":{"0":"post-14253","1":"product","2":"type-product","3":"status-publish","4":"has-post-thumbnail","6":"product_cat-formation","8":"first","9":"instock","10":"virtual","11":"taxable","12":"purchasable","13":"product-type-simple"},"yoast_head":"<!-- This site is optimized with the Yoast SEO Premium plugin v27.2 (Yoast SEO v27.4) - https:\/\/yoast.com\/product\/yoast-seo-premium-wordpress\/ -->\n<title>Logiciel PHPP : aide \u00e0 la conception \u00e9nerg\u00e9tique d&#039;un b\u00e2timent | R\u00e9seau Twiza<\/title>\n<meta name=\"description\" content=\"Formation PHPP : ma\u00eetrisez l&#039;outil de r\u00e9f\u00e9rence mondiale pour concevoir des b\u00e2timents performants. 2 jours pour apprendre \u00e0 dimensionner, optimiser et chiffrer vos choix \u00e9nerg\u00e9tiques.\" \/>\n<meta name=\"robots\" content=\"index, follow, max-snippet:-1, max-image-preview:large, max-video-preview:-1\" \/>\n<link rel=\"canonical\" href=\"https:\/\/fr.twiza.org\/portail\/produit\/logiciel-phpp\/\" \/>\n<meta property=\"og:locale\" content=\"fr_FR\" \/>\n<meta property=\"og:type\" content=\"article\" \/>\n<meta property=\"og:title\" content=\"Logiciel PHPP : aide \u00e0 la conception \u00e9nerg\u00e9tique d&#039;un b\u00e2timent\" \/>\n<meta property=\"og:description\" content=\"Formation PHPP : ma\u00eetrisez l&#039;outil de r\u00e9f\u00e9rence mondiale pour concevoir des b\u00e2timents performants. 2 jours pour apprendre \u00e0 dimensionner, optimiser et chiffrer vos choix \u00e9nerg\u00e9tiques.\" \/>\n<meta property=\"og:url\" content=\"https:\/\/fr.twiza.org\/portail\/produit\/logiciel-phpp\/\" \/>\n<meta property=\"og:site_name\" content=\"R\u00e9seau Twiza\" \/>\n<meta property=\"article:publisher\" content=\"https:\/\/fr-fr.facebook.com\/Twiza.fr\/\" \/>\n<meta property=\"article:modified_time\" content=\"2026-03-26T16:36:20+00:00\" \/>\n<meta property=\"og:image\" content=\"https:\/\/fr.twiza.org\/portail\/wp-content\/uploads\/2026\/03\/Formation-PHPP-Bernard-Crozel-1.png\" \/>\n\t<meta property=\"og:image:width\" content=\"960\" \/>\n\t<meta property=\"og:image:height\" content=\"540\" \/>\n\t<meta property=\"og:image:type\" content=\"image\/png\" \/>\n<meta name=\"twitter:card\" content=\"summary_large_image\" \/>\n<script type=\"application\/ld+json\" class=\"yoast-schema-graph\">{\"@context\":\"https:\\\/\\\/schema.org\",\"@graph\":[{\"@type\":\"WebPage\",\"@id\":\"https:\\\/\\\/fr.twiza.org\\\/portail\\\/produit\\\/logiciel-phpp\\\/\",\"url\":\"https:\\\/\\\/fr.twiza.org\\\/portail\\\/produit\\\/logiciel-phpp\\\/\",\"name\":\"Logiciel PHPP : aide \u00e0 la conception \u00e9nerg\u00e9tique d'un b\u00e2timent | R\u00e9seau Twiza\",\"isPartOf\":{\"@id\":\"https:\\\/\\\/fr.twiza.org\\\/portail\\\/#website\"},\"primaryImageOfPage\":{\"@id\":\"https:\\\/\\\/fr.twiza.org\\\/portail\\\/produit\\\/logiciel-phpp\\\/#primaryimage\"},\"image\":{\"@id\":\"https:\\\/\\\/fr.twiza.org\\\/portail\\\/produit\\\/logiciel-phpp\\\/#primaryimage\"},\"thumbnailUrl\":\"https:\\\/\\\/fr.twiza.org\\\/portail\\\/wp-content\\\/uploads\\\/2026\\\/03\\\/Formation-PHPP-Bernard-Crozel-1.png\",\"datePublished\":\"2026-03-26T16:17:49+00:00\",\"dateModified\":\"2026-03-26T16:36:20+00:00\",\"description\":\"Formation PHPP : ma\u00eetrisez l'outil de r\u00e9f\u00e9rence mondiale pour concevoir des b\u00e2timents performants. 2 jours pour apprendre \u00e0 dimensionner, optimiser et chiffrer vos choix \u00e9nerg\u00e9tiques.\",\"breadcrumb\":{\"@id\":\"https:\\\/\\\/fr.twiza.org\\\/portail\\\/produit\\\/logiciel-phpp\\\/#breadcrumb\"},\"inLanguage\":\"fr-FR\",\"potentialAction\":[{\"@type\":\"ReadAction\",\"target\":[\"https:\\\/\\\/fr.twiza.org\\\/portail\\\/produit\\\/logiciel-phpp\\\/\"]}]},{\"@type\":\"ImageObject\",\"inLanguage\":\"fr-FR\",\"@id\":\"https:\\\/\\\/fr.twiza.org\\\/portail\\\/produit\\\/logiciel-phpp\\\/#primaryimage\",\"url\":\"https:\\\/\\\/fr.twiza.org\\\/portail\\\/wp-content\\\/uploads\\\/2026\\\/03\\\/Formation-PHPP-Bernard-Crozel-1.png\",\"contentUrl\":\"https:\\\/\\\/fr.twiza.org\\\/portail\\\/wp-content\\\/uploads\\\/2026\\\/03\\\/Formation-PHPP-Bernard-Crozel-1.png\",\"width\":960,\"height\":540},{\"@type\":\"BreadcrumbList\",\"@id\":\"https:\\\/\\\/fr.twiza.org\\\/portail\\\/produit\\\/logiciel-phpp\\\/#breadcrumb\",\"itemListElement\":[{\"@type\":\"ListItem\",\"position\":1,\"name\":\"Accueil\",\"item\":\"https:\\\/\\\/fr.twiza.org\\\/portail\\\/\"},{\"@type\":\"ListItem\",\"position\":2,\"name\":\"Boutique\",\"item\":\"https:\\\/\\\/fr.twiza.org\\\/portail\\\/boutique\\\/\"},{\"@type\":\"ListItem\",\"position\":3,\"name\":\"Logiciel PHPP : aide \u00e0 la conception \u00e9nerg\u00e9tique d&rsquo;un b\u00e2timent\"}]},{\"@type\":\"WebSite\",\"@id\":\"https:\\\/\\\/fr.twiza.org\\\/portail\\\/#website\",\"url\":\"https:\\\/\\\/fr.twiza.org\\\/portail\\\/\",\"name\":\"R\u00e9seau Twiza\",\"description\":\"Entraide pour un habitat \u00e9cologique, convivial et r\u00e9silient\",\"publisher\":{\"@id\":\"https:\\\/\\\/fr.twiza.org\\\/portail\\\/#organization\"},\"potentialAction\":[{\"@type\":\"SearchAction\",\"target\":{\"@type\":\"EntryPoint\",\"urlTemplate\":\"https:\\\/\\\/fr.twiza.org\\\/portail\\\/?s={search_term_string}\"},\"query-input\":{\"@type\":\"PropertyValueSpecification\",\"valueRequired\":true,\"valueName\":\"search_term_string\"}}],\"inLanguage\":\"fr-FR\"},{\"@type\":\"Organization\",\"@id\":\"https:\\\/\\\/fr.twiza.org\\\/portail\\\/#organization\",\"name\":\"R\u00e9seau Twiza\",\"url\":\"https:\\\/\\\/fr.twiza.org\\\/portail\\\/\",\"logo\":{\"@type\":\"ImageObject\",\"inLanguage\":\"fr-FR\",\"@id\":\"https:\\\/\\\/fr.twiza.org\\\/portail\\\/#\\\/schema\\\/logo\\\/image\\\/\",\"url\":\"https:\\\/\\\/fr.twiza.org\\\/portail\\\/wp-content\\\/uploads\\\/2021\\\/05\\\/cropped-logo-reseau-twiza.jpg\",\"contentUrl\":\"https:\\\/\\\/fr.twiza.org\\\/portail\\\/wp-content\\\/uploads\\\/2021\\\/05\\\/cropped-logo-reseau-twiza.jpg\",\"width\":400,\"height\":102,\"caption\":\"R\u00e9seau Twiza\"},\"image\":{\"@id\":\"https:\\\/\\\/fr.twiza.org\\\/portail\\\/#\\\/schema\\\/logo\\\/image\\\/\"},\"sameAs\":[\"https:\\\/\\\/fr-fr.facebook.com\\\/Twiza.fr\\\/\",\"https:\\\/\\\/www.instagram.com\\\/twiza_fr\\\/\",\"https:\\\/\\\/www.linkedin.com\\\/company\\\/reseautwiza\\\/\"]}]}<\/script>\n<!-- \/ Yoast SEO Premium plugin. -->","yoast_head_json":{"title":"Logiciel PHPP : aide \u00e0 la conception \u00e9nerg\u00e9tique d'un b\u00e2timent | R\u00e9seau Twiza","description":"Formation PHPP : ma\u00eetrisez l'outil de r\u00e9f\u00e9rence mondiale pour concevoir des b\u00e2timents performants. 2 jours pour apprendre \u00e0 dimensionner, optimiser et chiffrer vos choix \u00e9nerg\u00e9tiques.","robots":{"index":"index","follow":"follow","max-snippet":"max-snippet:-1","max-image-preview":"max-image-preview:large","max-video-preview":"max-video-preview:-1"},"canonical":"https:\/\/fr.twiza.org\/portail\/produit\/logiciel-phpp\/","og_locale":"fr_FR","og_type":"article","og_title":"Logiciel PHPP : aide \u00e0 la conception \u00e9nerg\u00e9tique d'un b\u00e2timent","og_description":"Formation PHPP : ma\u00eetrisez l'outil de r\u00e9f\u00e9rence mondiale pour concevoir des b\u00e2timents performants. 2 jours pour apprendre \u00e0 dimensionner, optimiser et chiffrer vos choix \u00e9nerg\u00e9tiques.","og_url":"https:\/\/fr.twiza.org\/portail\/produit\/logiciel-phpp\/","og_site_name":"R\u00e9seau Twiza","article_publisher":"https:\/\/fr-fr.facebook.com\/Twiza.fr\/","article_modified_time":"2026-03-26T16:36:20+00:00","og_image":[{"width":960,"height":540,"url":"https:\/\/fr.twiza.org\/portail\/wp-content\/uploads\/2026\/03\/Formation-PHPP-Bernard-Crozel-1.png","type":"image\/png"}],"twitter_card":"summary_large_image","schema":{"@context":"https:\/\/schema.org","@graph":[{"@type":"WebPage","@id":"https:\/\/fr.twiza.org\/portail\/produit\/logiciel-phpp\/","url":"https:\/\/fr.twiza.org\/portail\/produit\/logiciel-phpp\/","name":"Logiciel PHPP : aide \u00e0 la conception \u00e9nerg\u00e9tique d'un b\u00e2timent | R\u00e9seau Twiza","isPartOf":{"@id":"https:\/\/fr.twiza.org\/portail\/#website"},"primaryImageOfPage":{"@id":"https:\/\/fr.twiza.org\/portail\/produit\/logiciel-phpp\/#primaryimage"},"image":{"@id":"https:\/\/fr.twiza.org\/portail\/produit\/logiciel-phpp\/#primaryimage"},"thumbnailUrl":"https:\/\/fr.twiza.org\/portail\/wp-content\/uploads\/2026\/03\/Formation-PHPP-Bernard-Crozel-1.png","datePublished":"2026-03-26T16:17:49+00:00","dateModified":"2026-03-26T16:36:20+00:00","description":"Formation PHPP : ma\u00eetrisez l'outil de r\u00e9f\u00e9rence mondiale pour concevoir des b\u00e2timents performants. 2 jours pour apprendre \u00e0 dimensionner, optimiser et chiffrer vos choix \u00e9nerg\u00e9tiques.","breadcrumb":{"@id":"https:\/\/fr.twiza.org\/portail\/produit\/logiciel-phpp\/#breadcrumb"},"inLanguage":"fr-FR","potentialAction":[{"@type":"ReadAction","target":["https:\/\/fr.twiza.org\/portail\/produit\/logiciel-phpp\/"]}]},{"@type":"ImageObject","inLanguage":"fr-FR","@id":"https:\/\/fr.twiza.org\/portail\/produit\/logiciel-phpp\/#primaryimage","url":"https:\/\/fr.twiza.org\/portail\/wp-content\/uploads\/2026\/03\/Formation-PHPP-Bernard-Crozel-1.png","contentUrl":"https:\/\/fr.twiza.org\/portail\/wp-content\/uploads\/2026\/03\/Formation-PHPP-Bernard-Crozel-1.png","width":960,"height":540},{"@type":"BreadcrumbList","@id":"https:\/\/fr.twiza.org\/portail\/produit\/logiciel-phpp\/#breadcrumb","itemListElement":[{"@type":"ListItem","position":1,"name":"Accueil","item":"https:\/\/fr.twiza.org\/portail\/"},{"@type":"ListItem","position":2,"name":"Boutique","item":"https:\/\/fr.twiza.org\/portail\/boutique\/"},{"@type":"ListItem","position":3,"name":"Logiciel PHPP : aide \u00e0 la conception \u00e9nerg\u00e9tique d&rsquo;un b\u00e2timent"}]},{"@type":"WebSite","@id":"https:\/\/fr.twiza.org\/portail\/#website","url":"https:\/\/fr.twiza.org\/portail\/","name":"R\u00e9seau Twiza","description":"Entraide pour un habitat \u00e9cologique, convivial et r\u00e9silient","publisher":{"@id":"https:\/\/fr.twiza.org\/portail\/#organization"},"potentialAction":[{"@type":"SearchAction","target":{"@type":"EntryPoint","urlTemplate":"https:\/\/fr.twiza.org\/portail\/?s={search_term_string}"},"query-input":{"@type":"PropertyValueSpecification","valueRequired":true,"valueName":"search_term_string"}}],"inLanguage":"fr-FR"},{"@type":"Organization","@id":"https:\/\/fr.twiza.org\/portail\/#organization","name":"R\u00e9seau Twiza","url":"https:\/\/fr.twiza.org\/portail\/","logo":{"@type":"ImageObject","inLanguage":"fr-FR","@id":"https:\/\/fr.twiza.org\/portail\/#\/schema\/logo\/image\/","url":"https:\/\/fr.twiza.org\/portail\/wp-content\/uploads\/2021\/05\/cropped-logo-reseau-twiza.jpg","contentUrl":"https:\/\/fr.twiza.org\/portail\/wp-content\/uploads\/2021\/05\/cropped-logo-reseau-twiza.jpg","width":400,"height":102,"caption":"R\u00e9seau Twiza"},"image":{"@id":"https:\/\/fr.twiza.org\/portail\/#\/schema\/logo\/image\/"},"sameAs":["https:\/\/fr-fr.facebook.com\/Twiza.fr\/","https:\/\/www.instagram.com\/twiza_fr\/","https:\/\/www.linkedin.com\/company\/reseautwiza\/"]}]}},"jetpack_sharing_enabled":true,"_links":{"self":[{"href":"https:\/\/fr.twiza.org\/portail\/wp-json\/wp\/v2\/product\/14253","targetHints":{"allow":["GET"]}}],"collection":[{"href":"https:\/\/fr.twiza.org\/portail\/wp-json\/wp\/v2\/product"}],"about":[{"href":"https:\/\/fr.twiza.org\/portail\/wp-json\/wp\/v2\/types\/product"}],"wp:featuredmedia":[{"embeddable":true,"href":"https:\/\/fr.twiza.org\/portail\/wp-json\/wp\/v2\/media\/14239"}],"wp:attachment":[{"href":"https:\/\/fr.twiza.org\/portail\/wp-json\/wp\/v2\/media?parent=14253"}],"wp:term":[{"taxonomy":"product_brand","embeddable":true,"href":"https:\/\/fr.twiza.org\/portail\/wp-json\/wp\/v2\/product_brand?post=14253"},{"taxonomy":"product_cat","embeddable":true,"href":"https:\/\/fr.twiza.org\/portail\/wp-json\/wp\/v2\/product_cat?post=14253"},{"taxonomy":"product_tag","embeddable":true,"href":"https:\/\/fr.twiza.org\/portail\/wp-json\/wp\/v2\/product_tag?post=14253"}],"curies":[{"name":"wp","href":"https:\/\/api.w.org\/{rel}","templated":true}]}}